{"id":1348,"date":"2017-06-10T09:36:40","date_gmt":"2017-06-10T07:36:40","guid":{"rendered":"http:\/\/cpl14.fr\/?page_id=1348"},"modified":"2020-03-25T05:13:59","modified_gmt":"2020-03-25T04:13:59","slug":"les-encriers-ste-therese","status":"publish","type":"page","link":"https:\/\/cpl14.fr\/?page_id=1348","title":{"rendered":"Les encriers Ste Th\u00e9r\u00e9se"},"content":{"rendered":"<p>Les encriers: nous avons ici recens\u00e9 11 mod\u00e8les, de facture assez proche, et de m\u00eame \u00e9poque.<br \/>\nFabrication fran\u00e7aise en r\u00e9gule ou alliages divers genre cupro-nickel. Certains marqu\u00e9s MADE IN FRANCE, parfois avec num\u00e9ros de r\u00e9f\u00e9rence.<br \/>\nNul doute qu&rsquo;il doit exister d&rsquo;autres mod\u00e8les.<br \/>\nIls sont le plus souvent au mod\u00e8le BASILIQUE, et parfois THERESE. Le petit nombre connu ne permet pas de statistique fiable.<\/p>\n<p><img loading=\"lazy\" decoding=\"async\" class=\"aligncenter size-large wp-image-1349\" src=\"http:\/\/cpl14.fr\/wp-content\/uploads\/2017\/06\/les-encriers-1024x532.jpg\" alt=\"\" width=\"1024\" height=\"532\" srcset=\"https:\/\/cpl14.fr\/wp-content\/uploads\/2017\/06\/les-encriers-1024x532.jpg 1024w, https:\/\/cpl14.fr\/wp-content\/uploads\/2017\/06\/les-encriers-300x156.jpg 300w, https:\/\/cpl14.fr\/wp-content\/uploads\/2017\/06\/les-encriers-768x399.jpg 768w, https:\/\/cpl14.fr\/wp-content\/uploads\/2017\/06\/les-encriers.jpg 1200w\" sizes=\"auto, (max-width: 1024px) 100vw, 1024px\" \/><\/p>\n<p>Un gros plan d\u00e9taill\u00e9:<\/p>\n<p><img loading=\"lazy\" decoding=\"async\" class=\"aligncenter size-large wp-image-261\" src=\"http:\/\/cpl14.fr\/wp-content\/uploads\/2017\/05\/encrier-ste-therese-1024x768.jpg\" alt=\"\" width=\"1024\" height=\"768\" srcset=\"https:\/\/cpl14.fr\/wp-content\/uploads\/2017\/05\/encrier-ste-therese-1024x768.jpg 1024w, https:\/\/cpl14.fr\/wp-content\/uploads\/2017\/05\/encrier-ste-therese-300x225.jpg 300w, https:\/\/cpl14.fr\/wp-content\/uploads\/2017\/05\/encrier-ste-therese-768x576.jpg 768w, https:\/\/cpl14.fr\/wp-content\/uploads\/2017\/05\/encrier-ste-therese-678x509.jpg 678w, https:\/\/cpl14.fr\/wp-content\/uploads\/2017\/05\/encrier-ste-therese-326x245.jpg 326w, https:\/\/cpl14.fr\/wp-content\/uploads\/2017\/05\/encrier-ste-therese-80x60.jpg 80w\" sizes=\"auto, (max-width: 1024px) 100vw, 1024px\" \/><\/p>\n<p>Encrier en alliage type r\u00e9gule repr\u00e9sentant la Basilique\u00a0 (21x9cm, h.9cm) . Sur le devant de la basilique est \u00e9crit :\u00a0STE TH\u00c9R\u00c8SE DE LISIEUX . LA BASILIQUE<br \/>\nLes 2 couvercles des encriers, sous-verre d&rsquo;une image\u00a0 photographique:<br \/>\n. A gauche le Carmel<br \/>\n. A droite Grande Rue (actuelle Henri Cheron)<br \/>\nAu-dessous, dans la fonte une r\u00e9f\u00e9rence de fabrication PC 506 ?<\/p>\n<p>&nbsp;<\/p>\n<p>Voici un 12e mod\u00e8le \u00ab\u00a0\u00e0 la basilique\u00a0\u00bb: en r\u00e9gule de fabrication proche d&rsquo;un d\u00e9j\u00e0 pr\u00e9sent\u00e9, celui-ci est sign\u00e9 sur le plat au verso .\u00a0 A.Ouvet, non connu comme artiste, est suppos\u00e9 \u00eatre le fabricant-fondeur ? Plusieurs encriers sont vus sur Internet, chat, p\u00eacheur etc. Sont connues aussi des statuettes de Jeanne d&rsquo;Arc signature identique \u00e0 celle que nous reproduisons.<\/p>\n<p><img loading=\"lazy\" decoding=\"async\" class=\"aligncenter size-full wp-image-2129\" src=\"http:\/\/cpl14.fr\/wp-content\/uploads\/2017\/06\/encrier-ste-therese-2.jpg\" alt=\"\" width=\"900\" height=\"675\" srcset=\"https:\/\/cpl14.fr\/wp-content\/uploads\/2017\/06\/encrier-ste-therese-2.jpg 900w, https:\/\/cpl14.fr\/wp-content\/uploads\/2017\/06\/encrier-ste-therese-2-300x225.jpg 300w, https:\/\/cpl14.fr\/wp-content\/uploads\/2017\/06\/encrier-ste-therese-2-768x576.jpg 768w, https:\/\/cpl14.fr\/wp-content\/uploads\/2017\/06\/encrier-ste-therese-2-678x509.jpg 678w, https:\/\/cpl14.fr\/wp-content\/uploads\/2017\/06\/encrier-ste-therese-2-326x245.jpg 326w, https:\/\/cpl14.fr\/wp-content\/uploads\/2017\/06\/encrier-ste-therese-2-80x60.jpg 80w\" sizes=\"auto, (max-width: 900px) 100vw, 900px\" \/><\/p>\n<p><img loading=\"lazy\" decoding=\"async\" class=\"aligncenter size-large wp-image-2130\" src=\"http:\/\/cpl14.fr\/wp-content\/uploads\/2017\/06\/encrier-ste-therese-3.jpg\" alt=\"\" width=\"700\" height=\"420\" srcset=\"https:\/\/cpl14.fr\/wp-content\/uploads\/2017\/06\/encrier-ste-therese-3.jpg 700w, https:\/\/cpl14.fr\/wp-content\/uploads\/2017\/06\/encrier-ste-therese-3-300x180.jpg 300w\" sizes=\"auto, (max-width: 700px) 100vw, 700px\" \/><\/p>\n<p>&nbsp;<\/p>\n<p style=\"text-align: right;\"><a href=\"http:\/\/cpl14.fr\/?p=259\">retour \u00e0 l&rsquo;article Ste Th\u00e9r\u00e9se<\/a><\/p>\n","protected":false},"excerpt":{"rendered":"<div class=\"mh-excerpt\"><p>Les encriers: nous avons ici recens\u00e9 11 mod\u00e8les, de facture assez proche, et de m\u00eame \u00e9poque. Fabrication fran\u00e7aise en r\u00e9gule ou alliages divers genre cupro-nickel. <a class=\"mh-excerpt-more\" href=\"https:\/\/cpl14.fr\/?page_id=1348\" title=\"Les encriers Ste Th\u00e9r\u00e9se\">[&#8230;]<\/a><\/p>\n<\/div>","protected":false},"author":1,"featured_media":261,"parent":0,"menu_order":0,"comment_status":"closed","ping_status":"closed","template":"","meta":{"footnotes":""},"class_list":["post-1348","page","type-page","status-publish","has-post-thumbnail","hentry"],"_links":{"self":[{"href":"https:\/\/cpl14.fr\/index.php?rest_route=\/wp\/v2\/pages\/1348","targetHints":{"allow":["GET"]}}],"collection":[{"href":"https:\/\/cpl14.fr\/index.php?rest_route=\/wp\/v2\/pages"}],"about":[{"href":"https:\/\/cpl14.fr\/index.php?rest_route=\/wp\/v2\/types\/page"}],"author":[{"embeddable":true,"href":"https:\/\/cpl14.fr\/index.php?rest_route=\/wp\/v2\/users\/1"}],"replies":[{"embeddable":true,"href":"https:\/\/cpl14.fr\/index.php?rest_route=%2Fwp%2Fv2%2Fcomments&post=1348"}],"version-history":[{"count":6,"href":"https:\/\/cpl14.fr\/index.php?rest_route=\/wp\/v2\/pages\/1348\/revisions"}],"predecessor-version":[{"id":6365,"href":"https:\/\/cpl14.fr\/index.php?rest_route=\/wp\/v2\/pages\/1348\/revisions\/6365"}],"wp:featuredmedia":[{"embeddable":true,"href":"https:\/\/cpl14.fr\/index.php?rest_route=\/wp\/v2\/media\/261"}],"wp:attachment":[{"href":"https:\/\/cpl14.fr\/index.php?rest_route=%2Fwp%2Fv2%2Fmedia&parent=1348"}],"curies":[{"name":"wp","href":"https:\/\/api.w.org\/{rel}","templated":true}]}}