{"id":1363,"date":"2017-06-10T09:58:37","date_gmt":"2017-06-10T07:58:37","guid":{"rendered":"http:\/\/cpl14.fr\/?page_id=1363"},"modified":"2020-03-25T05:12:14","modified_gmt":"2020-03-25T04:12:14","slug":"1363-2","status":"publish","type":"page","link":"https:\/\/cpl14.fr\/?page_id=1363","title":{"rendered":"Les B\u00e9nitiers Ste Th\u00e9r\u00e9se"},"content":{"rendered":"<p>Cette fabrication est vari\u00e9e, sur support de bois ou de m\u00e9tal, de marbre ou de pierre dure,\u00a0 on trouve des b\u00e9nitiers \u00e0 image chromo :<\/p>\n<p><img loading=\"lazy\" decoding=\"async\" class=\"aligncenter size-large wp-image-1364\" src=\"http:\/\/cpl14.fr\/wp-content\/uploads\/2017\/06\/benitiers-768x1024.jpg\" alt=\"\" width=\"768\" height=\"1024\" srcset=\"https:\/\/cpl14.fr\/wp-content\/uploads\/2017\/06\/benitiers-768x1024.jpg 768w, https:\/\/cpl14.fr\/wp-content\/uploads\/2017\/06\/benitiers-225x300.jpg 225w, https:\/\/cpl14.fr\/wp-content\/uploads\/2017\/06\/benitiers.jpg 900w\" sizes=\"auto, (max-width: 768px) 100vw, 768px\" \/><\/p>\n<p>La majorit\u00e9 cependant est avec m\u00e9daille de Th\u00e9r\u00e8se.<br \/>\nDans des dimensions tr\u00e8s vari\u00e9es, les m\u00e9dailles sont assez souvent \u00e0 texte espagnol (du fait de nombreux p\u00e8lerins en lien avec Th\u00e9r\u00e8se d&rsquo;Avila)<\/p>\n<p><img loading=\"lazy\" decoding=\"async\" class=\"aligncenter size-large wp-image-1369\" src=\"http:\/\/cpl14.fr\/wp-content\/uploads\/2017\/06\/benitiers-2-1024x768.jpg\" alt=\"\" width=\"1024\" height=\"768\" srcset=\"https:\/\/cpl14.fr\/wp-content\/uploads\/2017\/06\/benitiers-2-1024x768.jpg 1024w, https:\/\/cpl14.fr\/wp-content\/uploads\/2017\/06\/benitiers-2-300x225.jpg 300w, https:\/\/cpl14.fr\/wp-content\/uploads\/2017\/06\/benitiers-2-768x576.jpg 768w, https:\/\/cpl14.fr\/wp-content\/uploads\/2017\/06\/benitiers-2-678x509.jpg 678w, https:\/\/cpl14.fr\/wp-content\/uploads\/2017\/06\/benitiers-2-326x245.jpg 326w, https:\/\/cpl14.fr\/wp-content\/uploads\/2017\/06\/benitiers-2-80x60.jpg 80w, https:\/\/cpl14.fr\/wp-content\/uploads\/2017\/06\/benitiers-2.jpg 1200w\" sizes=\"auto, (max-width: 1024px) 100vw, 1024px\" \/><\/p>\n<p>La plupart des m\u00e9dailles, de bronze ou bronze argent\u00e9, sont sign\u00e9es de J.M.BERNARD et plus rarement de O.RUFFONY sculpteur connu du d\u00e9but du XXE si\u00e8cle. Leur relief et leur qualit\u00e9 sont \u00e0 remarquer !<\/p>\n<p><img loading=\"lazy\" decoding=\"async\" class=\"aligncenter size-large wp-image-1370\" src=\"http:\/\/cpl14.fr\/wp-content\/uploads\/2017\/06\/benitiers-3-768x1024.jpg\" alt=\"\" width=\"768\" height=\"1024\" srcset=\"https:\/\/cpl14.fr\/wp-content\/uploads\/2017\/06\/benitiers-3-768x1024.jpg 768w, https:\/\/cpl14.fr\/wp-content\/uploads\/2017\/06\/benitiers-3-225x300.jpg 225w, https:\/\/cpl14.fr\/wp-content\/uploads\/2017\/06\/benitiers-3.jpg 900w\" sizes=\"auto, (max-width: 768px) 100vw, 768px\" \/><\/p>\n<p>Ci-dessous, un mod\u00e8le sign\u00e9 de RUFFONY:<\/p>\n<p><img loading=\"lazy\" decoding=\"async\" class=\"aligncenter size-full wp-image-1371\" src=\"http:\/\/cpl14.fr\/wp-content\/uploads\/2017\/06\/benitiers-4.jpg\" alt=\"\" width=\"900\" height=\"675\" srcset=\"https:\/\/cpl14.fr\/wp-content\/uploads\/2017\/06\/benitiers-4.jpg 900w, https:\/\/cpl14.fr\/wp-content\/uploads\/2017\/06\/benitiers-4-300x225.jpg 300w, https:\/\/cpl14.fr\/wp-content\/uploads\/2017\/06\/benitiers-4-768x576.jpg 768w, https:\/\/cpl14.fr\/wp-content\/uploads\/2017\/06\/benitiers-4-678x509.jpg 678w, https:\/\/cpl14.fr\/wp-content\/uploads\/2017\/06\/benitiers-4-326x245.jpg 326w, https:\/\/cpl14.fr\/wp-content\/uploads\/2017\/06\/benitiers-4-80x60.jpg 80w\" sizes=\"auto, (max-width: 900px) 100vw, 900px\" \/><\/p>\n<p>Vue g\u00e9n\u00e9rale d&rsquo;\u00e9chelle : ceci est un \u00e9chantillonnage des possibilit\u00e9s, les b\u00e9nitiers \u00e9tant, apr\u00e8s l&rsquo;imagerie le domaine le plus exploit\u00e9.<br \/>\nLes collectionneurs seront attentifs \u00e0 ne conserver que des objets en bon \u00e9tat, en surveillant les \u00ab\u00a0remontages\u00a0\u00bb ou r\u00e9parations de camouflage!<br \/>\nLes m\u00e9dailles peuvent aussi se trouver seules, la plupart provenant de ces b\u00e9nitiers, on ne n\u00e9gligera pas les plus belles : il peut aussi y en avoir en argent.<br \/>\nDerniers d\u00e9tail : les m\u00e9dailles de b\u00e9nitiers sont le plus souvent\u00a0 en applique, donc creuses. Seules celles qui sont vraiment des m\u00e9dailles comme la RUFFONY montr\u00e9e en gros plan m\u00e9ritent d&rsquo;\u00eatre conserv\u00e9e \u00ab\u00a0d\u00e9tach\u00e9es \u00a0\u00bb comme disent les philat\u00e9listes.<\/p>\n<p><img loading=\"lazy\" decoding=\"async\" class=\"aligncenter size-large wp-image-1372\" src=\"http:\/\/cpl14.fr\/wp-content\/uploads\/2017\/06\/benitiers-5-1024x604.jpg\" alt=\"\" width=\"1024\" height=\"604\" srcset=\"https:\/\/cpl14.fr\/wp-content\/uploads\/2017\/06\/benitiers-5-1024x604.jpg 1024w, https:\/\/cpl14.fr\/wp-content\/uploads\/2017\/06\/benitiers-5-300x177.jpg 300w, https:\/\/cpl14.fr\/wp-content\/uploads\/2017\/06\/benitiers-5-768x453.jpg 768w, https:\/\/cpl14.fr\/wp-content\/uploads\/2017\/06\/benitiers-5.jpg 1200w\" sizes=\"auto, (max-width: 1024px) 100vw, 1024px\" \/><\/p>\n<p>&nbsp;<\/p>\n<p style=\"text-align: right;\"><a href=\"http:\/\/cpl14.fr\/?p=259\">retour \u00e0 l&rsquo;article Ste Th\u00e9r\u00e9se<\/a><\/p>\n","protected":false},"excerpt":{"rendered":"<div class=\"mh-excerpt\"><p>Cette fabrication est vari\u00e9e, sur support de bois ou de m\u00e9tal, de marbre ou de pierre dure,\u00a0 on trouve des b\u00e9nitiers \u00e0 image chromo : <a class=\"mh-excerpt-more\" href=\"https:\/\/cpl14.fr\/?page_id=1363\" title=\"Les B\u00e9nitiers Ste Th\u00e9r\u00e9se\">[&#8230;]<\/a><\/p>\n<\/div>","protected":false},"author":1,"featured_media":0,"parent":0,"menu_order":0,"comment_status":"closed","ping_status":"closed","template":"","meta":{"footnotes":""},"class_list":["post-1363","page","type-page","status-publish","hentry"],"_links":{"self":[{"href":"https:\/\/cpl14.fr\/index.php?rest_route=\/wp\/v2\/pages\/1363","targetHints":{"allow":["GET"]}}],"collection":[{"href":"https:\/\/cpl14.fr\/index.php?rest_route=\/wp\/v2\/pages"}],"about":[{"href":"https:\/\/cpl14.fr\/index.php?rest_route=\/wp\/v2\/types\/page"}],"author":[{"embeddable":true,"href":"https:\/\/cpl14.fr\/index.php?rest_route=\/wp\/v2\/users\/1"}],"replies":[{"embeddable":true,"href":"https:\/\/cpl14.fr\/index.php?rest_route=%2Fwp%2Fv2%2Fcomments&post=1363"}],"version-history":[{"count":6,"href":"https:\/\/cpl14.fr\/index.php?rest_route=\/wp\/v2\/pages\/1363\/revisions"}],"predecessor-version":[{"id":6363,"href":"https:\/\/cpl14.fr\/index.php?rest_route=\/wp\/v2\/pages\/1363\/revisions\/6363"}],"wp:attachment":[{"href":"https:\/\/cpl14.fr\/index.php?rest_route=%2Fwp%2Fv2%2Fmedia&parent=1363"}],"curies":[{"name":"wp","href":"https:\/\/api.w.org\/{rel}","templated":true}]}}