{"id":2891,"date":"2017-11-14T10:33:13","date_gmt":"2017-11-14T09:33:13","guid":{"rendered":"http:\/\/cpl14.fr\/?page_id=2891"},"modified":"2017-11-14T10:33:13","modified_gmt":"2017-11-14T09:33:13","slug":"1849-4","status":"publish","type":"page","link":"https:\/\/cpl14.fr\/?page_id=2891","title":{"rendered":"1849.4"},"content":{"rendered":"<p><img loading=\"lazy\" decoding=\"async\" class=\"aligncenter size-full wp-image-2892\" src=\"http:\/\/cpl14.fr\/wp-content\/uploads\/2017\/11\/20171109_102153.jpg\" alt=\"\" width=\"900\" height=\"569\" srcset=\"https:\/\/cpl14.fr\/wp-content\/uploads\/2017\/11\/20171109_102153.jpg 900w, https:\/\/cpl14.fr\/wp-content\/uploads\/2017\/11\/20171109_102153-300x190.jpg 300w, https:\/\/cpl14.fr\/wp-content\/uploads\/2017\/11\/20171109_102153-768x486.jpg 768w\" sizes=\"auto, (max-width: 900px) 100vw, 900px\" \/><\/p>\n<p>La lettre pr\u00e9sent\u00e9e ici est affranchie d&rsquo;un 20c noir oblit\u00e9r\u00e9 du tad type 15 de Lisieux du 13 janvier 1849.<\/p>\n<p>Toutes les dates de janvier 1849 sont int\u00e9ressantes.<\/p>\n<p>Notez que les 7.14.21.28 sont des dimanches, ouvr\u00e9s \u00e0 cette \u00e9poque.<\/p>\n<p>Pour l&rsquo;oblit\u00e9ration GRILLE le premier jour connu sera Caen le 14 janvier .<\/p>\n<p>Collection H.M. Deauville<\/p>\n<p>&nbsp;<\/p>\n","protected":false},"excerpt":{"rendered":"<div class=\"mh-excerpt\"><p>La lettre pr\u00e9sent\u00e9e ici est affranchie d&rsquo;un 20c noir oblit\u00e9r\u00e9 du tad type 15 de Lisieux du 13 janvier 1849. Toutes les dates de janvier <a class=\"mh-excerpt-more\" href=\"https:\/\/cpl14.fr\/?page_id=2891\" title=\"1849.4\">[&#8230;]<\/a><\/p>\n<\/div>","protected":false},"author":1,"featured_media":0,"parent":0,"menu_order":0,"comment_status":"closed","ping_status":"closed","template":"","meta":{"footnotes":""},"class_list":["post-2891","page","type-page","status-publish","hentry"],"_links":{"self":[{"href":"https:\/\/cpl14.fr\/index.php?rest_route=\/wp\/v2\/pages\/2891","targetHints":{"allow":["GET"]}}],"collection":[{"href":"https:\/\/cpl14.fr\/index.php?rest_route=\/wp\/v2\/pages"}],"about":[{"href":"https:\/\/cpl14.fr\/index.php?rest_route=\/wp\/v2\/types\/page"}],"author":[{"embeddable":true,"href":"https:\/\/cpl14.fr\/index.php?rest_route=\/wp\/v2\/users\/1"}],"replies":[{"embeddable":true,"href":"https:\/\/cpl14.fr\/index.php?rest_route=%2Fwp%2Fv2%2Fcomments&post=2891"}],"version-history":[{"count":1,"href":"https:\/\/cpl14.fr\/index.php?rest_route=\/wp\/v2\/pages\/2891\/revisions"}],"predecessor-version":[{"id":2893,"href":"https:\/\/cpl14.fr\/index.php?rest_route=\/wp\/v2\/pages\/2891\/revisions\/2893"}],"wp:attachment":[{"href":"https:\/\/cpl14.fr\/index.php?rest_route=%2Fwp%2Fv2%2Fmedia&parent=2891"}],"curies":[{"name":"wp","href":"https:\/\/api.w.org\/{rel}","templated":true}]}}