{"id":4714,"date":"2019-01-04T15:56:46","date_gmt":"2019-01-04T14:56:46","guid":{"rendered":"http:\/\/cpl14.fr\/?page_id=4714"},"modified":"2019-01-04T15:56:46","modified_gmt":"2019-01-04T14:56:46","slug":"1888-c1","status":"publish","type":"page","link":"https:\/\/cpl14.fr\/?page_id=4714","title":{"rendered":"1888.c1"},"content":{"rendered":"<div>De la m\u00eame s\u00e9rie un almanach avec belle couverture all\u00e9gorique de l&rsquo;abondance avec les lettres sortant de la corne.<\/div>\n<div>Une publicit\u00e9 LIEBIG au verso.<\/div>\n<div style=\"text-align: center;\"><\/div>\n<div><img loading=\"lazy\" decoding=\"async\" class=\"alignnone size-full wp-image-4716 aligncenter\" src=\"http:\/\/cpl14.fr\/wp-content\/uploads\/2019\/01\/1-5.jpg\" alt=\"\" width=\"448\" height=\"700\" srcset=\"https:\/\/cpl14.fr\/wp-content\/uploads\/2019\/01\/1-5.jpg 448w, https:\/\/cpl14.fr\/wp-content\/uploads\/2019\/01\/1-5-192x300.jpg 192w\" sizes=\"auto, (max-width: 448px) 100vw, 448px\" \/><\/div>\n<div><\/div>\n<div><img loading=\"lazy\" decoding=\"async\" class=\"alignnone size-full wp-image-4717 aligncenter\" src=\"http:\/\/cpl14.fr\/wp-content\/uploads\/2019\/01\/2-4.jpg\" alt=\"\" width=\"846\" height=\"700\" srcset=\"https:\/\/cpl14.fr\/wp-content\/uploads\/2019\/01\/2-4.jpg 846w, https:\/\/cpl14.fr\/wp-content\/uploads\/2019\/01\/2-4-300x248.jpg 300w, https:\/\/cpl14.fr\/wp-content\/uploads\/2019\/01\/2-4-768x635.jpg 768w\" sizes=\"auto, (max-width: 846px) 100vw, 846px\" \/><\/div>\n<div><\/div>\n<div><img loading=\"lazy\" decoding=\"async\" class=\"size-full wp-image-4718 aligncenter\" src=\"http:\/\/cpl14.fr\/wp-content\/uploads\/2019\/01\/3-3.jpg\" alt=\"\" width=\"700\" height=\"904\" srcset=\"https:\/\/cpl14.fr\/wp-content\/uploads\/2019\/01\/3-3.jpg 700w, https:\/\/cpl14.fr\/wp-content\/uploads\/2019\/01\/3-3-232x300.jpg 232w\" sizes=\"auto, (max-width: 700px) 100vw, 700px\" \/><\/div>\n","protected":false},"excerpt":{"rendered":"<div class=\"mh-excerpt\"><p>De la m\u00eame s\u00e9rie un almanach avec belle couverture all\u00e9gorique de l&rsquo;abondance avec les lettres sortant de la corne. Une publicit\u00e9 LIEBIG au verso.<\/p>\n<\/div>","protected":false},"author":1,"featured_media":0,"parent":0,"menu_order":0,"comment_status":"closed","ping_status":"closed","template":"","meta":{"footnotes":""},"class_list":["post-4714","page","type-page","status-publish","hentry"],"_links":{"self":[{"href":"https:\/\/cpl14.fr\/index.php?rest_route=\/wp\/v2\/pages\/4714","targetHints":{"allow":["GET"]}}],"collection":[{"href":"https:\/\/cpl14.fr\/index.php?rest_route=\/wp\/v2\/pages"}],"about":[{"href":"https:\/\/cpl14.fr\/index.php?rest_route=\/wp\/v2\/types\/page"}],"author":[{"embeddable":true,"href":"https:\/\/cpl14.fr\/index.php?rest_route=\/wp\/v2\/users\/1"}],"replies":[{"embeddable":true,"href":"https:\/\/cpl14.fr\/index.php?rest_route=%2Fwp%2Fv2%2Fcomments&post=4714"}],"version-history":[{"count":1,"href":"https:\/\/cpl14.fr\/index.php?rest_route=\/wp\/v2\/pages\/4714\/revisions"}],"predecessor-version":[{"id":4719,"href":"https:\/\/cpl14.fr\/index.php?rest_route=\/wp\/v2\/pages\/4714\/revisions\/4719"}],"wp:attachment":[{"href":"https:\/\/cpl14.fr\/index.php?rest_route=%2Fwp%2Fv2%2Fmedia&parent=4714"}],"curies":[{"name":"wp","href":"https:\/\/api.w.org\/{rel}","templated":true}]}}