{"id":4742,"date":"2019-01-04T18:48:47","date_gmt":"2019-01-04T17:48:47","guid":{"rendered":"http:\/\/cpl14.fr\/?page_id=4742"},"modified":"2019-01-04T18:48:47","modified_gmt":"2019-01-04T17:48:47","slug":"1906-c1","status":"publish","type":"page","link":"https:\/\/cpl14.fr\/?page_id=4742","title":{"rendered":"1906.c1"},"content":{"rendered":"<div>Encore une magnifique chromolithographie pour ce mod\u00e8le de la m\u00eame s\u00e9rie austro-allemande, accompagn\u00e9 de belle publicit\u00e9 style art nouveau typique de l&rsquo;\u00e9cole autrichienne.<\/div>\n<div>Calendrier int\u00e9rieur et autres publicit\u00e9s.<\/div>\n<div style=\"text-align: center;\"><\/div>\n<div style=\"text-align: center;\"><img loading=\"lazy\" decoding=\"async\" class=\"alignnone size-full wp-image-4743\" src=\"http:\/\/cpl14.fr\/wp-content\/uploads\/2019\/01\/1-10.jpg\" alt=\"\" width=\"819\" height=\"700\" srcset=\"https:\/\/cpl14.fr\/wp-content\/uploads\/2019\/01\/1-10.jpg 819w, https:\/\/cpl14.fr\/wp-content\/uploads\/2019\/01\/1-10-300x256.jpg 300w, https:\/\/cpl14.fr\/wp-content\/uploads\/2019\/01\/1-10-768x656.jpg 768w\" sizes=\"auto, (max-width: 819px) 100vw, 819px\" \/><\/div>\n<div><\/div>\n<div style=\"text-align: center;\"><img loading=\"lazy\" decoding=\"async\" class=\"alignnone size-full wp-image-4744\" src=\"http:\/\/cpl14.fr\/wp-content\/uploads\/2019\/01\/2-7.jpg\" alt=\"\" width=\"700\" height=\"840\" srcset=\"https:\/\/cpl14.fr\/wp-content\/uploads\/2019\/01\/2-7.jpg 700w, https:\/\/cpl14.fr\/wp-content\/uploads\/2019\/01\/2-7-250x300.jpg 250w\" sizes=\"auto, (max-width: 700px) 100vw, 700px\" \/><\/div>\n<div><\/div>\n<div style=\"text-align: center;\"><img loading=\"lazy\" decoding=\"async\" class=\"alignnone size-full wp-image-4745\" src=\"http:\/\/cpl14.fr\/wp-content\/uploads\/2019\/01\/3-6.jpg\" alt=\"\" width=\"823\" height=\"700\" srcset=\"https:\/\/cpl14.fr\/wp-content\/uploads\/2019\/01\/3-6.jpg 823w, https:\/\/cpl14.fr\/wp-content\/uploads\/2019\/01\/3-6-300x255.jpg 300w, https:\/\/cpl14.fr\/wp-content\/uploads\/2019\/01\/3-6-768x653.jpg 768w\" sizes=\"auto, (max-width: 823px) 100vw, 823px\" \/><\/div>\n<div><\/div>\n<div style=\"text-align: center;\"><img loading=\"lazy\" decoding=\"async\" class=\"alignnone size-full wp-image-4746\" src=\"http:\/\/cpl14.fr\/wp-content\/uploads\/2019\/01\/4-6.jpg\" alt=\"\" width=\"818\" height=\"700\" srcset=\"https:\/\/cpl14.fr\/wp-content\/uploads\/2019\/01\/4-6.jpg 818w, https:\/\/cpl14.fr\/wp-content\/uploads\/2019\/01\/4-6-300x257.jpg 300w, https:\/\/cpl14.fr\/wp-content\/uploads\/2019\/01\/4-6-768x657.jpg 768w\" sizes=\"auto, (max-width: 818px) 100vw, 818px\" \/><\/div>\n<div><\/div>\n","protected":false},"excerpt":{"rendered":"<div class=\"mh-excerpt\"><p>Encore une magnifique chromolithographie pour ce mod\u00e8le de la m\u00eame s\u00e9rie austro-allemande, accompagn\u00e9 de belle publicit\u00e9 style art nouveau typique de l&rsquo;\u00e9cole autrichienne. Calendrier int\u00e9rieur <a class=\"mh-excerpt-more\" href=\"https:\/\/cpl14.fr\/?page_id=4742\" title=\"1906.c1\">[&#8230;]<\/a><\/p>\n<\/div>","protected":false},"author":1,"featured_media":0,"parent":0,"menu_order":0,"comment_status":"closed","ping_status":"closed","template":"","meta":{"footnotes":""},"class_list":["post-4742","page","type-page","status-publish","hentry"],"_links":{"self":[{"href":"https:\/\/cpl14.fr\/index.php?rest_route=\/wp\/v2\/pages\/4742","targetHints":{"allow":["GET"]}}],"collection":[{"href":"https:\/\/cpl14.fr\/index.php?rest_route=\/wp\/v2\/pages"}],"about":[{"href":"https:\/\/cpl14.fr\/index.php?rest_route=\/wp\/v2\/types\/page"}],"author":[{"embeddable":true,"href":"https:\/\/cpl14.fr\/index.php?rest_route=\/wp\/v2\/users\/1"}],"replies":[{"embeddable":true,"href":"https:\/\/cpl14.fr\/index.php?rest_route=%2Fwp%2Fv2%2Fcomments&post=4742"}],"version-history":[{"count":1,"href":"https:\/\/cpl14.fr\/index.php?rest_route=\/wp\/v2\/pages\/4742\/revisions"}],"predecessor-version":[{"id":4747,"href":"https:\/\/cpl14.fr\/index.php?rest_route=\/wp\/v2\/pages\/4742\/revisions\/4747"}],"wp:attachment":[{"href":"https:\/\/cpl14.fr\/index.php?rest_route=%2Fwp%2Fv2%2Fmedia&parent=4742"}],"curies":[{"name":"wp","href":"https:\/\/api.w.org\/{rel}","templated":true}]}}