{"id":49,"date":"2017-05-18T15:19:10","date_gmt":"2017-05-18T13:19:10","guid":{"rendered":"http:\/\/cpl14.fr\/?page_id=49"},"modified":"2025-08-27T09:57:14","modified_gmt":"2025-08-27T07:57:14","slug":"liens","status":"publish","type":"page","link":"https:\/\/cpl14.fr\/?page_id=49","title":{"rendered":"Liens"},"content":{"rendered":"<p>cliquez sur le lien en rouge pour acc\u00e9der directement au site concern\u00e9<\/p>\n<p><em>(Astuce sur un PC: pour ne pas nous quitter, faite un clic avec le bouton de droite: -ouvrir le lien dans un nouvel onglet)<\/em><\/p>\n<h4><strong><em>Les organismes officiels<\/em><\/strong><\/h4>\n<p><a href=\"http:\/\/www.ffap.net\/\"><img loading=\"lazy\" decoding=\"async\" class=\"wp-image-5694 alignleft\" src=\"http:\/\/cpl14.fr\/wp-content\/uploads\/2019\/11\/FFAP.jpg\" alt=\"\" width=\"145\" height=\"64\" \/><\/a><\/p>\n<p>&nbsp;<\/p>\n<p><a href=\"http:\/\/www.ffap.net\/\"><strong>F\u00e9d\u00e9ration Fran\u00e7aise des Associations Philat\u00e9lique<\/strong><\/a>\u00a0 le site officiel<\/p>\n<p>&nbsp;<\/p>\n<p><a href=\"http:\/\/www.academiedephilatelie.fr\/timbres\/index.php\"><img loading=\"lazy\" decoding=\"async\" class=\"wp-image-5693 alignleft\" src=\"http:\/\/cpl14.fr\/wp-content\/uploads\/2019\/11\/acad.jpg\" alt=\"\" width=\"63\" height=\"63\" \/><\/a><\/p>\n<p>&nbsp;<\/p>\n<p><a href=\"https:\/\/www.academiedephilatelie.fr\/\"><strong>Acad\u00e9mie de Phila<\/strong><strong>t\u00e9lie<\/strong><\/a>\u00a0le site officiel<\/p>\n<p>&nbsp;<\/p>\n<p><a href=\"http:\/\/unionmarcophile.fr\/\">Union Marcophile<\/a>\u00a0le site officiel<\/p>\n<p><a href=\"http:\/\/www.ladressemuseedelaposte.fr\/\">L&rsquo;Adresse, Le Mus\u00e9e de la Poste<\/a>\u00a0le site officiel<\/p>\n<p><a href=\"http:\/\/samp.unblog.fr\/\">Soci\u00e9t\u00e9 des Amis de la Poste<\/a>\u00a0le blog officiel<\/p>\n<p>&nbsp;<\/p>\n<p>&nbsp;<\/p>\n<h4><em>Lisieux, la ville, son histoire<\/em><\/h4>\n<p><a href=\"https:\/\/www.ville-lisieux.fr\/\"><img loading=\"lazy\" decoding=\"async\" class=\"wp-image-5728 alignleft\" src=\"http:\/\/cpl14.fr\/wp-content\/uploads\/2019\/11\/01-LOGO-LISIEUX-portrait-Q-1.jpg\" alt=\"\" width=\"64\" height=\"71\" srcset=\"https:\/\/cpl14.fr\/wp-content\/uploads\/2019\/11\/01-LOGO-LISIEUX-portrait-Q-1.jpg 1368w, https:\/\/cpl14.fr\/wp-content\/uploads\/2019\/11\/01-LOGO-LISIEUX-portrait-Q-1-269x300.jpg 269w, https:\/\/cpl14.fr\/wp-content\/uploads\/2019\/11\/01-LOGO-LISIEUX-portrait-Q-1-768x856.jpg 768w, https:\/\/cpl14.fr\/wp-content\/uploads\/2019\/11\/01-LOGO-LISIEUX-portrait-Q-1-919x1024.jpg 919w\" sizes=\"auto, (max-width: 64px) 100vw, 64px\" \/><\/a><\/p>\n<p>&nbsp;<\/p>\n<p><a href=\"https:\/\/www.ville-lisieux.fr\/\">Le site de la Ville de Lisieux<\/a><\/p>\n<p>&nbsp;<\/p>\n<p><a href=\"http:\/\/www.societehistoriquedelisieux.fr\/\">La Soci\u00e9t\u00e9 Historique de Lisieux<\/a> (SHL)<\/p>\n<p><a href=\"http:\/\/bmlisieux.fr-html.com\">La M\u00e9diath\u00e8que de Lisieux\u00a0<\/a>pour consulter le fonds Normand<\/p>\n<p>&nbsp;<\/p>\n<h4><em><strong>Les sites et blogs de passionn\u00e9s<\/strong><\/em><\/h4>\n<p><a href=\"http:\/\/marcophilie.org\/\">Marcophilie.org<\/a>\u00a0inventaire des marques postales de France<\/p>\n<p><a href=\"http:\/\/www.semeuses.com\/index.html\">Semeuses.com<\/a>\u00a0tout sur les Semeuses n\u00b0138 et n\u00b0140<\/p>\n<p><a href=\"http:\/\/jef.estel.pagesperso-orange.fr\/Sommaire.htm\">Etoiles de Paris &#8230;et autres sujets<\/a>\u00a0un site plein de r\u00e9f\u00e9rences<\/p>\n<p><a href=\"http:\/\/pcgc.france-timbres.net\/index.php\">PC et GC<\/a>\u00a0pour identifier les oblit\u00e9rations petits chiffres et gros chiffres<\/p>\n<p><a href=\"http:\/\/semeuse.blogspot.fr\/search?q=190\">Semeuse 13<\/a>\u00a0un blog sur toutes les Semeuses avec des pi\u00e8ces exceptionnelles<\/p>\n<p><a href=\"http:\/\/cofspi.net\/\">Voyage autour du 10c lign\u00e9<\/a>\u00a0tout sur la Semeuse n\u00b0129<\/p>\n<p><a href=\"http:\/\/philatelie-roulette.blogspot.fr\/\">Les timbres de roulettes\u00a0<\/a>\u00a0comme son nom l&rsquo;indique<\/p>\n<p><a href=\"http:\/\/www.normandie-timbres.org\/\">Les timbres sur la Normandie<\/a>\u00a0un site r\u00e9gionaliste<\/p>\n<p><a href=\"http:\/\/aremorica.free.fr\/index.php\">Les timbres bleus au type Sage<\/a>\u00a0 un site assez complet sur la p\u00e9riode du type Sage<\/p>\n<p><a href=\"http:\/\/blog-impressions-timbrees.blogspot.fr\/\">Le blog de Papy 24<\/a>\u00a0tout sur l&rsquo;impression des timbres<\/p>\n<p><a href=\"http:\/\/marcorse.blogspot.fr\/\">Le blog de Marcorse<\/a>\u00a0 la marcophilie Corse\u00a0et autre sujets (avant la sieste)<\/p>\n<p><a href=\"http:\/\/www.entierpostal.fr\/mainsommaire.html\">Les entiers postaux Fran\u00e7ais<\/a>\u00a0comme son nom l&rsquo;indique<\/p>\n<p><a href=\"http:\/\/amisdemarianne.blogspot.fr\/\">Le cercle des Amis de Marianne<\/a>\u00a0pour la philat\u00e9lie et la marcophilie apr\u00e8s 1900<\/p>\n<p><a href=\"http:\/\/www.timbres-barres-phosphorescentes.fr\/\">Les Barres Phosphorescentes<\/a>\u00a0tout sur les bandes phospho de la Marianne de Cheffer \u00e0 nos jours<\/p>\n<p><a href=\"http:\/\/e.bonnafoux.free.fr\/\">Le 10c Empire ND<\/a>\u00a0comme son nom l&rsquo;indique<\/p>\n<p><a href=\"http:\/\/guy.marchot.pagesperso-orange.fr\/\">Le 20c Empire ND<\/a>\u00a0comme son nom l&rsquo;indique<\/p>\n<p><a href=\"http:\/\/rvcantineau.free.fr\/cad_som_arb.htm\">Le type Sage<\/a>\u00a0un site sur\u00a0tous les Sages<\/p>\n<p><a href=\"http:\/\/robert.desert.chez-alice.fr\/index.htm\">Bureaux fran\u00e7ais de l&#8217;empire ottoman<\/a>\u00a0comme son nom l&rsquo;indique<\/p>\n<p><a href=\"http:\/\/www.apra.asso.fr\/Camps\/Fr\/Accueil-Camps.html\">Les camps d&rsquo;internement fran\u00e7ais 1939\/1944<\/a>\u00a0comme son nom l&rsquo;indique<\/p>\n<p><a href=\"http:\/\/jean-louis.bourgouin.pagesperso-orange.fr\/Site%20tarifs%20postaux.htm\">Tarifs postaux fran\u00e7ais entre 1848 et 1916<\/a>\u00a0comme son nom l&rsquo;indique<\/p>\n<p><a href=\"http:\/\/afef.didier.mairie.pagespro-orange.fr\/x_main.htm\">L&rsquo;europe de la poste vers 1860\u00a0<\/a>\u00a0un site sur la r\u00e9volution postale en Europe au XIXe si\u00e8cle<\/p>\n<p><a href=\"http:\/\/j.y.merienne.pagesperso-orange.fr\/index.html\">Un si\u00e8cle d&rsquo;histoire du\u00a0Calvados<\/a> cliquer sur la carte et parcourez les faits divers parus dans\u00a0la presse depuis 100 ans<\/p>\n<p><a href=\"http:\/\/www.histoire-et-philatelie.fr\/\">La Philat\u00e9lie, t\u00e9moin de l&rsquo;histoire<\/a> l&rsquo;\u00e9pop\u00e9e de la France et de ses colonies vue \u00e0 travers la philat\u00e9lie (1940-1981)<\/p>\n<p><a href=\"http:\/\/1f50bersier.free.fr\/\">Les Timbres au type P\u00e9tain<\/a> ,\u00a0comme son nom l&rsquo;indique<\/p>\n<p><a href=\"http:\/\/www.phil-ouest.com\/index.php\">Phil-Ouest<\/a>, un site plein d&rsquo;infos sur la philat\u00e9lie fran\u00e7aise<\/p>\n<p><a href=\"http:\/\/courrierdumandchoukouo.com\/index.html\">courrier du mandchoukouo<\/a>, un \u00e9tat \u00e9ph\u00e9m\u00e8re entre 1932 et 1945<\/p>\n<p><a href=\"https:\/\/coin-du-collectionneur.ameline-calendrier.fr\/\">les calendriers<\/a>,\u00a0 la passion d&rsquo;un fabricant pour le travail de ses pr\u00e9d\u00e9cesseurs<\/p>\n<p>&nbsp;<\/p>\n<h4><em><strong>Les Forums de discussion<\/strong><\/em><\/h4>\n<p><a href=\"http:\/\/collections.conceptbb.com\/forum\">Forum des Collectionneurs\u00a0<\/a>\u00a0pour \u00e9changer des informations,\u00a0demander de l&rsquo;aide<\/p>\n<p>&nbsp;<\/p>\n<h4><em><strong>Les sites techniques<\/strong><\/em><\/h4>\n<p><a href=\"http:\/\/www.yvert.com\/\">le site d&rsquo;Yvert et Tellier<\/a><\/p>\n<p><a href=\"http:\/\/www.phil-ouest.com\/\">les \u00e9missions de France par date (et programme des \u00e9missions \u00e0 venir)<\/a><\/p>\n<p><a href=\"https:\/\/www.wikitimbres.fr\/\">Wikitimbre<\/a><\/p>\n<p><a href=\"http:\/\/rc.pagesperso-orange.fr\/sites.htm\">Les sites philat\u00e9liques dans le monde<\/a><\/p>\n<p><a href=\"http:\/\/docs.philateliques.free.fr\/index.php\">Revues Philat\u00e9liques et Documentation&#8230;<\/a>inventaire des ouvrages sp\u00e9cialis\u00e9s par d\u00e9partements<\/p>\n<p><a href=\"https:\/\/www.stampworld.com\/fr\/\">un catalogue de timbre du monde entier<\/a><\/p>\n<p><a href=\"http:\/\/www.cataloguedetimbre.fr\/\">un autre catalogue de timbre du monde entier<\/a><\/p>\n<p><a href=\"http:\/\/www.ibolli.it\/index.php\">un catalogue des timbres d&rsquo;Italie<\/a>\u00a0(en italien)<\/p>\n<p><a href=\"http:\/\/elec.enc.sorbonne.fr\/imprimeurs\/\">Dictionnaire des imprimeurs-lithographes du XIXe si\u00e8cle<\/a><\/p>\n<p><a href=\"http:\/\/www.officemuseum.com\/mail_machines.htm\">un site des machines pour courrier\u00a0am\u00e9ricaines<\/a>\u00a0(en anglais)<\/p>\n<p><a href=\"http:\/\/www.sanrizuka.com\/koban\/Bota-Collection.htm\">un site sur les oblit\u00e9ration Bota japonaises<\/a> (en anglais)<\/p>\n<p><a href=\"http:\/\/www.parisrues.com\/\">les rues de Paris<\/a><\/p>\n<p><a href=\"https:\/\/cartesfm1418.pagesperso-orange.fr\/accueil.htm\">les Cartes Postales FM de la guerre de 14 et les secteurs postaux<\/a><\/p>\n<p>&nbsp;<\/p>\n<p>&nbsp;<\/p>\n<p>&nbsp;<\/p>\n","protected":false},"excerpt":{"rendered":"<div class=\"mh-excerpt\"><p>cliquez sur le lien en rouge pour acc\u00e9der directement au site concern\u00e9 (Astuce sur un PC: pour ne pas nous quitter, faite un clic avec <a class=\"mh-excerpt-more\" href=\"https:\/\/cpl14.fr\/?page_id=49\" title=\"Liens\">[&#8230;]<\/a><\/p>\n<\/div>","protected":false},"author":1,"featured_media":0,"parent":0,"menu_order":0,"comment_status":"closed","ping_status":"closed","template":"","meta":{"footnotes":""},"class_list":["post-49","page","type-page","status-publish","hentry"],"_links":{"self":[{"href":"https:\/\/cpl14.fr\/index.php?rest_route=\/wp\/v2\/pages\/49","targetHints":{"allow":["GET"]}}],"collection":[{"href":"https:\/\/cpl14.fr\/index.php?rest_route=\/wp\/v2\/pages"}],"about":[{"href":"https:\/\/cpl14.fr\/index.php?rest_route=\/wp\/v2\/types\/page"}],"author":[{"embeddable":true,"href":"https:\/\/cpl14.fr\/index.php?rest_route=\/wp\/v2\/users\/1"}],"replies":[{"embeddable":true,"href":"https:\/\/cpl14.fr\/index.php?rest_route=%2Fwp%2Fv2%2Fcomments&post=49"}],"version-history":[{"count":52,"href":"https:\/\/cpl14.fr\/index.php?rest_route=\/wp\/v2\/pages\/49\/revisions"}],"predecessor-version":[{"id":8679,"href":"https:\/\/cpl14.fr\/index.php?rest_route=\/wp\/v2\/pages\/49\/revisions\/8679"}],"wp:attachment":[{"href":"https:\/\/cpl14.fr\/index.php?rest_route=%2Fwp%2Fv2%2Fmedia&parent=49"}],"curies":[{"name":"wp","href":"https:\/\/api.w.org\/{rel}","templated":true}]}}