{"id":5406,"date":"2019-09-20T13:20:09","date_gmt":"2019-09-20T11:20:09","guid":{"rendered":"http:\/\/cpl14.fr\/?page_id=5406"},"modified":"2020-03-24T19:28:32","modified_gmt":"2020-03-24T18:28:32","slug":"les-semeuses-camees-35c","status":"publish","type":"page","link":"https:\/\/cpl14.fr\/?page_id=5406","title":{"rendered":"Les Semeuses cam\u00e9es 35c"},"content":{"rendered":"<h5>Les versions des Semeuse 35c:<\/h5>\n<p>Les Semeuse 35c existent en 2 couleurs: violet et vert<\/p>\n<p style=\"text-align: center;\"><img loading=\"lazy\" decoding=\"async\" class=\"alignnone wp-image-5407\" src=\"http:\/\/cpl14.fr\/wp-content\/uploads\/2019\/09\/type-1.jpg\" alt=\"\" width=\"240\" height=\"311\" srcset=\"https:\/\/cpl14.fr\/wp-content\/uploads\/2019\/09\/type-1.jpg 913w, https:\/\/cpl14.fr\/wp-content\/uploads\/2019\/09\/type-1-232x300.jpg 232w, https:\/\/cpl14.fr\/wp-content\/uploads\/2019\/09\/type-1-768x995.jpg 768w, https:\/\/cpl14.fr\/wp-content\/uploads\/2019\/09\/type-1-790x1024.jpg 790w\" sizes=\"auto, (max-width: 240px) 100vw, 240px\" \/> \u00a0 <img loading=\"lazy\" decoding=\"async\" class=\"alignnone wp-image-5408\" src=\"http:\/\/cpl14.fr\/wp-content\/uploads\/2019\/09\/type-2.2.jpg\" alt=\"\" width=\"246\" height=\"311\" srcset=\"https:\/\/cpl14.fr\/wp-content\/uploads\/2019\/09\/type-2.2.jpg 869w, https:\/\/cpl14.fr\/wp-content\/uploads\/2019\/09\/type-2.2-238x300.jpg 238w, https:\/\/cpl14.fr\/wp-content\/uploads\/2019\/09\/type-2.2-768x970.jpg 768w, https:\/\/cpl14.fr\/wp-content\/uploads\/2019\/09\/type-2.2-811x1024.jpg 811w\" sizes=\"auto, (max-width: 246px) 100vw, 246px\" \/><\/p>\n<p>seule la semeuse violette (n\u00b0142) est concern\u00e9e par cet article, la semeuse verte (n\u00b0361 et n\u00b0476 surcharg\u00e9e) ne comporte qu&rsquo;un seul type, le type II.<\/p>\n<p style=\"text-align: center;\">.<\/p>\n<h5>Les Types de la Semeuse 35c :<\/h5>\n<p>Elle comporte 2 types:<\/p>\n<p>-I grav\u00e9 par Lhomme<\/p>\n<p>-II grav\u00e9 par Guillemain<\/p>\n<p style=\"text-align: center;\">.<\/p>\n<h4>Le Type I:<\/h4>\n<p>Ce type correspond aux timbres imprim\u00e9s \u00e0 plat en feuilles de 150 entre 1907 et 1924.<\/p>\n<p>La caract\u00e9ristique principale porte sur le mot POSTES dont le bas du 1er S est presque plat.<\/p>\n<p><img loading=\"lazy\" decoding=\"async\" class=\"wp-image-5409 aligncenter\" src=\"http:\/\/cpl14.fr\/wp-content\/uploads\/2019\/09\/type-1.1.jpg\" alt=\"\" width=\"604\" height=\"207\" srcset=\"https:\/\/cpl14.fr\/wp-content\/uploads\/2019\/09\/type-1.1.jpg 779w, https:\/\/cpl14.fr\/wp-content\/uploads\/2019\/09\/type-1.1-300x103.jpg 300w, https:\/\/cpl14.fr\/wp-content\/uploads\/2019\/09\/type-1.1-768x263.jpg 768w\" sizes=\"auto, (max-width: 604px) 100vw, 604px\" \/><\/p>\n<p>.<\/p>\n<h4>Le Type II:<\/h4>\n<p>C&rsquo;est le type des timbres imprim\u00e9s sur rotative, en feuille de 100 en avril 1926.<\/p>\n<p>Il est relativement rare car suite au changement de tarif du 1 ao\u00fbt 1926, il devient sans utilit\u00e9. La quasi totalit\u00e9 des feuilles en stock seront surcharg\u00e9es \u00e0 25c (n\u00b0218)<\/p>\n<p>Le 1er S de POSTES est nettement retouch\u00e9 (en r\u00e9alit\u00e9 tout le mot l&rsquo;est mais le S est vraiment distinctif), le bas du S remonte franchement.<\/p>\n<p><img loading=\"lazy\" decoding=\"async\" class=\"wp-image-5410 aligncenter\" src=\"http:\/\/cpl14.fr\/wp-content\/uploads\/2019\/09\/type-2.1.jpg\" alt=\"\" width=\"602\" height=\"205\" srcset=\"https:\/\/cpl14.fr\/wp-content\/uploads\/2019\/09\/type-2.1.jpg 740w, https:\/\/cpl14.fr\/wp-content\/uploads\/2019\/09\/type-2.1-300x102.jpg 300w\" sizes=\"auto, (max-width: 602px) 100vw, 602px\" \/><\/p>\n<p>Collection BB Lisieux<\/p>\n<p>&nbsp;<\/p>\n<p style=\"text-align: right;\"><a href=\"http:\/\/cpl14.fr\/?page_id=6309\">retour au chap\u00eetre Semeuse<\/a><\/p>\n<p>&nbsp;<\/p>\n","protected":false},"excerpt":{"rendered":"<div class=\"mh-excerpt\"><p>Les versions des Semeuse 35c: Les Semeuse 35c existent en 2 couleurs: violet et vert \u00a0 seule la semeuse violette (n\u00b0142) est concern\u00e9e par cet <a class=\"mh-excerpt-more\" href=\"https:\/\/cpl14.fr\/?page_id=5406\" title=\"Les Semeuses cam\u00e9es 35c\">[&#8230;]<\/a><\/p>\n<\/div>","protected":false},"author":1,"featured_media":0,"parent":0,"menu_order":0,"comment_status":"closed","ping_status":"closed","template":"","meta":{"footnotes":""},"class_list":["post-5406","page","type-page","status-publish","hentry"],"_links":{"self":[{"href":"https:\/\/cpl14.fr\/index.php?rest_route=\/wp\/v2\/pages\/5406","targetHints":{"allow":["GET"]}}],"collection":[{"href":"https:\/\/cpl14.fr\/index.php?rest_route=\/wp\/v2\/pages"}],"about":[{"href":"https:\/\/cpl14.fr\/index.php?rest_route=\/wp\/v2\/types\/page"}],"author":[{"embeddable":true,"href":"https:\/\/cpl14.fr\/index.php?rest_route=\/wp\/v2\/users\/1"}],"replies":[{"embeddable":true,"href":"https:\/\/cpl14.fr\/index.php?rest_route=%2Fwp%2Fv2%2Fcomments&post=5406"}],"version-history":[{"count":5,"href":"https:\/\/cpl14.fr\/index.php?rest_route=\/wp\/v2\/pages\/5406\/revisions"}],"predecessor-version":[{"id":6329,"href":"https:\/\/cpl14.fr\/index.php?rest_route=\/wp\/v2\/pages\/5406\/revisions\/6329"}],"wp:attachment":[{"href":"https:\/\/cpl14.fr\/index.php?rest_route=%2Fwp%2Fv2%2Fmedia&parent=5406"}],"curies":[{"name":"wp","href":"https:\/\/api.w.org\/{rel}","templated":true}]}}