{"id":5574,"date":"2019-10-04T12:09:11","date_gmt":"2019-10-04T10:09:11","guid":{"rendered":"http:\/\/cpl14.fr\/?page_id=5574"},"modified":"2020-03-27T12:53:26","modified_gmt":"2020-03-27T11:53:26","slug":"500e-anniversaire-dorleans-libere-par-jeanne-darc-n257","status":"publish","type":"page","link":"https:\/\/cpl14.fr\/?page_id=5574","title":{"rendered":"500e anniversaire d&rsquo;Orl\u00e9ans lib\u00e9r\u00e9 par Jeanne d&rsquo;Arc (n\u00b0257)"},"content":{"rendered":"<p><img loading=\"lazy\" decoding=\"async\" class=\"size-full wp-image-6655 aligncenter\" src=\"http:\/\/cpl14.fr\/wp-content\/uploads\/2020\/03\/orleans-1429-257.jpg\" alt=\"\" width=\"300\" height=\"350\" srcset=\"https:\/\/cpl14.fr\/wp-content\/uploads\/2020\/03\/orleans-1429-257.jpg 300w, https:\/\/cpl14.fr\/wp-content\/uploads\/2020\/03\/orleans-1429-257-257x300.jpg 257w\" sizes=\"auto, (max-width: 300px) 100vw, 300px\" \/><\/p>\n<p>Ce timbre \u00e9tait initialement pr\u00e9vu en taille-douce, mais l&rsquo;Atelier du Timbre n&rsquo;\u00e9tant pas \u00e9quip\u00e9 pour ce type d&rsquo;impression et le timbre devant \u00eatre \u00e9mis \u00e0 temps pour les comm\u00e9morations, c&rsquo;est la typographie qui est retenue.<\/p>\n<p>Il est imprim\u00e9 suivant 2 m\u00e9thodes. Les feuilles et les premiers carnets sont tir\u00e9s en impression \u00e0 plat, ils sont au type I, les seconds carnets sont imprim\u00e9s sur rotative et sont au type II. Tous les carnets sont avec publicit\u00e9. Il n&rsquo;y a probablement qu&rsquo;un poin\u00e7on original, mais du fait des 2 m\u00e9thodes d&rsquo;impression, cela d\u00e9termine bien 2 types<\/p>\n<p>Les diff\u00e9rences entre les deux types sont tr\u00e8s l\u00e9g\u00e8res et peuvent \u00eatre compliqu\u00e9es \u00e0 d\u00e9celer par les non sp\u00e9cialistes, aussi voici un\u00a0 \u00ab\u00a0tuyau\u00a0\u00bb: Le type II est le seul \u00e0 exister avec les bandes publicitaires \u00ab\u00a0Vals St Jean\u00a0\u00bb ou \u00ab\u00a0Provins\u00a0\u00bb (les timbres de carnet se collectionnent avec leur bande pub)<\/p>\n<h4>Diff\u00e9rences entre le Type I et le Type II:<\/h4>\n<p><img loading=\"lazy\" decoding=\"async\" class=\"size-full wp-image-5575 aligncenter\" src=\"http:\/\/cpl14.fr\/wp-content\/uploads\/2019\/10\/diff\u00e9rences.jpg\" alt=\"\" width=\"1055\" height=\"506\" srcset=\"https:\/\/cpl14.fr\/wp-content\/uploads\/2019\/10\/diff\u00e9rences.jpg 1055w, https:\/\/cpl14.fr\/wp-content\/uploads\/2019\/10\/diff\u00e9rences-300x144.jpg 300w, https:\/\/cpl14.fr\/wp-content\/uploads\/2019\/10\/diff\u00e9rences-768x368.jpg 768w, https:\/\/cpl14.fr\/wp-content\/uploads\/2019\/10\/diff\u00e9rences-1024x491.jpg 1024w\" sizes=\"auto, (max-width: 1055px) 100vw, 1055px\" \/><\/p>\n<p>1: Dans le Type II, la ligne entre le O et le R est fine et incompl\u00e8te, voir absente<\/p>\n<p>2: la ligne sous le texte est plus fine que dans le Type I<\/p>\n<p>3: idem pour la ligne au dessus du texte surtout au dessus de AN<\/p>\n<p>&nbsp;<\/p>\n<p>collection Bruno Bonnet<\/p>\n<p>&nbsp;<\/p>\n<p style=\"text-align: right;\"><a href=\"http:\/\/cpl14.fr\/?p=1150\">retour \u00e0 l&rsquo;article Types et Etats<\/a><\/p>\n","protected":false},"excerpt":{"rendered":"<div class=\"mh-excerpt\"><p>Ce timbre \u00e9tait initialement pr\u00e9vu en taille-douce, mais l&rsquo;Atelier du Timbre n&rsquo;\u00e9tant pas \u00e9quip\u00e9 pour ce type d&rsquo;impression et le timbre devant \u00eatre \u00e9mis \u00e0 <a class=\"mh-excerpt-more\" href=\"https:\/\/cpl14.fr\/?page_id=5574\" title=\"500e anniversaire d&rsquo;Orl\u00e9ans lib\u00e9r\u00e9 par Jeanne d&rsquo;Arc (n\u00b0257)\">[&#8230;]<\/a><\/p>\n<\/div>","protected":false},"author":1,"featured_media":0,"parent":0,"menu_order":0,"comment_status":"closed","ping_status":"closed","template":"","meta":{"footnotes":""},"class_list":["post-5574","page","type-page","status-publish","hentry"],"_links":{"self":[{"href":"https:\/\/cpl14.fr\/index.php?rest_route=\/wp\/v2\/pages\/5574","targetHints":{"allow":["GET"]}}],"collection":[{"href":"https:\/\/cpl14.fr\/index.php?rest_route=\/wp\/v2\/pages"}],"about":[{"href":"https:\/\/cpl14.fr\/index.php?rest_route=\/wp\/v2\/types\/page"}],"author":[{"embeddable":true,"href":"https:\/\/cpl14.fr\/index.php?rest_route=\/wp\/v2\/users\/1"}],"replies":[{"embeddable":true,"href":"https:\/\/cpl14.fr\/index.php?rest_route=%2Fwp%2Fv2%2Fcomments&post=5574"}],"version-history":[{"count":5,"href":"https:\/\/cpl14.fr\/index.php?rest_route=\/wp\/v2\/pages\/5574\/revisions"}],"predecessor-version":[{"id":6656,"href":"https:\/\/cpl14.fr\/index.php?rest_route=\/wp\/v2\/pages\/5574\/revisions\/6656"}],"wp:attachment":[{"href":"https:\/\/cpl14.fr\/index.php?rest_route=%2Fwp%2Fv2%2Fmedia&parent=5574"}],"curies":[{"name":"wp","href":"https:\/\/api.w.org\/{rel}","templated":true}]}}

500e anniversaire d&rsquo;Orléans libéré par Jeanne d&rsquo;Arc (n°257)

<p><img loading="lazy" decoding="async" class="size-full wp-image-6655 aligncenter" src="http://cpl14.fr/wp-content/uploads/2020/03/orleans-1429-257.jpg" alt="" width="300" height="350" srcset="https://cpl14.fr/wp-content/uploads/2020/03/orleans-1429-257.jpg 300w, https://cpl14.fr/wp-content/uploads/2020/03/orleans-1429-257-257x300.jpg 257w" sizes="auto, (max-width: 300px) 100vw, 300px" /></p>
<p>Ce timbre était initialement prévu en taille-douce, mais l&rsquo;Atelier du Timbre n&rsquo;étant pas équipé pour ce type d&rsquo;impression et le timbre devant être émis à temps pour les commémorations, c&rsquo;est la typographie qui est retenue.</p>
<p>Il est imprimé suivant 2 méthodes. Les feuilles et les premiers carnets sont tirés en impression à plat, ils sont au type I, les seconds carnets sont imprimés sur rotative et sont au type II. Tous les carnets sont avec publicité. Il n&rsquo;y a probablement qu&rsquo;un poinçon original, mais du fait des 2 méthodes d&rsquo;impression, cela détermine bien 2 types</p>
<p>Les différences entre les deux types sont très légères et peuvent être compliquées à déceler par les non spécialistes, aussi voici un  « tuyau »: Le type II est le seul à exister avec les bandes publicitaires « Vals St Jean » ou « Provins » (les timbres de carnet se collectionnent avec leur bande pub)</p>
<h4>Différences entre le Type I et le Type II:</h4>
<p><img loading="lazy" decoding="async" class="size-full wp-image-5575 aligncenter" src="http://cpl14.fr/wp-content/uploads/2019/10/différences.jpg" alt="" width="1055" height="506" srcset="https://cpl14.fr/wp-content/uploads/2019/10/différences.jpg 1055w, https://cpl14.fr/wp-content/uploads/2019/10/différences-300x144.jpg 300w, https://cpl14.fr/wp-content/uploads/2019/10/différences-768x368.jpg 768w, https://cpl14.fr/wp-content/uploads/2019/10/différences-1024x491.jpg 1024w" sizes="auto, (max-width: 1055px) 100vw, 1055px" /></p>
<p>1: Dans le Type II, la ligne entre le O et le R est fine et incomplète, voir absente</p>
<p>2: la ligne sous le texte est plus fine que dans le Type I</p>
<p>3: idem pour la ligne au dessus du texte surtout au dessus de AN</p>
<p>&nbsp;</p>
<p>collection Bruno Bonnet</p>
<p>&nbsp;</p>
<p style="text-align: right;"><a href="http://cpl14.fr/?p=1150">retour à l&rsquo;article Types et Etats</a></p>

<div class="mh-excerpt"><p>Ce timbre était initialement prévu en taille-douce, mais l&rsquo;Atelier du Timbre n&rsquo;étant pas équipé pour ce type d&rsquo;impression et le timbre devant être émis à <a class="mh-excerpt-more" href="https://cpl14.fr/?page_id=5574" title="500e anniversaire d&rsquo;Orléans libéré par Jeanne d&rsquo;Arc (n°257)">[&#8230;]</a></p>
</div>
