{"id":5577,"date":"2019-10-04T12:16:51","date_gmt":"2019-10-04T10:16:51","guid":{"rendered":"http:\/\/cpl14.fr\/?page_id=5577"},"modified":"2020-03-27T13:00:28","modified_gmt":"2020-03-27T12:00:28","slug":"1ere-serie-touristique-pont-du-gard","status":"publish","type":"page","link":"https:\/\/cpl14.fr\/?page_id=5577","title":{"rendered":"1\u00e8re s\u00e9rie touristique: Pont du Gard (n\u00b0262)"},"content":{"rendered":"<p><img loading=\"lazy\" decoding=\"async\" class=\"size-full wp-image-6664 aligncenter\" src=\"http:\/\/cpl14.fr\/wp-content\/uploads\/2020\/03\/262.jpg\" alt=\"\" width=\"450\" height=\"295\" srcset=\"https:\/\/cpl14.fr\/wp-content\/uploads\/2020\/03\/262.jpg 450w, https:\/\/cpl14.fr\/wp-content\/uploads\/2020\/03\/262-300x197.jpg 300w\" sizes=\"auto, (max-width: 450px) 100vw, 450px\" \/><\/p>\n<p>En 1929, Henri Cheffer r\u00e9alise 2 poin\u00e7ons pour ce timbre, suivant les directives de l&rsquo;administration.<\/p>\n<p>Le premier poin\u00e7on nomm\u00e9 Type I, est \u00e9mis le 15 mai 1929. L&rsquo;Atelier du Timbre ne poss\u00e9dant pas encore la technique de l&rsquo;impression sur rotative pour la taille-douce, il est imprim\u00e9 \u00e0 plat. Les tirages sont dentel\u00e9s 13,5 x 13.<\/p>\n<p><img loading=\"lazy\" decoding=\"async\" class=\"size-full wp-image-5633 aligncenter\" src=\"http:\/\/cpl14.fr\/wp-content\/uploads\/2019\/10\/I-13.5.jpg\" alt=\"\" width=\"500\" height=\"241\" srcset=\"https:\/\/cpl14.fr\/wp-content\/uploads\/2019\/10\/I-13.5.jpg 500w, https:\/\/cpl14.fr\/wp-content\/uploads\/2019\/10\/I-13.5-300x145.jpg 300w\" sizes=\"auto, (max-width: 500px) 100vw, 500px\" \/><\/p>\n<p>En 1930, suite \u00e0 une erreur de manipulation des rames de papier, un tirage ne peut \u00eatre dentel\u00e9 correctement. L&rsquo;Atelier utilise alors une machine hollandaise pour effectuer une dentelure en ligne&#8230; le dentel\u00e9 11 x 11.<\/p>\n<p><img loading=\"lazy\" decoding=\"async\" class=\"size-full wp-image-5644 aligncenter\" src=\"http:\/\/cpl14.fr\/wp-content\/uploads\/2019\/10\/pont-du-gard-d11.jpg\" alt=\"\" width=\"467\" height=\"317\" srcset=\"https:\/\/cpl14.fr\/wp-content\/uploads\/2019\/10\/pont-du-gard-d11.jpg 467w, https:\/\/cpl14.fr\/wp-content\/uploads\/2019\/10\/pont-du-gard-d11-300x204.jpg 300w\" sizes=\"auto, (max-width: 467px) 100vw, 467px\" \/><\/p>\n<p><img loading=\"lazy\" decoding=\"async\" class=\"size-full wp-image-5634 aligncenter\" src=\"http:\/\/cpl14.fr\/wp-content\/uploads\/2019\/10\/I-11.jpg\" alt=\"\" width=\"500\" height=\"290\" srcset=\"https:\/\/cpl14.fr\/wp-content\/uploads\/2019\/10\/I-11.jpg 500w, https:\/\/cpl14.fr\/wp-content\/uploads\/2019\/10\/I-11-300x174.jpg 300w\" sizes=\"auto, (max-width: 500px) 100vw, 500px\" \/><\/p>\n<p>&nbsp;<\/p>\n<p>A partir de 1931, l&rsquo;Atelier peut enfin effectuer des tirages sur rotative. C&rsquo;est le 2e poin\u00e7on de Cheffer qui est utilis\u00e9, nous avons donc un nouveau type nomm\u00e9 Type II. Il est dentel\u00e9 13 x 13.<\/p>\n<p><img loading=\"lazy\" decoding=\"async\" class=\"size-full wp-image-5635 aligncenter\" src=\"http:\/\/cpl14.fr\/wp-content\/uploads\/2019\/10\/II-13.jpg\" alt=\"\" width=\"500\" height=\"262\" srcset=\"https:\/\/cpl14.fr\/wp-content\/uploads\/2019\/10\/II-13.jpg 500w, https:\/\/cpl14.fr\/wp-content\/uploads\/2019\/10\/II-13-300x157.jpg 300w\" sizes=\"auto, (max-width: 500px) 100vw, 500px\" \/><\/p>\n<p>Lors du report de la molette sur le cylindre unique imprimant 3 feuilles de 25 par tour, une cassure appara\u00eet sur certaines cases, nous avons donc 2 \u00e9tats pour ce timbre:<\/p>\n<p>-le type IIA (ou plut\u00f4t Type II, \u00e9tat 1) qui est intact et correspond aux cases 1 \u00e0 5 de la 1\u00e8re feuille, et 2 \u00e0 5 de la 2e feuille (la 3e feuille est enti\u00e8rement \u00e0 l&rsquo;\u00e9tat 2)<\/p>\n<p>-le type IIB (ou plut\u00f4t Type II, \u00e9tat 2) qui pr\u00e9sente une cassure du cadre int\u00e9rieur de droite \u00e0 hauteur du 4e carr\u00e9 en partant du haut.<\/p>\n<p>&nbsp;<\/p>\n<h4>Le type I:<\/h4>\n<p>les hachures de la 3e arche du pont en partant de la gauche sont ouvertes, le cadre int\u00e9rieur de droite est intact.<\/p>\n<p><img loading=\"lazy\" decoding=\"async\" class=\"size-full wp-image-5641 aligncenter\" src=\"http:\/\/cpl14.fr\/wp-content\/uploads\/2019\/10\/pont-du-gard-1.jpg\" alt=\"\" width=\"539\" height=\"430\" srcset=\"https:\/\/cpl14.fr\/wp-content\/uploads\/2019\/10\/pont-du-gard-1.jpg 539w, https:\/\/cpl14.fr\/wp-content\/uploads\/2019\/10\/pont-du-gard-1-300x239.jpg 300w\" sizes=\"auto, (max-width: 539px) 100vw, 539px\" \/><\/p>\n<p><img loading=\"lazy\" decoding=\"async\" class=\"size-full wp-image-5638 aligncenter\" src=\"http:\/\/cpl14.fr\/wp-content\/uploads\/2019\/10\/I.jpg\" alt=\"\" width=\"815\" height=\"545\" srcset=\"https:\/\/cpl14.fr\/wp-content\/uploads\/2019\/10\/I.jpg 815w, https:\/\/cpl14.fr\/wp-content\/uploads\/2019\/10\/I-300x201.jpg 300w, https:\/\/cpl14.fr\/wp-content\/uploads\/2019\/10\/I-768x514.jpg 768w\" sizes=\"auto, (max-width: 815px) 100vw, 815px\" \/><\/p>\n<p>&nbsp;<\/p>\n<h4>Le type II, \u00e9tat 1:<\/h4>\n<p>les hachures de la 3e arche du pont en partant de la gauche sont ferm\u00e9es, le cadre int\u00e9rieur de droite est intact.<\/p>\n<p><img loading=\"lazy\" decoding=\"async\" class=\"size-full wp-image-5642 aligncenter\" src=\"http:\/\/cpl14.fr\/wp-content\/uploads\/2019\/10\/pont-du-gard-2a.jpg\" alt=\"\" width=\"489\" height=\"438\" srcset=\"https:\/\/cpl14.fr\/wp-content\/uploads\/2019\/10\/pont-du-gard-2a.jpg 489w, https:\/\/cpl14.fr\/wp-content\/uploads\/2019\/10\/pont-du-gard-2a-300x269.jpg 300w\" sizes=\"auto, (max-width: 489px) 100vw, 489px\" \/><\/p>\n<p><img loading=\"lazy\" decoding=\"async\" class=\"size-full wp-image-5639 aligncenter\" src=\"http:\/\/cpl14.fr\/wp-content\/uploads\/2019\/10\/IIa.jpg\" alt=\"\" width=\"811\" height=\"548\" srcset=\"https:\/\/cpl14.fr\/wp-content\/uploads\/2019\/10\/IIa.jpg 811w, https:\/\/cpl14.fr\/wp-content\/uploads\/2019\/10\/IIa-300x203.jpg 300w, https:\/\/cpl14.fr\/wp-content\/uploads\/2019\/10\/IIa-768x519.jpg 768w\" sizes=\"auto, (max-width: 811px) 100vw, 811px\" \/><\/p>\n<p>&nbsp;<\/p>\n<h4>Le type II, \u00e9tat 2:<\/h4>\n<p>le cadre int\u00e9rieur de droite est cass\u00e9 \u00e0 hauteur du 4e carr\u00e9 en partant du haut.<\/p>\n<p><img loading=\"lazy\" decoding=\"async\" class=\"size-full wp-image-5643 aligncenter\" src=\"http:\/\/cpl14.fr\/wp-content\/uploads\/2019\/10\/pont-du-gard-2b.jpg\" alt=\"\" width=\"486\" height=\"442\" srcset=\"https:\/\/cpl14.fr\/wp-content\/uploads\/2019\/10\/pont-du-gard-2b.jpg 486w, https:\/\/cpl14.fr\/wp-content\/uploads\/2019\/10\/pont-du-gard-2b-300x273.jpg 300w\" sizes=\"auto, (max-width: 486px) 100vw, 486px\" \/><\/p>\n<p><img loading=\"lazy\" decoding=\"async\" class=\"size-full wp-image-5640 aligncenter\" src=\"http:\/\/cpl14.fr\/wp-content\/uploads\/2019\/10\/IIb.jpg\" alt=\"\" width=\"807\" height=\"540\" srcset=\"https:\/\/cpl14.fr\/wp-content\/uploads\/2019\/10\/IIb.jpg 807w, https:\/\/cpl14.fr\/wp-content\/uploads\/2019\/10\/IIb-300x201.jpg 300w, https:\/\/cpl14.fr\/wp-content\/uploads\/2019\/10\/IIb-768x514.jpg 768w\" sizes=\"auto, (max-width: 807px) 100vw, 807px\" \/><\/p>\n<p>&nbsp;<\/p>\n<p>collection Bruno Bonnet<\/p>\n<p>&nbsp;<\/p>\n<p style=\"text-align: right;\"><a href=\"http:\/\/cpl14.fr\/?p=1150\">retour \u00e0 l&rsquo;article Types et Etats<\/a><\/p>\n","protected":false},"excerpt":{"rendered":"<div class=\"mh-excerpt\"><p>En 1929, Henri Cheffer r\u00e9alise 2 poin\u00e7ons pour ce timbre, suivant les directives de l&rsquo;administration. Le premier poin\u00e7on nomm\u00e9 Type I, est \u00e9mis le 15 <a class=\"mh-excerpt-more\" href=\"https:\/\/cpl14.fr\/?page_id=5577\" title=\"1\u00e8re s\u00e9rie touristique: Pont du Gard (n\u00b0262)\">[&#8230;]<\/a><\/p>\n<\/div>","protected":false},"author":1,"featured_media":0,"parent":0,"menu_order":0,"comment_status":"closed","ping_status":"closed","template":"","meta":{"footnotes":""},"class_list":["post-5577","page","type-page","status-publish","hentry"],"_links":{"self":[{"href":"https:\/\/cpl14.fr\/index.php?rest_route=\/wp\/v2\/pages\/5577","targetHints":{"allow":["GET"]}}],"collection":[{"href":"https:\/\/cpl14.fr\/index.php?rest_route=\/wp\/v2\/pages"}],"about":[{"href":"https:\/\/cpl14.fr\/index.php?rest_route=\/wp\/v2\/types\/page"}],"author":[{"embeddable":true,"href":"https:\/\/cpl14.fr\/index.php?rest_route=\/wp\/v2\/users\/1"}],"replies":[{"embeddable":true,"href":"https:\/\/cpl14.fr\/index.php?rest_route=%2Fwp%2Fv2%2Fcomments&post=5577"}],"version-history":[{"count":7,"href":"https:\/\/cpl14.fr\/index.php?rest_route=\/wp\/v2\/pages\/5577\/revisions"}],"predecessor-version":[{"id":6665,"href":"https:\/\/cpl14.fr\/index.php?rest_route=\/wp\/v2\/pages\/5577\/revisions\/6665"}],"wp:attachment":[{"href":"https:\/\/cpl14.fr\/index.php?rest_route=%2Fwp%2Fv2%2Fmedia&parent=5577"}],"curies":[{"name":"wp","href":"https:\/\/api.w.org\/{rel}","templated":true}]}}

1ère série touristique: Pont du Gard (n°262)

<p><img loading="lazy" decoding="async" class="size-full wp-image-6664 aligncenter" src="http://cpl14.fr/wp-content/uploads/2020/03/262.jpg" alt="" width="450" height="295" srcset="https://cpl14.fr/wp-content/uploads/2020/03/262.jpg 450w, https://cpl14.fr/wp-content/uploads/2020/03/262-300x197.jpg 300w" sizes="auto, (max-width: 450px) 100vw, 450px" /></p>
<p>En 1929, Henri Cheffer réalise 2 poinçons pour ce timbre, suivant les directives de l&rsquo;administration.</p>
<p>Le premier poinçon nommé Type I, est émis le 15 mai 1929. L&rsquo;Atelier du Timbre ne possédant pas encore la technique de l&rsquo;impression sur rotative pour la taille-douce, il est imprimé à plat. Les tirages sont dentelés 13,5 x 13.</p>
<p><img loading="lazy" decoding="async" class="size-full wp-image-5633 aligncenter" src="http://cpl14.fr/wp-content/uploads/2019/10/I-13.5.jpg" alt="" width="500" height="241" srcset="https://cpl14.fr/wp-content/uploads/2019/10/I-13.5.jpg 500w, https://cpl14.fr/wp-content/uploads/2019/10/I-13.5-300x145.jpg 300w" sizes="auto, (max-width: 500px) 100vw, 500px" /></p>
<p>En 1930, suite à une erreur de manipulation des rames de papier, un tirage ne peut être dentelé correctement. L&rsquo;Atelier utilise alors une machine hollandaise pour effectuer une dentelure en ligne&#8230; le dentelé 11 x 11.</p>
<p><img loading="lazy" decoding="async" class="size-full wp-image-5644 aligncenter" src="http://cpl14.fr/wp-content/uploads/2019/10/pont-du-gard-d11.jpg" alt="" width="467" height="317" srcset="https://cpl14.fr/wp-content/uploads/2019/10/pont-du-gard-d11.jpg 467w, https://cpl14.fr/wp-content/uploads/2019/10/pont-du-gard-d11-300x204.jpg 300w" sizes="auto, (max-width: 467px) 100vw, 467px" /></p>
<p><img loading="lazy" decoding="async" class="size-full wp-image-5634 aligncenter" src="http://cpl14.fr/wp-content/uploads/2019/10/I-11.jpg" alt="" width="500" height="290" srcset="https://cpl14.fr/wp-content/uploads/2019/10/I-11.jpg 500w, https://cpl14.fr/wp-content/uploads/2019/10/I-11-300x174.jpg 300w" sizes="auto, (max-width: 500px) 100vw, 500px" /></p>
<p>&nbsp;</p>
<p>A partir de 1931, l&rsquo;Atelier peut enfin effectuer des tirages sur rotative. C&rsquo;est le 2e poinçon de Cheffer qui est utilisé, nous avons donc un nouveau type nommé Type II. Il est dentelé 13 x 13.</p>
<p><img loading="lazy" decoding="async" class="size-full wp-image-5635 aligncenter" src="http://cpl14.fr/wp-content/uploads/2019/10/II-13.jpg" alt="" width="500" height="262" srcset="https://cpl14.fr/wp-content/uploads/2019/10/II-13.jpg 500w, https://cpl14.fr/wp-content/uploads/2019/10/II-13-300x157.jpg 300w" sizes="auto, (max-width: 500px) 100vw, 500px" /></p>
<p>Lors du report de la molette sur le cylindre unique imprimant 3 feuilles de 25 par tour, une cassure apparaît sur certaines cases, nous avons donc 2 états pour ce timbre:</p>
<p>-le type IIA (ou plutôt Type II, état 1) qui est intact et correspond aux cases 1 à 5 de la 1ère feuille, et 2 à 5 de la 2e feuille (la 3e feuille est entièrement à l&rsquo;état 2)</p>
<p>-le type IIB (ou plutôt Type II, état 2) qui présente une cassure du cadre intérieur de droite à hauteur du 4e carré en partant du haut.</p>
<p>&nbsp;</p>
<h4>Le type I:</h4>
<p>les hachures de la 3e arche du pont en partant de la gauche sont ouvertes, le cadre intérieur de droite est intact.</p>
<p><img loading="lazy" decoding="async" class="size-full wp-image-5641 aligncenter" src="http://cpl14.fr/wp-content/uploads/2019/10/pont-du-gard-1.jpg" alt="" width="539" height="430" srcset="https://cpl14.fr/wp-content/uploads/2019/10/pont-du-gard-1.jpg 539w, https://cpl14.fr/wp-content/uploads/2019/10/pont-du-gard-1-300x239.jpg 300w" sizes="auto, (max-width: 539px) 100vw, 539px" /></p>
<p><img loading="lazy" decoding="async" class="size-full wp-image-5638 aligncenter" src="http://cpl14.fr/wp-content/uploads/2019/10/I.jpg" alt="" width="815" height="545" srcset="https://cpl14.fr/wp-content/uploads/2019/10/I.jpg 815w, https://cpl14.fr/wp-content/uploads/2019/10/I-300x201.jpg 300w, https://cpl14.fr/wp-content/uploads/2019/10/I-768x514.jpg 768w" sizes="auto, (max-width: 815px) 100vw, 815px" /></p>
<p>&nbsp;</p>
<h4>Le type II, état 1:</h4>
<p>les hachures de la 3e arche du pont en partant de la gauche sont fermées, le cadre intérieur de droite est intact.</p>
<p><img loading="lazy" decoding="async" class="size-full wp-image-5642 aligncenter" src="http://cpl14.fr/wp-content/uploads/2019/10/pont-du-gard-2a.jpg" alt="" width="489" height="438" srcset="https://cpl14.fr/wp-content/uploads/2019/10/pont-du-gard-2a.jpg 489w, https://cpl14.fr/wp-content/uploads/2019/10/pont-du-gard-2a-300x269.jpg 300w" sizes="auto, (max-width: 489px) 100vw, 489px" /></p>
<p><img loading="lazy" decoding="async" class="size-full wp-image-5639 aligncenter" src="http://cpl14.fr/wp-content/uploads/2019/10/IIa.jpg" alt="" width="811" height="548" srcset="https://cpl14.fr/wp-content/uploads/2019/10/IIa.jpg 811w, https://cpl14.fr/wp-content/uploads/2019/10/IIa-300x203.jpg 300w, https://cpl14.fr/wp-content/uploads/2019/10/IIa-768x519.jpg 768w" sizes="auto, (max-width: 811px) 100vw, 811px" /></p>
<p>&nbsp;</p>
<h4>Le type II, état 2:</h4>
<p>le cadre intérieur de droite est cassé à hauteur du 4e carré en partant du haut.</p>
<p><img loading="lazy" decoding="async" class="size-full wp-image-5643 aligncenter" src="http://cpl14.fr/wp-content/uploads/2019/10/pont-du-gard-2b.jpg" alt="" width="486" height="442" srcset="https://cpl14.fr/wp-content/uploads/2019/10/pont-du-gard-2b.jpg 486w, https://cpl14.fr/wp-content/uploads/2019/10/pont-du-gard-2b-300x273.jpg 300w" sizes="auto, (max-width: 486px) 100vw, 486px" /></p>
<p><img loading="lazy" decoding="async" class="size-full wp-image-5640 aligncenter" src="http://cpl14.fr/wp-content/uploads/2019/10/IIb.jpg" alt="" width="807" height="540" srcset="https://cpl14.fr/wp-content/uploads/2019/10/IIb.jpg 807w, https://cpl14.fr/wp-content/uploads/2019/10/IIb-300x201.jpg 300w, https://cpl14.fr/wp-content/uploads/2019/10/IIb-768x514.jpg 768w" sizes="auto, (max-width: 807px) 100vw, 807px" /></p>
<p>&nbsp;</p>
<p>collection Bruno Bonnet</p>
<p>&nbsp;</p>
<p style="text-align: right;"><a href="http://cpl14.fr/?p=1150">retour à l&rsquo;article Types et Etats</a></p>

<div class="mh-excerpt"><p>En 1929, Henri Cheffer réalise 2 poinçons pour ce timbre, suivant les directives de l&rsquo;administration. Le premier poinçon nommé Type I, est émis le 15 <a class="mh-excerpt-more" href="https://cpl14.fr/?page_id=5577" title="1ère série touristique: Pont du Gard (n°262)">[&#8230;]</a></p>
</div>
