{"id":5773,"date":"2019-11-19T07:43:59","date_gmt":"2019-11-19T06:43:59","guid":{"rendered":"http:\/\/cpl14.fr\/?page_id=5773"},"modified":"2020-03-27T13:02:16","modified_gmt":"2020-03-27T12:02:16","slug":"jacques-cartier-150f-bleu-n297","status":"publish","type":"page","link":"https:\/\/cpl14.fr\/?page_id=5773","title":{"rendered":"Jacques Cartier 1,50f bleu"},"content":{"rendered":"<p>Dans notre <a href=\"http:\/\/cpl14.fr\/?p=1150\">introduction<\/a>, nous avons pr\u00e9sent\u00e9 les causes d&rsquo;apparition des \u00e9tats.<\/p>\n<p>Le n\u00b0297 Jacques Cartier est le bon exemple d&rsquo;un \u00e9tat produit par l&rsquo;incidence des coussinets.<\/p>\n<p>Etat 1: la gravure est compl\u00e8te, nette et contrast\u00e9<\/p>\n<p><img loading=\"lazy\" decoding=\"async\" class=\"size-full wp-image-5780 aligncenter\" src=\"http:\/\/cpl14.fr\/wp-content\/uploads\/2019\/11\/t1.jpg\" alt=\"\" width=\"476\" height=\"318\" srcset=\"https:\/\/cpl14.fr\/wp-content\/uploads\/2019\/11\/t1.jpg 476w, https:\/\/cpl14.fr\/wp-content\/uploads\/2019\/11\/t1-300x200.jpg 300w\" sizes=\"auto, (max-width: 476px) 100vw, 476px\" \/><\/p>\n<p><img loading=\"lazy\" decoding=\"async\" class=\"size-full wp-image-5782 aligncenter\" src=\"http:\/\/cpl14.fr\/wp-content\/uploads\/2019\/11\/t1a1.jpg\" alt=\"\" width=\"500\" height=\"333\" srcset=\"https:\/\/cpl14.fr\/wp-content\/uploads\/2019\/11\/t1a1.jpg 500w, https:\/\/cpl14.fr\/wp-content\/uploads\/2019\/11\/t1a1-300x200.jpg 300w\" sizes=\"auto, (max-width: 500px) 100vw, 500px\" \/><\/p>\n<p>&nbsp;<\/p>\n<p>Etat 2: la gravure parait\u00a0 plus \u00ab\u00a0l\u00e9g\u00e8re\u00a0\u00bb, et surtout incompl\u00e8te<\/p>\n<p><img loading=\"lazy\" decoding=\"async\" class=\"size-full wp-image-5783 aligncenter\" src=\"http:\/\/cpl14.fr\/wp-content\/uploads\/2019\/11\/t2.jpg\" alt=\"\" width=\"478\" height=\"320\" srcset=\"https:\/\/cpl14.fr\/wp-content\/uploads\/2019\/11\/t2.jpg 478w, https:\/\/cpl14.fr\/wp-content\/uploads\/2019\/11\/t2-300x201.jpg 300w\" sizes=\"auto, (max-width: 478px) 100vw, 478px\" \/><\/p>\n<p><img loading=\"lazy\" decoding=\"async\" class=\"size-full wp-image-5784 aligncenter\" src=\"http:\/\/cpl14.fr\/wp-content\/uploads\/2019\/11\/t2a.jpg\" alt=\"\" width=\"500\" height=\"330\" srcset=\"https:\/\/cpl14.fr\/wp-content\/uploads\/2019\/11\/t2a.jpg 500w, https:\/\/cpl14.fr\/wp-content\/uploads\/2019\/11\/t2a-300x198.jpg 300w\" sizes=\"auto, (max-width: 500px) 100vw, 500px\" \/><\/p>\n<p>Il s&rsquo;agit en r\u00e9alit\u00e9 d&rsquo;une impression moins nette suite \u00e0 une pression inf\u00e9rieure due \u00e0 un manque d&rsquo;\u00e9paisseur des coussinets<\/p>\n<p style=\"text-align: center;\"><img loading=\"lazy\" decoding=\"async\" class=\"size-full wp-image-5786 aligncenter\" src=\"http:\/\/cpl14.fr\/wp-content\/uploads\/2019\/11\/t12.jpg\" alt=\"\" width=\"900\" height=\"297\" srcset=\"https:\/\/cpl14.fr\/wp-content\/uploads\/2019\/11\/t12.jpg 900w, https:\/\/cpl14.fr\/wp-content\/uploads\/2019\/11\/t12-300x99.jpg 300w, https:\/\/cpl14.fr\/wp-content\/uploads\/2019\/11\/t12-768x253.jpg 768w\" sizes=\"auto, (max-width: 900px) 100vw, 900px\" \/>il manque des lignes de bordure des voiles et des cordages.<\/p>\n<p>&nbsp;<\/p>\n<p>collection Bruno Bonnet<\/p>\n<p>&nbsp;<\/p>\n<p style=\"text-align: right;\"><a href=\"http:\/\/cpl14.fr\/?p=1150\">retour \u00e0 l&rsquo;article Types et Etats<\/a><\/p>\n","protected":false},"excerpt":{"rendered":"<div class=\"mh-excerpt\"><p>Dans notre introduction, nous avons pr\u00e9sent\u00e9 les causes d&rsquo;apparition des \u00e9tats. Le n\u00b0297 Jacques Cartier est le bon exemple d&rsquo;un \u00e9tat produit par l&rsquo;incidence des <a class=\"mh-excerpt-more\" href=\"https:\/\/cpl14.fr\/?page_id=5773\" title=\"Jacques Cartier 1,50f bleu\">[&#8230;]<\/a><\/p>\n<\/div>","protected":false},"author":1,"featured_media":0,"parent":0,"menu_order":0,"comment_status":"closed","ping_status":"closed","template":"","meta":{"footnotes":""},"class_list":["post-5773","page","type-page","status-publish","hentry"],"_links":{"self":[{"href":"https:\/\/cpl14.fr\/index.php?rest_route=\/wp\/v2\/pages\/5773","targetHints":{"allow":["GET"]}}],"collection":[{"href":"https:\/\/cpl14.fr\/index.php?rest_route=\/wp\/v2\/pages"}],"about":[{"href":"https:\/\/cpl14.fr\/index.php?rest_route=\/wp\/v2\/types\/page"}],"author":[{"embeddable":true,"href":"https:\/\/cpl14.fr\/index.php?rest_route=\/wp\/v2\/users\/1"}],"replies":[{"embeddable":true,"href":"https:\/\/cpl14.fr\/index.php?rest_route=%2Fwp%2Fv2%2Fcomments&post=5773"}],"version-history":[{"count":7,"href":"https:\/\/cpl14.fr\/index.php?rest_route=\/wp\/v2\/pages\/5773\/revisions"}],"predecessor-version":[{"id":6668,"href":"https:\/\/cpl14.fr\/index.php?rest_route=\/wp\/v2\/pages\/5773\/revisions\/6668"}],"wp:attachment":[{"href":"https:\/\/cpl14.fr\/index.php?rest_route=%2Fwp%2Fv2%2Fmedia&parent=5773"}],"curies":[{"name":"wp","href":"https:\/\/api.w.org\/{rel}","templated":true}]}}