{"id":6309,"date":"2020-03-24T19:07:58","date_gmt":"2020-03-24T18:07:58","guid":{"rendered":"http:\/\/cpl14.fr\/?page_id=6309"},"modified":"2024-02-18T11:41:14","modified_gmt":"2024-02-18T10:41:14","slug":"les-semeuse","status":"publish","type":"page","link":"https:\/\/cpl14.fr\/?page_id=6309","title":{"rendered":"Les Semeuse"},"content":{"rendered":"<p><img loading=\"lazy\" decoding=\"async\" class=\"size-full wp-image-6629 aligncenter\" src=\"http:\/\/cpl14.fr\/wp-content\/uploads\/2020\/03\/semeuse.jpeg\" alt=\"\" width=\"300\" height=\"349\" srcset=\"https:\/\/cpl14.fr\/wp-content\/uploads\/2020\/03\/semeuse.jpeg 300w, https:\/\/cpl14.fr\/wp-content\/uploads\/2020\/03\/semeuse-258x300.jpeg 258w\" sizes=\"auto, (max-width: 300px) 100vw, 300px\" \/><\/p>\n<p>compte tenu de la complexit\u00e9 du sujet, nous pr\u00e9sentons cette \u00e9tude par timbre et non par genre.<\/p>\n<p>La raison en est la g\u00e9n\u00e9tique des Semeuse: comme l\u2019a d\u00e9fini le Colonel Lebland, les Semeuse lign\u00e9es de 1903, avec sol et maigres sont toutes issues de copie d\u2019un poin\u00e7on primaire sans valeur faciale, nomm\u00e9\u00a0\u00ab\u00a0l\u2019Anc\u00eatre\u00a0\u00bb par Pierre de Lizeray, grav\u00e9 par Mouchon.<\/p>\n<p>En 1907 nait la Semeuse Cam\u00e9e, sur des\u00a0poin\u00e7ons grav\u00e9s par Lhomme, bien que les timbres portent la signature de Mouchon.<\/p>\n<p>A partir de\u00a01920, nouveaux poin\u00e7ons pour les Cam\u00e9es par Fran\u00e7ois Guillemain, encore\u00a0avec signature de Mouchon, et en 1927, des \u00ab\u00a0grosses valeurs\u00a0\u00bb par Chevet toujours\u00a0sign\u00e9es Mouchon!<\/p>\n<p>A partir de 1921, retour des Semeuse Lign\u00e9es mais sur de nouveaux poin\u00e7ons de Guillemain, toujours sign\u00e9s Mouchon.<\/p>\n<p>En 1932, Chevet grave un nouveau poin\u00e7on pour la Semeuse Lign\u00e9e 75c (type II, sign\u00e9\u2026Mouchon), et enfin Piel pour la Semeuse \u00ab\u00a0bicolore\u00a0\u00bb en\u00a01960.<\/p>\n<p>&nbsp;<\/p>\n<h3>A\/ Les Semeuse de Mouchon<\/h3>\n<h4>1\/ Les Semeuse lign\u00e9es de 1903<\/h4>\n<p>Issus du poin\u00e7on\u00a0primaire sans valeur faciale grav\u00e9 par Eug\u00e8ne MOUCHON, la plupart des poin\u00e7ons ont \u00e9t\u00e9 r\u00e9alis\u00e9 d\u2019apr\u00e8s des\u00a0r\u00e9pliques en cuivre \u00e9lectrolytique . L\u2019ajout de la valeur faciale et les retouches successives par l\u2019artiste en font donc des types \u00e0 part enti\u00e8re.<\/p>\n<h4><a href=\"http:\/\/cpl14.fr\/?page_id=1281\">la Semeuse lign\u00e9e 10c<\/a>\u00a0(n\u00b0129)<\/h4>\n<h4><a href=\"http:\/\/cpl14.fr\/?page_id=1295\">la Semeuse lign\u00e9e 15c<\/a>\u00a0(n\u00b0130)<\/h4>\n<h4>2\/ Les Semeuse fond plein de 1906<\/h4>\n<p>Ces Semeuse sont issues du m\u00eame poin\u00e7on original, \u00ab\u00a0l\u2019anc\u00eatre\u00a0\u00bb, qui a servi aux Semeuse lign\u00e9es. Mais les copies et retouches successives feront appara\u00eetre des caract\u00e9ristiques propres \u00e0 chacune.<\/p>\n<h4><a href=\"http:\/\/cpl14.fr\/?page_id=1347\">la Semeuse avec sol 10c<\/a>\u00a0(n\u00b0134)<\/h4>\n<h4><a href=\"http:\/\/cpl14.fr\/?page_id=1405\">les Semeuse \u00ab\u00a0maigres\u00a0\u00bb 10c\u00a0et 35c<\/a> (n\u00b0135 rouge, 136 violet et 188 vert)<\/h4>\n<p>&nbsp;<\/p>\n<p>&nbsp;<\/p>\n<h3>B\/ Les Semeuse cam\u00e9es de Lhomme, de Guillemain et de Chevet<\/h3>\n<p>Les Semeuse de 1907: les Semeuse de Mouchon d\u00e9plaisant au sous-secr\u00e9taire\u00a0des Postes, c\u2019est Jean-Baptiste Lhomme qui devient le graveur des Semeuse.\u00a0Lhomme grave un nouveau poin\u00e7on original en cuivre, sans valeur faciale, avec une l\u00e9gende plus large qui lui fera donner le nom de Semeuse \u00ab\u00a0grasse\u00a0\u00bb par les collectionneurs. Cette nouvelle Semeuse est \u00e9galement pourvue de lignes de lumi\u00e8res tr\u00e8s nettes, faisant se d\u00e9tacher le sujet du fond uni: La <strong>Semeuse cam\u00e9e<\/strong> est n\u00e9e.<\/p>\n<p>Pour diff\u00e9rencier ces Semeuse des Semeuse de 1906, les Semeuse cam\u00e9es n\u2019ont pas le gros point au dessus de la ceinture:<\/p>\n<p><img loading=\"lazy\" decoding=\"async\" class=\"size-medium wp-image-8429 aligncenter\" src=\"http:\/\/cpl14.fr\/wp-content\/uploads\/2024\/02\/camee-300x146.jpg\" alt=\"\" width=\"300\" height=\"146\" srcset=\"https:\/\/cpl14.fr\/wp-content\/uploads\/2024\/02\/camee-300x146.jpg 300w, https:\/\/cpl14.fr\/wp-content\/uploads\/2024\/02\/camee.jpg 620w\" sizes=\"auto, (max-width: 300px) 100vw, 300px\" \/><\/p>\n<p style=\"text-align: center;\">1906\u00a0maigre\u00a0 \u00a0 \u00a0 \u00a0 \u00a0 \u00a0 \u00a0 \u00a0 \u00a0 \u00a0 \u00a0 \u00a0 \u00a0 \u00a0 \u00a0 \u00a0 \u00a0 \u00a0 \u00a0 \u00a0 \u00a0 \u00a0 \u00a0 \u00a0 \u00a0 \u00a01907 cam\u00e9e<\/p>\n<p>Cette s\u00e9rie de Semeuse est tr\u00e8s riche en types et \u00e9tats divers car elle va \u00eatre utilis\u00e9 pendant pr\u00eat de 30 ans et\u00a0co\u00efncide avec la p\u00e9riode des innovations dans la\u00a0fabrication des timbres-poste:<\/p>\n<p>-introduction de l\u2019impression rotative<\/p>\n<p>-d\u00e9veloppement de l\u2019usage des carnets de timbres<\/p>\n<p>-multiplication\u00a0de la publicit\u00e9 sur les carnets de timbres<\/p>\n<p>-cr\u00e9ation des rouleaux de timbre pour machine distributrice (roulettes)<\/p>\n<p>Au d\u00e9c\u00e8s de Lhomme en 1916, F. Guillemain reprend le flambeau et grave de\u00a0nouveaux poin\u00e7ons originaux en 1920 et 1921.<\/p>\n<p>En 1927, c\u2019est au\u00a0tour de Chevet de graver des poin\u00e7ons pour les Semeuse \u00e0 \u00ab\u00a0grosse valeur\u00a0\u00bb.<\/p>\n<p>Les galvanos de service seront utilis\u00e9s pour diff\u00e9rentes \u00e9missions, fonction de la destination des timbres et de leur mode d\u2019impression. Nous avons donc des timbres de type identique avec des couleurs diff\u00e9rentes, et des timbres de m\u00eame couleur avec des types diff\u00e9rents!<\/p>\n<p>Devant la complexit\u00e9 du sujet, nous avons choisi de faire notre pr\u00e9sentation par valeur faciale suivant le travail r\u00e9alis\u00e9 par Pierre Marion dans son \u00ab\u00a0Dictionnaire des semeuses \u00e0 types multiples\u00a0\u00bb de 1974.<\/p>\n<h4><a href=\"http:\/\/cpl14.fr\/?page_id=1716\">1\/ Les Semeuse cam\u00e9es \u00e0 5c\u00a0<\/a>(n\u00b0137 vert et 158 jaune-orange)<\/h4>\n<h4><a href=\"http:\/\/cpl14.fr\/?page_id=2239\">2\/ Les Semeuse cam\u00e9es \u00e0 10c <\/a>(n\u00b0138 rouge, 159 vert et 279 outremer)<\/h4>\n<h4><a href=\"http:\/\/cpl14.fr\/?page_id=2277\">3\/ Les Semeuse cam\u00e9es \u00e0 15c <\/a>(n\u00b0189 brun-lilas)<\/h4>\n<h4><a href=\"http:\/\/cpl14.fr\/?page_id=2281\">4\/ Les Semeuse cam\u00e9es \u00e0 20c\u00a0<\/a>(n\u00b0139 brun-rouge et 190 lilas-rose)<\/h4>\n<h4><a href=\"http:\/\/cpl14.fr\/?page_id=2490\">5\/ Les Semeuse cam\u00e9es \u00e0 25c\u00a0<\/a>(n\u00b0140 bleu et 235 jaune-brun)<\/h4>\n<h4><a href=\"http:\/\/cpl14.fr\/?page_id=2962\">6\/ Les Semeuse cam\u00e9es \u00e0 30c\u00a0<\/a>(n\u00b0141 orange, 160 rouge, 191 rose, 192 bleu et 360 rouge-brique)<\/h4>\n<h4><a href=\"http:\/\/cpl14.fr\/?page_id=5406\">7\/ Les Semeuse cam\u00e9es \u00e0 35c <\/a>(n\u00b0142 violet et 361 vert)<\/h4>\n<h4><a href=\"http:\/\/cpl14.fr\/?page_id=2986\">8\/ Les Semeuse cam\u00e9es \u00e0 40c\u00a0<\/a>(n\u00b0193 brun-olive, 194 vermillon, 236 violet et 237 outremer)<\/h4>\n<p>&nbsp;<\/p>\n<h3>C\/ Les Semeuse lign\u00e9es de Guillemain<\/h3>\n<p>Sur les nombreuses valeurs grav\u00e9es par Fran\u00e7ois Guillemain entre 1921 et 1927, seuls les 50c vert-olive et\u00a0 rouge, et le 75c lilas-rose pr\u00e9sentent des types multiples.<\/p>\n<h4>La Semeuse lign\u00e9e \u00e0 50c (n\u00b0198 olive et 199 rouge) \u00e0 venir<\/h4>\n<h4><a href=\"http:\/\/cpl14.fr\/?page_id=5414\">La Semeuse lign\u00e9e \u00e0 75c\u00a0<\/a>(n\u00b0202)<\/h4>\n<p style=\"text-align: right;\"><a href=\"http:\/\/cpl14.fr\/?p=1150\">retour \u00e0 l&rsquo;article Types et Etats<\/a><\/p>\n","protected":false},"excerpt":{"rendered":"<div class=\"mh-excerpt\"><p>compte tenu de la complexit\u00e9 du sujet, nous pr\u00e9sentons cette \u00e9tude par timbre et non par genre. La raison en est la g\u00e9n\u00e9tique des Semeuse: <a class=\"mh-excerpt-more\" href=\"https:\/\/cpl14.fr\/?page_id=6309\" title=\"Les Semeuse\">[&#8230;]<\/a><\/p>\n<\/div>","protected":false},"author":1,"featured_media":0,"parent":0,"menu_order":0,"comment_status":"closed","ping_status":"closed","template":"","meta":{"footnotes":""},"class_list":["post-6309","page","type-page","status-publish","hentry"],"_links":{"self":[{"href":"https:\/\/cpl14.fr\/index.php?rest_route=\/wp\/v2\/pages\/6309","targetHints":{"allow":["GET"]}}],"collection":[{"href":"https:\/\/cpl14.fr\/index.php?rest_route=\/wp\/v2\/pages"}],"about":[{"href":"https:\/\/cpl14.fr\/index.php?rest_route=\/wp\/v2\/types\/page"}],"author":[{"embeddable":true,"href":"https:\/\/cpl14.fr\/index.php?rest_route=\/wp\/v2\/users\/1"}],"replies":[{"embeddable":true,"href":"https:\/\/cpl14.fr\/index.php?rest_route=%2Fwp%2Fv2%2Fcomments&post=6309"}],"version-history":[{"count":9,"href":"https:\/\/cpl14.fr\/index.php?rest_route=\/wp\/v2\/pages\/6309\/revisions"}],"predecessor-version":[{"id":8430,"href":"https:\/\/cpl14.fr\/index.php?rest_route=\/wp\/v2\/pages\/6309\/revisions\/8430"}],"wp:attachment":[{"href":"https:\/\/cpl14.fr\/index.php?rest_route=%2Fwp%2Fv2%2Fmedia&parent=6309"}],"curies":[{"name":"wp","href":"https:\/\/api.w.org\/{rel}","templated":true}]}}