{"id":6435,"date":"2020-03-25T09:08:04","date_gmt":"2020-03-25T08:08:04","guid":{"rendered":"http:\/\/cpl14.fr\/?page_id=6435"},"modified":"2020-03-27T13:19:37","modified_gmt":"2020-03-27T12:19:37","slug":"les-coqs-de-decaris","status":"publish","type":"page","link":"https:\/\/cpl14.fr\/?page_id=6435","title":{"rendered":"Les Coq de Decaris"},"content":{"rendered":"<p><img loading=\"lazy\" decoding=\"async\" class=\"size-full wp-image-6679 aligncenter\" src=\"http:\/\/cpl14.fr\/wp-content\/uploads\/2020\/03\/coqs-copie.jpg\" alt=\"\" width=\"601\" height=\"378\" srcset=\"https:\/\/cpl14.fr\/wp-content\/uploads\/2020\/03\/coqs-copie.jpg 601w, https:\/\/cpl14.fr\/wp-content\/uploads\/2020\/03\/coqs-copie-300x189.jpg 300w\" sizes=\"auto, (max-width: 601px) 100vw, 601px\" \/><\/p>\n<p>Typographi\u00e9s, ces timbres marquent une transition dans l&rsquo;histoire postale avec le 0,25f qui sera le premier timbre des essais de l&rsquo;automation* du courrier. Il sera trait\u00e9 \u00e0 l&rsquo;aide d&rsquo;un produit fluorescent faisant ressortir le timbre en jaune vif au UV, d&rsquo;o\u00f9 son nom de \u00ab\u00a0Coq d&rsquo;Or\u00a0\u00bb.<\/p>\n<p><span class=\"st\">(*): L&rsquo;<em>automation<\/em> consiste \u00e0 utiliser les services d&rsquo;un logiciel dans une application informatique. C&rsquo;est le d\u00e9but du tri du courrier par des machines \u00e9lectroniques.<\/span><\/p>\n<h4><a href=\"http:\/\/cpl14.fr\/?page_id=6447\">le 0,25f<\/a><\/h4>\n<h4><a href=\"http:\/\/cpl14.fr\/?page_id=6449\">le 0,30f<\/a><\/h4>\n<p>&nbsp;<\/p>\n<p style=\"text-align: right;\"><a href=\"http:\/\/cpl14.fr\/?p=1150\">retour \u00e0 l&rsquo;article Types et Etats<\/a><\/p>\n","protected":false},"excerpt":{"rendered":"<div class=\"mh-excerpt\"><p>Typographi\u00e9s, ces timbres marquent une transition dans l&rsquo;histoire postale avec le 0,25f qui sera le premier timbre des essais de l&rsquo;automation* du courrier. Il sera <a class=\"mh-excerpt-more\" href=\"https:\/\/cpl14.fr\/?page_id=6435\" title=\"Les Coq de Decaris\">[&#8230;]<\/a><\/p>\n<\/div>","protected":false},"author":1,"featured_media":0,"parent":0,"menu_order":0,"comment_status":"closed","ping_status":"closed","template":"","meta":{"footnotes":""},"class_list":["post-6435","page","type-page","status-publish","hentry"],"_links":{"self":[{"href":"https:\/\/cpl14.fr\/index.php?rest_route=\/wp\/v2\/pages\/6435","targetHints":{"allow":["GET"]}}],"collection":[{"href":"https:\/\/cpl14.fr\/index.php?rest_route=\/wp\/v2\/pages"}],"about":[{"href":"https:\/\/cpl14.fr\/index.php?rest_route=\/wp\/v2\/types\/page"}],"author":[{"embeddable":true,"href":"https:\/\/cpl14.fr\/index.php?rest_route=\/wp\/v2\/users\/1"}],"replies":[{"embeddable":true,"href":"https:\/\/cpl14.fr\/index.php?rest_route=%2Fwp%2Fv2%2Fcomments&post=6435"}],"version-history":[{"count":9,"href":"https:\/\/cpl14.fr\/index.php?rest_route=\/wp\/v2\/pages\/6435\/revisions"}],"predecessor-version":[{"id":6680,"href":"https:\/\/cpl14.fr\/index.php?rest_route=\/wp\/v2\/pages\/6435\/revisions\/6680"}],"wp:attachment":[{"href":"https:\/\/cpl14.fr\/index.php?rest_route=%2Fwp%2Fv2%2Fmedia&parent=6435"}],"curies":[{"name":"wp","href":"https:\/\/api.w.org\/{rel}","templated":true}]}}