{"id":7109,"date":"2020-04-20T08:34:38","date_gmt":"2020-04-20T06:34:38","guid":{"rendered":"http:\/\/cpl14.fr\/?page_id=7109"},"modified":"2020-05-06T08:53:12","modified_gmt":"2020-05-06T06:53:12","slug":"1910-1913-nouveaux-essais","status":"publish","type":"page","link":"https:\/\/cpl14.fr\/?page_id=7109","title":{"rendered":"1910-1913, nouveaux essais"},"content":{"rendered":"<p><a href=\"http:\/\/cpl14.fr\/?page_id=7213\">La machine International I (essai 2 1910-1914)<\/a><\/p>\n<p><a href=\"http:\/\/cpl14.fr\/?page_id=7213\"><img loading=\"lazy\" decoding=\"async\" class=\"alignnone size-full wp-image-7237\" src=\"http:\/\/cpl14.fr\/wp-content\/uploads\/2020\/04\/international-I-type.jpg\" alt=\"\" width=\"453\" height=\"127\" srcset=\"https:\/\/cpl14.fr\/wp-content\/uploads\/2020\/04\/international-I-type.jpg 453w, https:\/\/cpl14.fr\/wp-content\/uploads\/2020\/04\/international-I-type-300x84.jpg 300w\" sizes=\"auto, (max-width: 453px) 100vw, 453px\" \/><\/a><\/p>\n<p><a href=\"http:\/\/cpl14.fr\/?page_id=7215\">La machine Chambon (1912-1917)<\/a><\/p>\n<p><a href=\"http:\/\/cpl14.fr\/?page_id=7215\"><img loading=\"lazy\" decoding=\"async\" class=\"alignnone size-full wp-image-7243\" src=\"http:\/\/cpl14.fr\/wp-content\/uploads\/2020\/04\/chambon-type.jpg\" alt=\"\" width=\"695\" height=\"145\" srcset=\"https:\/\/cpl14.fr\/wp-content\/uploads\/2020\/04\/chambon-type.jpg 695w, https:\/\/cpl14.fr\/wp-content\/uploads\/2020\/04\/chambon-type-300x63.jpg 300w\" sizes=\"auto, (max-width: 695px) 100vw, 695px\" \/><\/a><\/p>\n<p><a href=\"http:\/\/cpl14.fr\/?page_id=7217\">La machine Garcia (1913-1924)<\/a><\/p>\n<p><a href=\"http:\/\/cpl14.fr\/?page_id=7217\"><img loading=\"lazy\" decoding=\"async\" class=\"alignnone size-full wp-image-7244\" src=\"http:\/\/cpl14.fr\/wp-content\/uploads\/2020\/04\/garcia-type.jpg\" alt=\"\" width=\"795\" height=\"152\" srcset=\"https:\/\/cpl14.fr\/wp-content\/uploads\/2020\/04\/garcia-type.jpg 795w, https:\/\/cpl14.fr\/wp-content\/uploads\/2020\/04\/garcia-type-300x57.jpg 300w, https:\/\/cpl14.fr\/wp-content\/uploads\/2020\/04\/garcia-type-768x147.jpg 768w\" sizes=\"auto, (max-width: 795px) 100vw, 795px\" \/><\/a><\/p>\n<p>&nbsp;<\/p>\n<p style=\"text-align: right;\"><a href=\"http:\/\/cpl14.fr\/?p=7648\">retour \u00e0 l&rsquo;article De la M\u00e9canisation \u00e0 l&rsquo;Automation<\/a><\/p>\n","protected":false},"excerpt":{"rendered":"<div class=\"mh-excerpt\"><p>La machine International I (essai 2 1910-1914) La machine Chambon (1912-1917) La machine Garcia (1913-1924) &nbsp; retour \u00e0 l&rsquo;article De la M\u00e9canisation \u00e0 l&rsquo;Automation<\/p>\n<\/div>","protected":false},"author":1,"featured_media":0,"parent":0,"menu_order":0,"comment_status":"closed","ping_status":"closed","template":"","meta":{"footnotes":""},"class_list":["post-7109","page","type-page","status-publish","hentry"],"_links":{"self":[{"href":"https:\/\/cpl14.fr\/index.php?rest_route=\/wp\/v2\/pages\/7109","targetHints":{"allow":["GET"]}}],"collection":[{"href":"https:\/\/cpl14.fr\/index.php?rest_route=\/wp\/v2\/pages"}],"about":[{"href":"https:\/\/cpl14.fr\/index.php?rest_route=\/wp\/v2\/types\/page"}],"author":[{"embeddable":true,"href":"https:\/\/cpl14.fr\/index.php?rest_route=\/wp\/v2\/users\/1"}],"replies":[{"embeddable":true,"href":"https:\/\/cpl14.fr\/index.php?rest_route=%2Fwp%2Fv2%2Fcomments&post=7109"}],"version-history":[{"count":11,"href":"https:\/\/cpl14.fr\/index.php?rest_route=\/wp\/v2\/pages\/7109\/revisions"}],"predecessor-version":[{"id":7654,"href":"https:\/\/cpl14.fr\/index.php?rest_route=\/wp\/v2\/pages\/7109\/revisions\/7654"}],"wp:attachment":[{"href":"https:\/\/cpl14.fr\/index.php?rest_route=%2Fwp%2Fv2%2Fmedia&parent=7109"}],"curies":[{"name":"wp","href":"https:\/\/api.w.org\/{rel}","templated":true}]}}