{"id":7122,"date":"2020-04-20T08:39:52","date_gmt":"2020-04-20T06:39:52","guid":{"rendered":"http:\/\/cpl14.fr\/?page_id=7122"},"modified":"2020-05-06T08:56:58","modified_gmt":"2020-05-06T06:56:58","slug":"1966-1972-les-debuts-de-lautomatisation","status":"publish","type":"page","link":"https:\/\/cpl14.fr\/?page_id=7122","title":{"rendered":"1966-1972, les d\u00e9buts de l&rsquo;automatisation&#8230;"},"content":{"rendered":"<p><a href=\"http:\/\/cpl14.fr\/?page_id=7539\">la machine Pitney-Bowes<\/a><\/p>\n<p><a href=\"http:\/\/cpl14.fr\/?page_id=7539\"><img loading=\"lazy\" decoding=\"async\" class=\"alignnone size-full wp-image-7537\" src=\"http:\/\/cpl14.fr\/wp-content\/uploads\/2020\/04\/pitney-bowes.jpg\" alt=\"\" width=\"444\" height=\"148\" srcset=\"https:\/\/cpl14.fr\/wp-content\/uploads\/2020\/04\/pitney-bowes.jpg 444w, https:\/\/cpl14.fr\/wp-content\/uploads\/2020\/04\/pitney-bowes-300x100.jpg 300w\" sizes=\"auto, (max-width: 444px) 100vw, 444px\" \/><\/a><\/p>\n<p><a href=\"http:\/\/cpl14.fr\/?page_id=7540\">la machine Hotchkiss-Brandt<\/a><\/p>\n<p><a href=\"http:\/\/cpl14.fr\/?page_id=7540\"><img loading=\"lazy\" decoding=\"async\" class=\"alignnone size-full wp-image-7538\" src=\"http:\/\/cpl14.fr\/wp-content\/uploads\/2020\/04\/hotchkiss-brandt.jpg\" alt=\"\" width=\"463\" height=\"152\" srcset=\"https:\/\/cpl14.fr\/wp-content\/uploads\/2020\/04\/hotchkiss-brandt.jpg 463w, https:\/\/cpl14.fr\/wp-content\/uploads\/2020\/04\/hotchkiss-brandt-300x98.jpg 300w\" sizes=\"auto, (max-width: 463px) 100vw, 463px\" \/><\/a><\/p>\n<p>&nbsp;<\/p>\n<p style=\"text-align: right;\"><a href=\"http:\/\/cpl14.fr\/?p=7648\">retour \u00e0 l&rsquo;article De la M\u00e9canisation \u00e0 l&rsquo;Automation<\/a><\/p>\n","protected":false},"excerpt":{"rendered":"<div class=\"mh-excerpt\"><p>la machine Pitney-Bowes la machine Hotchkiss-Brandt &nbsp; retour \u00e0 l&rsquo;article De la M\u00e9canisation \u00e0 l&rsquo;Automation<\/p>\n<\/div>","protected":false},"author":1,"featured_media":0,"parent":0,"menu_order":0,"comment_status":"closed","ping_status":"closed","template":"","meta":{"footnotes":""},"class_list":["post-7122","page","type-page","status-publish","hentry"],"_links":{"self":[{"href":"https:\/\/cpl14.fr\/index.php?rest_route=\/wp\/v2\/pages\/7122","targetHints":{"allow":["GET"]}}],"collection":[{"href":"https:\/\/cpl14.fr\/index.php?rest_route=\/wp\/v2\/pages"}],"about":[{"href":"https:\/\/cpl14.fr\/index.php?rest_route=\/wp\/v2\/types\/page"}],"author":[{"embeddable":true,"href":"https:\/\/cpl14.fr\/index.php?rest_route=\/wp\/v2\/users\/1"}],"replies":[{"embeddable":true,"href":"https:\/\/cpl14.fr\/index.php?rest_route=%2Fwp%2Fv2%2Fcomments&post=7122"}],"version-history":[{"count":6,"href":"https:\/\/cpl14.fr\/index.php?rest_route=\/wp\/v2\/pages\/7122\/revisions"}],"predecessor-version":[{"id":7660,"href":"https:\/\/cpl14.fr\/index.php?rest_route=\/wp\/v2\/pages\/7122\/revisions\/7660"}],"wp:attachment":[{"href":"https:\/\/cpl14.fr\/index.php?rest_route=%2Fwp%2Fv2%2Fmedia&parent=7122"}],"curies":[{"name":"wp","href":"https:\/\/api.w.org\/{rel}","templated":true}]}}