{"id":7286,"date":"2020-04-21T05:47:38","date_gmt":"2020-04-21T03:47:38","guid":{"rendered":"http:\/\/cpl14.fr\/?page_id=7286"},"modified":"2020-04-21T06:59:01","modified_gmt":"2020-04-21T04:59:01","slug":"la-machine-krag-2eme-generation","status":"publish","type":"page","link":"https:\/\/cpl14.fr\/?page_id=7286","title":{"rendered":"La machine Krag 2\u00e9me g\u00e9n\u00e9ration"},"content":{"rendered":"<p>1923, les machines Krag de 1re g\u00e9n\u00e9ration sont en service depuis 17 ans. Une nouvelle machine, plus moderne est mise en service: la machine Krag 2e g\u00e9n\u00e9ration. Cette machine \u00e0 manivelle manuelle sera la machine des bureaux de moyenne taille pendant 42 ans, jusqu&rsquo;en 1965.<\/p>\n<p>De 1923 \u00e0 1949, les blocs dateurs des TAD se pr\u00e9sentent sous la forme Date\/Heure sur une ligne.<\/p>\n<p><img loading=\"lazy\" decoding=\"async\" class=\"size-full wp-image-7317 aligncenter\" src=\"http:\/\/cpl14.fr\/wp-content\/uploads\/2020\/04\/47.jpg\" alt=\"\" width=\"900\" height=\"419\" srcset=\"https:\/\/cpl14.fr\/wp-content\/uploads\/2020\/04\/47.jpg 900w, https:\/\/cpl14.fr\/wp-content\/uploads\/2020\/04\/47-300x140.jpg 300w, https:\/\/cpl14.fr\/wp-content\/uploads\/2020\/04\/47-768x358.jpg 768w\" sizes=\"auto, (max-width: 900px) 100vw, 900px\" \/><\/p>\n<p style=\"text-align: center;\">Krag 2e g\u00e9n\u00e9ration, montage standard avec lignes ondul\u00e9es<br \/>\nPARIS ST LAZARE \/ PAQUEBOTS<br \/>\n<em>(bureau \u00e0 ouverture sp\u00e9ciale, uniquement les jours d&rsquo;escale des bateaux \u00e9trangers \u00e0 Cherbourg)<\/em><\/p>\n<p>&nbsp;<\/p>\n<p><img loading=\"lazy\" decoding=\"async\" class=\"size-full wp-image-7319 aligncenter\" src=\"http:\/\/cpl14.fr\/wp-content\/uploads\/2020\/04\/49.jpg\" alt=\"\" width=\"700\" height=\"451\" srcset=\"https:\/\/cpl14.fr\/wp-content\/uploads\/2020\/04\/49.jpg 700w, https:\/\/cpl14.fr\/wp-content\/uploads\/2020\/04\/49-300x193.jpg 300w\" sizes=\"auto, (max-width: 700px) 100vw, 700px\" \/><\/p>\n<p style=\"text-align: center;\">Krag 2e g\u00e9n\u00e9ration, montage standard avec flamme de propagande<br \/>\nPARIS 96-A \/ PRINTEMPS<br \/>\n<em>(une des 2 machines utilis\u00e9es par une recette auxiliaire urbaine, comme pour la machine Flier de Paris 118bis, elle est propri\u00e9t\u00e9 du magasin Printemps. La seconde est celle du bureau de poste du Petit Journal, recette auxiliaire \u00e0 g\u00e9rance gratuite)<\/em><\/p>\n<p>&nbsp;<\/p>\n<p>La machine a \u00e9t\u00e9 parfois utilis\u00e9 pour les marques de distribution:<\/p>\n<p><img loading=\"lazy\" decoding=\"async\" class=\"size-full wp-image-7320 aligncenter\" src=\"http:\/\/cpl14.fr\/wp-content\/uploads\/2020\/04\/50.jpg\" alt=\"\" width=\"800\" height=\"601\" srcset=\"https:\/\/cpl14.fr\/wp-content\/uploads\/2020\/04\/50.jpg 800w, https:\/\/cpl14.fr\/wp-content\/uploads\/2020\/04\/50-300x225.jpg 300w, https:\/\/cpl14.fr\/wp-content\/uploads\/2020\/04\/50-768x577.jpg 768w, https:\/\/cpl14.fr\/wp-content\/uploads\/2020\/04\/50-678x509.jpg 678w, https:\/\/cpl14.fr\/wp-content\/uploads\/2020\/04\/50-326x245.jpg 326w, https:\/\/cpl14.fr\/wp-content\/uploads\/2020\/04\/50-80x60.jpg 80w\" sizes=\"auto, (max-width: 800px) 100vw, 800px\" \/><\/p>\n<p style=\"text-align: center;\">Krag 2e g\u00e9n\u00e9ration, montage TAD seul \u00e0 r\u00e9ception<br \/>\nPARIS XVI \/ PLACE CHOPIN<br \/>\n<em>(seuls 3 machines ont utilis\u00e9 ce montage \u00e0 Paris: Paris\/Postes, Paris XI\/Distribution et Paris XVI\/ Place Chopin)<\/em><\/p>\n<p>&nbsp;<\/p>\n<p>\u00c0 partir de 1949 et jusqu&rsquo;au retrait des machines en 1965, les blocs dateurs des TAD se pr\u00e9sentent sous la forme Heure\/Date.<\/p>\n<p><img loading=\"lazy\" decoding=\"async\" class=\"size-full wp-image-7323 aligncenter\" src=\"http:\/\/cpl14.fr\/wp-content\/uploads\/2020\/04\/51.jpg\" alt=\"\" width=\"800\" height=\"627\" srcset=\"https:\/\/cpl14.fr\/wp-content\/uploads\/2020\/04\/51.jpg 800w, https:\/\/cpl14.fr\/wp-content\/uploads\/2020\/04\/51-300x235.jpg 300w, https:\/\/cpl14.fr\/wp-content\/uploads\/2020\/04\/51-768x602.jpg 768w\" sizes=\"auto, (max-width: 800px) 100vw, 800px\" \/><\/p>\n<p style=\"text-align: center;\">Krag 2e g\u00e9n\u00e9ration, dateur heure\/date, montage standard avec lignes ondul\u00e9es<br \/>\nPARIS 53 \/ R. POUSSIN (16E)<\/p>\n<p>&nbsp;<\/p>\n<p><img loading=\"lazy\" decoding=\"async\" class=\"size-full wp-image-7324 aligncenter\" src=\"http:\/\/cpl14.fr\/wp-content\/uploads\/2020\/04\/53.jpg\" alt=\"\" width=\"800\" height=\"643\" srcset=\"https:\/\/cpl14.fr\/wp-content\/uploads\/2020\/04\/53.jpg 800w, https:\/\/cpl14.fr\/wp-content\/uploads\/2020\/04\/53-300x241.jpg 300w, https:\/\/cpl14.fr\/wp-content\/uploads\/2020\/04\/53-768x617.jpg 768w\" sizes=\"auto, (max-width: 800px) 100vw, 800px\" \/><\/p>\n<p style=\"text-align: center;\">Krag 2e g\u00e9n\u00e9ration, dateur heure\/date, montage standard avec flamme de propagande<br \/>\nANNECY R.P. \/ HAUTE-SAVOIE<\/p>\n<p>&nbsp;<\/p>\n<h4 style=\"text-align: center;\">Les timbres \u00e0 date des machines Krag<\/h4>\n<p><img loading=\"lazy\" decoding=\"async\" class=\" wp-image-7325 aligncenter\" src=\"http:\/\/cpl14.fr\/wp-content\/uploads\/2020\/04\/tad-krag.jpg\" alt=\"\" width=\"501\" height=\"403\" srcset=\"https:\/\/cpl14.fr\/wp-content\/uploads\/2020\/04\/tad-krag.jpg 667w, https:\/\/cpl14.fr\/wp-content\/uploads\/2020\/04\/tad-krag-300x242.jpg 300w\" sizes=\"auto, (max-width: 501px) 100vw, 501px\" \/><\/p>\n<p>&nbsp;<\/p>\n<h4>La machine Krag de 2e g\u00e9n\u00e9ration:<\/h4>\n<p>d = 27 mm<br \/>\nB = 64 mm<br \/>\nX = 2<\/p>\n<p>&nbsp;<\/p>\n<p style=\"text-align: right;\"><a href=\"http:\/\/cpl14.fr\/?page_id=7114\">retour \u00e0 la page 1918-1931, retour d&rsquo;Alsace<\/a><\/p>\n","protected":false},"excerpt":{"rendered":"<div class=\"mh-excerpt\"><p>1923, les machines Krag de 1re g\u00e9n\u00e9ration sont en service depuis 17 ans. Une nouvelle machine, plus moderne est mise en service: la machine Krag <a class=\"mh-excerpt-more\" href=\"https:\/\/cpl14.fr\/?page_id=7286\" title=\"La machine Krag 2\u00e9me g\u00e9n\u00e9ration\">[&#8230;]<\/a><\/p>\n<\/div>","protected":false},"author":1,"featured_media":0,"parent":0,"menu_order":0,"comment_status":"closed","ping_status":"closed","template":"","meta":{"footnotes":""},"class_list":["post-7286","page","type-page","status-publish","hentry"],"_links":{"self":[{"href":"https:\/\/cpl14.fr\/index.php?rest_route=\/wp\/v2\/pages\/7286","targetHints":{"allow":["GET"]}}],"collection":[{"href":"https:\/\/cpl14.fr\/index.php?rest_route=\/wp\/v2\/pages"}],"about":[{"href":"https:\/\/cpl14.fr\/index.php?rest_route=\/wp\/v2\/types\/page"}],"author":[{"embeddable":true,"href":"https:\/\/cpl14.fr\/index.php?rest_route=\/wp\/v2\/users\/1"}],"replies":[{"embeddable":true,"href":"https:\/\/cpl14.fr\/index.php?rest_route=%2Fwp%2Fv2%2Fcomments&post=7286"}],"version-history":[{"count":4,"href":"https:\/\/cpl14.fr\/index.php?rest_route=\/wp\/v2\/pages\/7286\/revisions"}],"predecessor-version":[{"id":7326,"href":"https:\/\/cpl14.fr\/index.php?rest_route=\/wp\/v2\/pages\/7286\/revisions\/7326"}],"wp:attachment":[{"href":"https:\/\/cpl14.fr\/index.php?rest_route=%2Fwp%2Fv2%2Fmedia&parent=7286"}],"curies":[{"name":"wp","href":"https:\/\/api.w.org\/{rel}","templated":true}]}}

La machine Krag 2éme génération

<p>1923, les machines Krag de 1re génération sont en service depuis 17 ans. Une nouvelle machine, plus moderne est mise en service: la machine Krag 2e génération. Cette machine à manivelle manuelle sera la machine des bureaux de moyenne taille pendant 42 ans, jusqu&rsquo;en 1965.</p>
<p>De 1923 à 1949, les blocs dateurs des TAD se présentent sous la forme Date/Heure sur une ligne.</p>
<p><img loading="lazy" decoding="async" class="size-full wp-image-7317 aligncenter" src="http://cpl14.fr/wp-content/uploads/2020/04/47.jpg" alt="" width="900" height="419" srcset="https://cpl14.fr/wp-content/uploads/2020/04/47.jpg 900w, https://cpl14.fr/wp-content/uploads/2020/04/47-300x140.jpg 300w, https://cpl14.fr/wp-content/uploads/2020/04/47-768x358.jpg 768w" sizes="auto, (max-width: 900px) 100vw, 900px" /></p>
<p style="text-align: center;">Krag 2e génération, montage standard avec lignes ondulées<br />
PARIS ST LAZARE / PAQUEBOTS<br />
<em>(bureau à ouverture spéciale, uniquement les jours d&rsquo;escale des bateaux étrangers à Cherbourg)</em></p>
<p>&nbsp;</p>
<p><img loading="lazy" decoding="async" class="size-full wp-image-7319 aligncenter" src="http://cpl14.fr/wp-content/uploads/2020/04/49.jpg" alt="" width="700" height="451" srcset="https://cpl14.fr/wp-content/uploads/2020/04/49.jpg 700w, https://cpl14.fr/wp-content/uploads/2020/04/49-300x193.jpg 300w" sizes="auto, (max-width: 700px) 100vw, 700px" /></p>
<p style="text-align: center;">Krag 2e génération, montage standard avec flamme de propagande<br />
PARIS 96-A / PRINTEMPS<br />
<em>(une des 2 machines utilisées par une recette auxiliaire urbaine, comme pour la machine Flier de Paris 118bis, elle est propriété du magasin Printemps. La seconde est celle du bureau de poste du Petit Journal, recette auxiliaire à gérance gratuite)</em></p>
<p>&nbsp;</p>
<p>La machine a été parfois utilisé pour les marques de distribution:</p>
<p><img loading="lazy" decoding="async" class="size-full wp-image-7320 aligncenter" src="http://cpl14.fr/wp-content/uploads/2020/04/50.jpg" alt="" width="800" height="601" srcset="https://cpl14.fr/wp-content/uploads/2020/04/50.jpg 800w, https://cpl14.fr/wp-content/uploads/2020/04/50-300x225.jpg 300w, https://cpl14.fr/wp-content/uploads/2020/04/50-768x577.jpg 768w, https://cpl14.fr/wp-content/uploads/2020/04/50-678x509.jpg 678w, https://cpl14.fr/wp-content/uploads/2020/04/50-326x245.jpg 326w, https://cpl14.fr/wp-content/uploads/2020/04/50-80x60.jpg 80w" sizes="auto, (max-width: 800px) 100vw, 800px" /></p>
<p style="text-align: center;">Krag 2e génération, montage TAD seul à réception<br />
PARIS XVI / PLACE CHOPIN<br />
<em>(seuls 3 machines ont utilisé ce montage à Paris: Paris/Postes, Paris XI/Distribution et Paris XVI/ Place Chopin)</em></p>
<p>&nbsp;</p>
<p>À partir de 1949 et jusqu&rsquo;au retrait des machines en 1965, les blocs dateurs des TAD se présentent sous la forme Heure/Date.</p>
<p><img loading="lazy" decoding="async" class="size-full wp-image-7323 aligncenter" src="http://cpl14.fr/wp-content/uploads/2020/04/51.jpg" alt="" width="800" height="627" srcset="https://cpl14.fr/wp-content/uploads/2020/04/51.jpg 800w, https://cpl14.fr/wp-content/uploads/2020/04/51-300x235.jpg 300w, https://cpl14.fr/wp-content/uploads/2020/04/51-768x602.jpg 768w" sizes="auto, (max-width: 800px) 100vw, 800px" /></p>
<p style="text-align: center;">Krag 2e génération, dateur heure/date, montage standard avec lignes ondulées<br />
PARIS 53 / R. POUSSIN (16E)</p>
<p>&nbsp;</p>
<p><img loading="lazy" decoding="async" class="size-full wp-image-7324 aligncenter" src="http://cpl14.fr/wp-content/uploads/2020/04/53.jpg" alt="" width="800" height="643" srcset="https://cpl14.fr/wp-content/uploads/2020/04/53.jpg 800w, https://cpl14.fr/wp-content/uploads/2020/04/53-300x241.jpg 300w, https://cpl14.fr/wp-content/uploads/2020/04/53-768x617.jpg 768w" sizes="auto, (max-width: 800px) 100vw, 800px" /></p>
<p style="text-align: center;">Krag 2e génération, dateur heure/date, montage standard avec flamme de propagande<br />
ANNECY R.P. / HAUTE-SAVOIE</p>
<p>&nbsp;</p>
<h4 style="text-align: center;">Les timbres à date des machines Krag</h4>
<p><img loading="lazy" decoding="async" class=" wp-image-7325 aligncenter" src="http://cpl14.fr/wp-content/uploads/2020/04/tad-krag.jpg" alt="" width="501" height="403" srcset="https://cpl14.fr/wp-content/uploads/2020/04/tad-krag.jpg 667w, https://cpl14.fr/wp-content/uploads/2020/04/tad-krag-300x242.jpg 300w" sizes="auto, (max-width: 501px) 100vw, 501px" /></p>
<p>&nbsp;</p>
<h4>La machine Krag de 2e génération:</h4>
<p>d = 27 mm<br />
B = 64 mm<br />
X = 2</p>
<p>&nbsp;</p>
<p style="text-align: right;"><a href="http://cpl14.fr/?page_id=7114">retour à la page 1918-1931, retour d&rsquo;Alsace</a></p>

<div class="mh-excerpt"><p>1923, les machines Krag de 1re génération sont en service depuis 17 ans. Une nouvelle machine, plus moderne est mise en service: la machine Krag <a class="mh-excerpt-more" href="https://cpl14.fr/?page_id=7286" title="La machine Krag 2éme génération">[&#8230;]</a></p>
</div>
