{"id":7586,"date":"2020-04-30T08:43:22","date_gmt":"2020-04-30T06:43:22","guid":{"rendered":"http:\/\/cpl14.fr\/?page_id=7586"},"modified":"2020-04-30T09:30:55","modified_gmt":"2020-04-30T07:30:55","slug":"les-machines-nec","status":"publish","type":"page","link":"https:\/\/cpl14.fr\/?page_id=7586","title":{"rendered":"les machines NEC"},"content":{"rendered":"<p>En 1976, une autre machine japonaise est test\u00e9e: la machine NEC<\/p>\n<p>Il n&rsquo;y aura que 3 machines, donnant des empreintes identiques \u00e0 la machine Toshiba:<br \/>\n&#8211; Paris 16 (2 TAD diff\u00e9rents)<br \/>\n&#8211; St Ouen<br \/>\n&#8211; Caen-Gare, puis Caen-Mondeville lors du d\u00e9m\u00e9nagement du centre de tri, et la destruction du b\u00e2timent pour la construction du nouveau centre commercial des \u00ab\u00a0Rives de l&rsquo;Orne\u00a0\u00bb.<\/p>\n<p><img loading=\"lazy\" decoding=\"async\" class=\"size-full wp-image-7609 aligncenter\" src=\"http:\/\/cpl14.fr\/wp-content\/uploads\/2020\/04\/144.jpg\" alt=\"\" width=\"800\" height=\"557\" srcset=\"https:\/\/cpl14.fr\/wp-content\/uploads\/2020\/04\/144.jpg 800w, https:\/\/cpl14.fr\/wp-content\/uploads\/2020\/04\/144-300x209.jpg 300w, https:\/\/cpl14.fr\/wp-content\/uploads\/2020\/04\/144-768x535.jpg 768w\" sizes=\"auto, (max-width: 800px) 100vw, 800px\" \/><\/p>\n<p style=\"text-align: center;\">NEC, montage standard \u00e0 lignes ondul\u00e9es, TAD grandes lettres<br \/>\nPARIS 16 \/ R. JEAN RICHEPIN<\/p>\n<p>\u00a0<img loading=\"lazy\" decoding=\"async\" class=\"size-full wp-image-7606 aligncenter\" src=\"http:\/\/cpl14.fr\/wp-content\/uploads\/2020\/04\/145.1.jpg\" alt=\"\" width=\"800\" height=\"558\" srcset=\"https:\/\/cpl14.fr\/wp-content\/uploads\/2020\/04\/145.1.jpg 800w, https:\/\/cpl14.fr\/wp-content\/uploads\/2020\/04\/145.1-300x209.jpg 300w, https:\/\/cpl14.fr\/wp-content\/uploads\/2020\/04\/145.1-768x536.jpg 768w\" sizes=\"auto, (max-width: 800px) 100vw, 800px\" \/><\/p>\n<p style=\"text-align: center;\">NEC, montage standard \u00e0 lignes ondul\u00e9es, TAD petites lettres<br \/>\nPARIS 16 \/ R. JEAN RICHEPIN<\/p>\n<p>&nbsp;<\/p>\n<p><img loading=\"lazy\" decoding=\"async\" class=\"size-full wp-image-7607 aligncenter\" src=\"http:\/\/cpl14.fr\/wp-content\/uploads\/2020\/04\/145.2.jpg\" alt=\"\" width=\"800\" height=\"583\" srcset=\"https:\/\/cpl14.fr\/wp-content\/uploads\/2020\/04\/145.2.jpg 800w, https:\/\/cpl14.fr\/wp-content\/uploads\/2020\/04\/145.2-300x219.jpg 300w, https:\/\/cpl14.fr\/wp-content\/uploads\/2020\/04\/145.2-768x560.jpg 768w\" sizes=\"auto, (max-width: 800px) 100vw, 800px\" \/><\/p>\n<p style=\"text-align: center;\">NEC, montage standard \u00e0 lignes ondul\u00e9es<br \/>\n93 ST OUEN PPAL \/ SEINE ST DENIS<\/p>\n<p>&nbsp;<\/p>\n<p><img loading=\"lazy\" decoding=\"async\" class=\"size-full wp-image-7608 aligncenter\" src=\"http:\/\/cpl14.fr\/wp-content\/uploads\/2020\/04\/146.1.jpg\" alt=\"\" width=\"800\" height=\"555\" srcset=\"https:\/\/cpl14.fr\/wp-content\/uploads\/2020\/04\/146.1.jpg 800w, https:\/\/cpl14.fr\/wp-content\/uploads\/2020\/04\/146.1-300x208.jpg 300w, https:\/\/cpl14.fr\/wp-content\/uploads\/2020\/04\/146.1-768x533.jpg 768w\" sizes=\"auto, (max-width: 800px) 100vw, 800px\" \/><\/p>\n<p style=\"text-align: center;\">NEC, montage standard \u00e0 lignes ondul\u00e9es<br \/>\n14 CAEN GARE \/ CALVADOS<\/p>\n<h4>La machine NEC 1:<\/h4>\n<p>d = 24 mm<br \/>\nA = ?<br \/>\nB = 68 \u00e0 85 mm<br \/>\nC = 40 \u00e0 50 mm<br \/>\nD = 4 \u00e0 11 mm<\/p>\n<p>&nbsp;<\/p>\n<p>La derni\u00e8re machine automatique du XXe si\u00e8cle test\u00e9e et mise en service par la Poste est: la nouvelle machine NEC avec ou sans s\u00e9gr\u00e9gation du courrier<\/p>\n<p>Les premiers essais sont r\u00e9alis\u00e9s en 1996 \u00e0 Paris 14 CTC, Boulevard Brune avec une machine assurant la s\u00e9gr\u00e9gation du courrier avant redressement et oblit\u00e9ration. C&rsquo;est \u00e0 dire que la machine trie elle-m\u00eame les lettres trop grandes ou trop \u00e9paisses et les rejette pour traitement manuel.<br \/>\nLa Poste s&rsquo;\u00e9quipera aussi de machine sans s\u00e9gr\u00e9gateur.<\/p>\n<p>Les essais \u00e0 Paris 14 feront l&rsquo;objet de plusieurs TAD diff\u00e9rents, mais c&rsquo;est un mod\u00e8le allemand de 24mm (test\u00e9 3 jours en f\u00e9vrier 1997) qui sera retenu .<\/p>\n<p><img loading=\"lazy\" decoding=\"async\" class=\"size-full wp-image-7611 aligncenter\" src=\"http:\/\/cpl14.fr\/wp-content\/uploads\/2020\/04\/147.jpg\" alt=\"\" width=\"900\" height=\"450\" srcset=\"https:\/\/cpl14.fr\/wp-content\/uploads\/2020\/04\/147.jpg 900w, https:\/\/cpl14.fr\/wp-content\/uploads\/2020\/04\/147-300x150.jpg 300w, https:\/\/cpl14.fr\/wp-content\/uploads\/2020\/04\/147-768x384.jpg 768w\" sizes=\"auto, (max-width: 900px) 100vw, 900px\" \/><\/p>\n<p style=\"text-align: center;\">NEC, TAD de 24mm, montage standard \u00e0 lignes ondul\u00e9es<br \/>\nPARIS 14 CTC \/ BD BRUNE<\/p>\n<p>Quant aux autres machines, install\u00e9es dans plusieurs centres de traitement du courrier de Paris ou de province, ce sont des TAD de 27,5mm qui seront utilis\u00e9s<\/p>\n<p><img loading=\"lazy\" decoding=\"async\" class=\"size-full wp-image-7612 aligncenter\" src=\"http:\/\/cpl14.fr\/wp-content\/uploads\/2020\/04\/148.jpg\" alt=\"\" width=\"900\" height=\"630\" srcset=\"https:\/\/cpl14.fr\/wp-content\/uploads\/2020\/04\/148.jpg 900w, https:\/\/cpl14.fr\/wp-content\/uploads\/2020\/04\/148-300x210.jpg 300w, https:\/\/cpl14.fr\/wp-content\/uploads\/2020\/04\/148-768x538.jpg 768w\" sizes=\"auto, (max-width: 900px) 100vw, 900px\" \/><\/p>\n<p style=\"text-align: center;\">NEC, TAD de 27,5mm, montage standard \u00e0 lignes ondul\u00e9es<br \/>\nPARIS LOUVRE CTC \/ RUE du LOUVRE (1er)<\/p>\n<p>&nbsp;<\/p>\n<p><img loading=\"lazy\" decoding=\"async\" class=\"size-full wp-image-7610 aligncenter\" src=\"http:\/\/cpl14.fr\/wp-content\/uploads\/2020\/04\/149.jpg\" alt=\"\" width=\"900\" height=\"447\" srcset=\"https:\/\/cpl14.fr\/wp-content\/uploads\/2020\/04\/149.jpg 900w, https:\/\/cpl14.fr\/wp-content\/uploads\/2020\/04\/149-300x149.jpg 300w, https:\/\/cpl14.fr\/wp-content\/uploads\/2020\/04\/149-768x381.jpg 768w\" sizes=\"auto, (max-width: 900px) 100vw, 900px\" \/><\/p>\n<p style=\"text-align: center;\">NEC, TAD de 27,5mm, montage standard \u00e0 lignes ondul\u00e9es<br \/>\n-75 PARIS EUROPE CPC- \/ FRANCE<\/p>\n<h4>La machine NEC 2:<\/h4>\n<p>d = 24 ou 27.5 mm<br \/>\nA = ?<br \/>\nB = 68 \u00e0 85 mm<br \/>\nC = 40 \u00e0 50 mm<br \/>\nD = 4 \u00e0 11 mm<\/p>\n<p style=\"text-align: right;\"><a href=\"http:\/\/cpl14.fr\/?page_id=7126\">retour \u00e0 la page arriv\u00e9e des japonaises<\/a><\/p>\n","protected":false},"excerpt":{"rendered":"<div class=\"mh-excerpt\"><p>En 1976, une autre machine japonaise est test\u00e9e: la machine NEC Il n&rsquo;y aura que 3 machines, donnant des empreintes identiques \u00e0 la machine Toshiba: <a class=\"mh-excerpt-more\" href=\"https:\/\/cpl14.fr\/?page_id=7586\" title=\"les machines NEC\">[&#8230;]<\/a><\/p>\n<\/div>","protected":false},"author":1,"featured_media":0,"parent":0,"menu_order":0,"comment_status":"closed","ping_status":"closed","template":"","meta":{"footnotes":""},"class_list":["post-7586","page","type-page","status-publish","hentry"],"_links":{"self":[{"href":"https:\/\/cpl14.fr\/index.php?rest_route=\/wp\/v2\/pages\/7586","targetHints":{"allow":["GET"]}}],"collection":[{"href":"https:\/\/cpl14.fr\/index.php?rest_route=\/wp\/v2\/pages"}],"about":[{"href":"https:\/\/cpl14.fr\/index.php?rest_route=\/wp\/v2\/types\/page"}],"author":[{"embeddable":true,"href":"https:\/\/cpl14.fr\/index.php?rest_route=\/wp\/v2\/users\/1"}],"replies":[{"embeddable":true,"href":"https:\/\/cpl14.fr\/index.php?rest_route=%2Fwp%2Fv2%2Fcomments&post=7586"}],"version-history":[{"count":5,"href":"https:\/\/cpl14.fr\/index.php?rest_route=\/wp\/v2\/pages\/7586\/revisions"}],"predecessor-version":[{"id":7615,"href":"https:\/\/cpl14.fr\/index.php?rest_route=\/wp\/v2\/pages\/7586\/revisions\/7615"}],"wp:attachment":[{"href":"https:\/\/cpl14.fr\/index.php?rest_route=%2Fwp%2Fv2%2Fmedia&parent=7586"}],"curies":[{"name":"wp","href":"https:\/\/api.w.org\/{rel}","templated":true}]}}