{"id":7973,"date":"2020-11-30T17:56:47","date_gmt":"2020-11-30T16:56:47","guid":{"rendered":"http:\/\/cpl14.fr\/?page_id=7973"},"modified":"2025-04-26T12:27:37","modified_gmt":"2025-04-26T10:27:37","slug":"les-ternes","status":"publish","type":"page","link":"https:\/\/cpl14.fr\/?page_id=7973","title":{"rendered":"LES TERNES"},"content":{"rendered":"<p align=\"JUSTIFY\"><span style=\"font-family: Arial, sans-serif;\"><span style=\"font-size: medium;\">La construction de l\u2019enceinte de Thiers \u00e0 partir de 1841 isola le hameau des Ternes du reste de la commune de Neuilly. Le hameau comptait alors 8000 habitants. Un lotissement d\u00e9nomm\u00e9 \u00e0 l\u2019\u00e9poque \u2018\u2018Ferdinandville\u2019\u2019 fut cr\u00e9\u00e9 pr\u00e8s de la place de l\u2019Etoile. En 1860 la population du quartier des Ternes atteignait 16 000 habitants. Le quartier fut alors d\u00e9tach\u00e9 de Neuilly et int\u00e9gr\u00e9 au 17<sup>\u00e8me<\/sup> arrondissement de Paris.<\/span><\/span><\/p>\n<p align=\"JUSTIFY\"><span style=\"font-family: Arial, sans-serif;\"><span style=\"font-size: medium;\">Le bureau de recette fut cr\u00e9\u00e9 en 1838. En 1860 il est situ\u00e9 au 37 rue de l\u2019Arc-de-Triomphe. Le losange oblit\u00e9rant petits chiffres 3333 fut utilis\u00e9 jusqu\u2019\u00e0 fin 1862.<\/span><\/span><\/p>\n<p align=\"JUSTIFY\"><img loading=\"lazy\" decoding=\"async\" class=\"size-full wp-image-7974 aligncenter\" src=\"http:\/\/cpl14.fr\/wp-content\/uploads\/2020\/11\/53.png\" alt=\"\" width=\"700\" height=\"312\" srcset=\"https:\/\/cpl14.fr\/wp-content\/uploads\/2020\/11\/53.png 700w, https:\/\/cpl14.fr\/wp-content\/uploads\/2020\/11\/53-300x134.png 300w\" sizes=\"auto, (max-width: 700px) 100vw, 700px\" \/><\/p>\n<p align=\"JUSTIFY\"><img loading=\"lazy\" decoding=\"async\" class=\"size-full wp-image-7975 aligncenter\" src=\"http:\/\/cpl14.fr\/wp-content\/uploads\/2020\/11\/54.png\" alt=\"\" width=\"700\" height=\"314\" srcset=\"https:\/\/cpl14.fr\/wp-content\/uploads\/2020\/11\/54.png 700w, https:\/\/cpl14.fr\/wp-content\/uploads\/2020\/11\/54-300x135.png 300w\" sizes=\"auto, (max-width: 700px) 100vw, 700px\" \/><\/p>\n<p align=\"CENTER\"><span style=\"color: #000000;\"><span style=\"font-family: Arial, sans-serif;\"><span style=\"font-size: small;\">Losange petits chiffres 3333<b> <\/b>sur lettre<\/span><\/span><\/span><\/p>\n<p align=\"CENTER\"><span style=\"color: #000000;\"><span style=\"font-family: Arial, sans-serif;\"><span style=\"font-size: small;\">timbre \u00e0 date LES TERNES (60) <i>8 SEPT. 61<\/i><\/span><\/span><\/span><\/p>\n<p align=\"CENTER\">.<\/p>\n<p align=\"CENTER\"><img loading=\"lazy\" decoding=\"async\" class=\"size-full wp-image-7976 alignnone\" src=\"http:\/\/cpl14.fr\/wp-content\/uploads\/2020\/11\/55.png\" alt=\"\" width=\"700\" height=\"468\" srcset=\"https:\/\/cpl14.fr\/wp-content\/uploads\/2020\/11\/55.png 700w, https:\/\/cpl14.fr\/wp-content\/uploads\/2020\/11\/55-300x201.png 300w\" sizes=\"auto, (max-width: 700px) 100vw, 700px\" \/><\/p>\n<p align=\"CENTER\"><span style=\"color: #000000;\"><span style=\"font-family: Arial, sans-serif;\"><span style=\"font-size: small;\">Losange gros chiffres 3921<b> <\/b>sur lettre<\/span><\/span><\/span><\/p>\n<p align=\"CENTER\"><span style=\"color: #000000;\"><span style=\"font-family: Arial, sans-serif;\"><span style=\"font-size: small;\">timbre \u00e0 date LES TERNES (60) <i>24 OCT. 65<\/i><\/span><\/span><\/span><\/p>\n<p align=\"CENTER\">.<\/p>\n<p align=\"CENTER\"><img loading=\"lazy\" decoding=\"async\" class=\"size-full wp-image-7977 aligncenter\" src=\"http:\/\/cpl14.fr\/wp-content\/uploads\/2020\/11\/56.png\" alt=\"\" width=\"700\" height=\"334\" srcset=\"https:\/\/cpl14.fr\/wp-content\/uploads\/2020\/11\/56.png 700w, https:\/\/cpl14.fr\/wp-content\/uploads\/2020\/11\/56-300x143.png 300w\" sizes=\"auto, (max-width: 700px) 100vw, 700px\" \/><\/p>\n<p align=\"CENTER\"><span style=\"color: #000000;\"><span style=\"font-family: Arial, sans-serif;\"><span style=\"font-size: small;\">Losange gros chiffres 3921<b> <\/b>sur lettre pour Lille <\/span><\/span><\/span><\/p>\n<p align=\"CENTER\"><span style=\"color: #000000;\"><span style=\"font-family: Arial, sans-serif;\"><span style=\"font-size: small;\">timbre \u00e0 date PARIS LES TERNES <i>19 NOV. 68<\/i><\/span><\/span><\/span><\/p>\n<p align=\"CENTER\">.<\/p>\n<p style=\"text-align: center;\" align=\"CENTER\"><a href=\"http:\/\/cpl14.fr\/?p=7871&amp;preview=true\">Retour \u00e0 l\u2019article Le Grand Paris de 1860<\/a><\/p>\n<p align=\"CENTER\">.<\/p>\n<p style=\"text-align: right;\" align=\"CENTER\">collection Patrick Caillot<\/p>\n<p align=\"CENTER\">\n","protected":false},"excerpt":{"rendered":"<div class=\"mh-excerpt\"><p>La construction de l\u2019enceinte de Thiers \u00e0 partir de 1841 isola le hameau des Ternes du reste de la commune de Neuilly. Le hameau comptait <a class=\"mh-excerpt-more\" href=\"https:\/\/cpl14.fr\/?page_id=7973\" title=\"LES TERNES\">[&#8230;]<\/a><\/p>\n<\/div>","protected":false},"author":1,"featured_media":0,"parent":0,"menu_order":0,"comment_status":"closed","ping_status":"closed","template":"","meta":{"footnotes":""},"class_list":["post-7973","page","type-page","status-publish","hentry"],"_links":{"self":[{"href":"https:\/\/cpl14.fr\/index.php?rest_route=\/wp\/v2\/pages\/7973","targetHints":{"allow":["GET"]}}],"collection":[{"href":"https:\/\/cpl14.fr\/index.php?rest_route=\/wp\/v2\/pages"}],"about":[{"href":"https:\/\/cpl14.fr\/index.php?rest_route=\/wp\/v2\/types\/page"}],"author":[{"embeddable":true,"href":"https:\/\/cpl14.fr\/index.php?rest_route=\/wp\/v2\/users\/1"}],"replies":[{"embeddable":true,"href":"https:\/\/cpl14.fr\/index.php?rest_route=%2Fwp%2Fv2%2Fcomments&post=7973"}],"version-history":[{"count":3,"href":"https:\/\/cpl14.fr\/index.php?rest_route=\/wp\/v2\/pages\/7973\/revisions"}],"predecessor-version":[{"id":8672,"href":"https:\/\/cpl14.fr\/index.php?rest_route=\/wp\/v2\/pages\/7973\/revisions\/8672"}],"wp:attachment":[{"href":"https:\/\/cpl14.fr\/index.php?rest_route=%2Fwp%2Fv2%2Fmedia&parent=7973"}],"curies":[{"name":"wp","href":"https:\/\/api.w.org\/{rel}","templated":true}]}}

<p align="JUSTIFY"><span style="font-family: Arial, sans-serif;"><span style="font-size: medium;">La construction de l’enceinte de Thiers à partir de 1841 isola le hameau des Ternes du reste de la commune de Neuilly. Le hameau comptait alors 8000 habitants. Un lotissement dénommé à l’époque ‘‘Ferdinandville’’ fut créé près de la place de l’Etoile. En 1860 la population du quartier des Ternes atteignait 16 000 habitants. Le quartier fut alors détaché de Neuilly et intégré au 17<sup>ème</sup> arrondissement de Paris.</span></span></p>
<p align="JUSTIFY"><span style="font-family: Arial, sans-serif;"><span style="font-size: medium;">Le bureau de recette fut créé en 1838. En 1860 il est situé au 37 rue de l’Arc-de-Triomphe. Le losange oblitérant petits chiffres 3333 fut utilisé jusqu’à fin 1862.</span></span></p>
<p align="JUSTIFY"><img loading="lazy" decoding="async" class="size-full wp-image-7974 aligncenter" src="http://cpl14.fr/wp-content/uploads/2020/11/53.png" alt="" width="700" height="312" srcset="https://cpl14.fr/wp-content/uploads/2020/11/53.png 700w, https://cpl14.fr/wp-content/uploads/2020/11/53-300x134.png 300w" sizes="auto, (max-width: 700px) 100vw, 700px" /></p>
<p align="JUSTIFY"><img loading="lazy" decoding="async" class="size-full wp-image-7975 aligncenter" src="http://cpl14.fr/wp-content/uploads/2020/11/54.png" alt="" width="700" height="314" srcset="https://cpl14.fr/wp-content/uploads/2020/11/54.png 700w, https://cpl14.fr/wp-content/uploads/2020/11/54-300x135.png 300w" sizes="auto, (max-width: 700px) 100vw, 700px" /></p>
<p align="CENTER"><span style="color: #000000;"><span style="font-family: Arial, sans-serif;"><span style="font-size: small;">Losange petits chiffres 3333<b> </b>sur lettre</span></span></span></p>
<p align="CENTER"><span style="color: #000000;"><span style="font-family: Arial, sans-serif;"><span style="font-size: small;">timbre à date LES TERNES (60) <i>8 SEPT. 61</i></span></span></span></p>
<p align="CENTER">.</p>
<p align="CENTER"><img loading="lazy" decoding="async" class="size-full wp-image-7976 alignnone" src="http://cpl14.fr/wp-content/uploads/2020/11/55.png" alt="" width="700" height="468" srcset="https://cpl14.fr/wp-content/uploads/2020/11/55.png 700w, https://cpl14.fr/wp-content/uploads/2020/11/55-300x201.png 300w" sizes="auto, (max-width: 700px) 100vw, 700px" /></p>
<p align="CENTER"><span style="color: #000000;"><span style="font-family: Arial, sans-serif;"><span style="font-size: small;">Losange gros chiffres 3921<b> </b>sur lettre</span></span></span></p>
<p align="CENTER"><span style="color: #000000;"><span style="font-family: Arial, sans-serif;"><span style="font-size: small;">timbre à date LES TERNES (60) <i>24 OCT. 65</i></span></span></span></p>
<p align="CENTER">.</p>
<p align="CENTER"><img loading="lazy" decoding="async" class="size-full wp-image-7977 aligncenter" src="http://cpl14.fr/wp-content/uploads/2020/11/56.png" alt="" width="700" height="334" srcset="https://cpl14.fr/wp-content/uploads/2020/11/56.png 700w, https://cpl14.fr/wp-content/uploads/2020/11/56-300x143.png 300w" sizes="auto, (max-width: 700px) 100vw, 700px" /></p>
<p align="CENTER"><span style="color: #000000;"><span style="font-family: Arial, sans-serif;"><span style="font-size: small;">Losange gros chiffres 3921<b> </b>sur lettre pour Lille </span></span></span></p>
<p align="CENTER"><span style="color: #000000;"><span style="font-family: Arial, sans-serif;"><span style="font-size: small;">timbre à date PARIS LES TERNES <i>19 NOV. 68</i></span></span></span></p>
<p align="CENTER">.</p>
<p style="text-align: center;" align="CENTER"><a href="http://cpl14.fr/?p=7871&amp;preview=true">Retour à l’article Le Grand Paris de 1860</a></p>
<p align="CENTER">.</p>
<p style="text-align: right;" align="CENTER">collection Patrick Caillot</p>
<p align="CENTER">

<div class="mh-excerpt"><p>La construction de l’enceinte de Thiers à partir de 1841 isola le hameau des Ternes du reste de la commune de Neuilly. Le hameau comptait <a class="mh-excerpt-more" href="https://cpl14.fr/?page_id=7973" title="LES TERNES">[&#8230;]</a></p>
</div>
