{"id":8005,"date":"2020-11-30T18:53:10","date_gmt":"2020-11-30T17:53:10","guid":{"rendered":"http:\/\/cpl14.fr\/?page_id=8005"},"modified":"2020-11-30T18:53:36","modified_gmt":"2020-11-30T17:53:36","slug":"la-chapelle-saint-denis","status":"publish","type":"page","link":"https:\/\/cpl14.fr\/?page_id=8005","title":{"rendered":"LA CHAPELLE SAINT DENIS"},"content":{"rendered":"<p align=\"JUSTIFY\"><span style=\"font-family: Arial, sans-serif;\"><span style=\"font-size: medium;\">Le bureau \u00e9tait situ\u00e9 en 1860 au 4 rue Doudeauville. Le losange petits chiffres 743 fut utilis\u00e9 jusqu\u2019\u00e0 fin 1862.<\/span><\/span><\/p>\n<p align=\"JUSTIFY\"><img loading=\"lazy\" decoding=\"async\" class=\"size-full wp-image-8006 aligncenter\" src=\"http:\/\/cpl14.fr\/wp-content\/uploads\/2020\/11\/72.png\" alt=\"\" width=\"700\" height=\"360\" srcset=\"https:\/\/cpl14.fr\/wp-content\/uploads\/2020\/11\/72.png 700w, https:\/\/cpl14.fr\/wp-content\/uploads\/2020\/11\/72-300x154.png 300w\" sizes=\"auto, (max-width: 700px) 100vw, 700px\" \/><\/p>\n<p align=\"CENTER\"><span style=\"color: #000000;\"><span style=\"font-family: Arial, sans-serif;\"><span style=\"font-size: small;\">Losange petits chiffres 743 <b> <\/b>sur lettre pour Nemours<\/span><\/span><\/span><\/p>\n<p align=\"CENTER\"><span style=\"font-family: Arial, sans-serif;\"><span style=\"font-size: small;\"><span style=\"font-family: Cambria, serif;\"><span style=\"font-size: large;\">t<\/span><\/span>imbre \u00e0 date LA CHAPELLE ST DENIS (60)<i> 8 DEC. 60<\/i><\/span><\/span><\/p>\n<p align=\"CENTER\">.<\/p>\n<p align=\"JUSTIFY\"><span style=\"font-family: Arial, sans-serif;\"><span style=\"font-size: medium;\">Les losanges \u00ab\u00a0petits chiffres\u00a0\u00bb s\u2019encrassaient et se lisaient mal. La nouvelle griffe \u00ab\u00a0gros chiffres\u00a0\u00bb fut envoy\u00e9e aux bureaux pour remplacer l\u2019ancienne d\u00e9but 1863. Certains bureaux l\u2019utilis\u00e8rent d\u00e8s d\u00e9cembre 1862.<\/span><\/span><\/p>\n<p align=\"JUSTIFY\"><img loading=\"lazy\" decoding=\"async\" class=\"size-full wp-image-8007 aligncenter\" src=\"http:\/\/cpl14.fr\/wp-content\/uploads\/2020\/11\/73.png\" alt=\"\" width=\"700\" height=\"457\" srcset=\"https:\/\/cpl14.fr\/wp-content\/uploads\/2020\/11\/73.png 700w, https:\/\/cpl14.fr\/wp-content\/uploads\/2020\/11\/73-300x196.png 300w\" sizes=\"auto, (max-width: 700px) 100vw, 700px\" \/><\/p>\n<p align=\"CENTER\"><span style=\"color: #000000;\"><span style=\"font-family: Arial, sans-serif;\"><span style=\"font-size: small;\">Losange petits chiffres 892<b> <\/b>sur lettre pour Paris<\/span><\/span><\/span><\/p>\n<p align=\"CENTER\"><span style=\"font-family: Arial, sans-serif;\"><span style=\"font-size: small;\"><span style=\"font-family: Cambria, serif;\"><span style=\"font-size: large;\">t<\/span><\/span>imbre \u00e0 date LA CHAPELLE ST DENIS (60) 30 DEC. 62<\/span><\/span><\/p>\n<p align=\"CENTER\">.<\/p>\n<p align=\"CENTER\"><img loading=\"lazy\" decoding=\"async\" class=\"size-full wp-image-8008 aligncenter\" src=\"http:\/\/cpl14.fr\/wp-content\/uploads\/2020\/11\/74.png\" alt=\"\" width=\"700\" height=\"508\" srcset=\"https:\/\/cpl14.fr\/wp-content\/uploads\/2020\/11\/74.png 700w, https:\/\/cpl14.fr\/wp-content\/uploads\/2020\/11\/74-300x218.png 300w\" sizes=\"auto, (max-width: 700px) 100vw, 700px\" \/><\/p>\n<p align=\"CENTER\"><span style=\"color: #000000;\"><span style=\"font-family: Arial, sans-serif;\"><span style=\"font-size: small;\">Losange gros chiffres 892<b> <\/b>sur lettre pour Paris<\/span><\/span><\/span><\/p>\n<p align=\"CENTER\"><span style=\"font-family: Arial, sans-serif;\"><span style=\"font-size: small;\">timbre \u00e0 date LA CHAPELLE ST DENIS (60)<i> <\/i>14 JUIN 64<\/span><\/span><\/p>\n<p align=\"CENTER\">.<\/p>\n<p align=\"JUSTIFY\"><span style=\"font-family: Arial, sans-serif;\"><span style=\"font-size: medium;\">Le bureau de quartier LA CHAPELLE ST DENIS utilisa en compl\u00e9ment le losange petits chiffres pr\u00e9c\u00e9demment attribu\u00e9 \u00e0 Cloyes-sur-le-Loir dans l\u2019Indre. Il est d\u00e9sign\u00e9 sous le nom petits chiffres des gros chiffres.<\/span><\/span><\/p>\n<p align=\"JUSTIFY\"><img loading=\"lazy\" decoding=\"async\" class=\"size-full wp-image-8009 aligncenter\" src=\"http:\/\/cpl14.fr\/wp-content\/uploads\/2020\/11\/75.png\" alt=\"\" width=\"700\" height=\"460\" srcset=\"https:\/\/cpl14.fr\/wp-content\/uploads\/2020\/11\/75.png 700w, https:\/\/cpl14.fr\/wp-content\/uploads\/2020\/11\/75-300x197.png 300w\" sizes=\"auto, (max-width: 700px) 100vw, 700px\" \/><\/p>\n<p align=\"CENTER\"><span style=\"color: #000000;\"><span style=\"font-family: Arial, sans-serif;\"><span style=\"font-size: small;\">Losange\u00a0petits chiffres des gros chiffres 892<b> <\/b>sur lettre pour Paris<\/span><\/span><\/span><\/p>\n<p align=\"CENTER\"><span style=\"font-family: Arial, sans-serif;\"><span style=\"font-size: small;\"><span style=\"font-family: Cambria, serif;\"><span style=\"font-size: large;\">t<\/span><\/span>imbre \u00e0 date LA CHAPELLE ST DENIS (60)<i> 28 OCT. 66<\/i><\/span><\/span><\/p>\n<p align=\"CENTER\">.<\/p>\n<p align=\"CENTER\"><img loading=\"lazy\" decoding=\"async\" class=\"size-full wp-image-8010 aligncenter\" src=\"http:\/\/cpl14.fr\/wp-content\/uploads\/2020\/11\/76.png\" alt=\"\" width=\"700\" height=\"420\" srcset=\"https:\/\/cpl14.fr\/wp-content\/uploads\/2020\/11\/76.png 700w, https:\/\/cpl14.fr\/wp-content\/uploads\/2020\/11\/76-300x180.png 300w\" sizes=\"auto, (max-width: 700px) 100vw, 700px\" \/><\/p>\n<p align=\"CENTER\"><span style=\"color: #000000;\"><span style=\"font-family: Arial, sans-serif;\"><span style=\"font-size: small;\">Losange gros chiffres 892<b> <\/b>sur lettre pour la Marne<\/span><\/span><\/span><\/p>\n<p align=\"CENTER\"><span style=\"font-family: Arial, sans-serif;\"><span style=\"font-size: small;\">timbre \u00e0 date LA CHAPELLE ST DENIS PARIS<i> 19 AOUT 68<\/i><\/span><\/span><\/p>\n<p align=\"CENTER\">.<\/p>\n<p align=\"CENTER\"><img loading=\"lazy\" decoding=\"async\" class=\"size-full wp-image-8011 aligncenter\" src=\"http:\/\/cpl14.fr\/wp-content\/uploads\/2020\/11\/77.png\" alt=\"\" width=\"700\" height=\"238\" srcset=\"https:\/\/cpl14.fr\/wp-content\/uploads\/2020\/11\/77.png 700w, https:\/\/cpl14.fr\/wp-content\/uploads\/2020\/11\/77-300x102.png 300w\" sizes=\"auto, (max-width: 700px) 100vw, 700px\" \/><\/p>\n<p align=\"CENTER\"><span style=\"color: #000000;\"><span style=\"font-family: Arial, sans-serif;\"><span style=\"font-size: small;\">Losange gros chiffres 892<b> <\/b>sur lettre pour Paris<\/span><\/span><\/span><\/p>\n<p align=\"CENTER\"><span style=\"font-family: Arial, sans-serif;\"><span style=\"font-size: small;\">timbre \u00e0 date LA CHAPELLE ST DENIS PARIS<i> 18 MAI 72<\/i><\/span><\/span><\/p>\n<p align=\"CENTER\">.<\/p>\n<p align=\"CENTER\"><a href=\"http:\/\/cpl14.fr\/?p=7871&amp;preview=true\">retour \u00e0 l&rsquo;article Le Grand Paris de 1860<\/a><\/p>\n<p style=\"text-align: right;\" align=\"CENTER\">collection Patrick Caillot<\/p>\n","protected":false},"excerpt":{"rendered":"<div class=\"mh-excerpt\"><p>Le bureau \u00e9tait situ\u00e9 en 1860 au 4 rue Doudeauville. Le losange petits chiffres 743 fut utilis\u00e9 jusqu\u2019\u00e0 fin 1862. Losange petits chiffres 743 sur <a class=\"mh-excerpt-more\" href=\"https:\/\/cpl14.fr\/?page_id=8005\" title=\"LA CHAPELLE SAINT DENIS\">[&#8230;]<\/a><\/p>\n<\/div>","protected":false},"author":1,"featured_media":0,"parent":0,"menu_order":0,"comment_status":"closed","ping_status":"closed","template":"","meta":{"footnotes":""},"class_list":["post-8005","page","type-page","status-publish","hentry"],"_links":{"self":[{"href":"https:\/\/cpl14.fr\/index.php?rest_route=\/wp\/v2\/pages\/8005","targetHints":{"allow":["GET"]}}],"collection":[{"href":"https:\/\/cpl14.fr\/index.php?rest_route=\/wp\/v2\/pages"}],"about":[{"href":"https:\/\/cpl14.fr\/index.php?rest_route=\/wp\/v2\/types\/page"}],"author":[{"embeddable":true,"href":"https:\/\/cpl14.fr\/index.php?rest_route=\/wp\/v2\/users\/1"}],"replies":[{"embeddable":true,"href":"https:\/\/cpl14.fr\/index.php?rest_route=%2Fwp%2Fv2%2Fcomments&post=8005"}],"version-history":[{"count":1,"href":"https:\/\/cpl14.fr\/index.php?rest_route=\/wp\/v2\/pages\/8005\/revisions"}],"predecessor-version":[{"id":8012,"href":"https:\/\/cpl14.fr\/index.php?rest_route=\/wp\/v2\/pages\/8005\/revisions\/8012"}],"wp:attachment":[{"href":"https:\/\/cpl14.fr\/index.php?rest_route=%2Fwp%2Fv2%2Fmedia&parent=8005"}],"curies":[{"name":"wp","href":"https:\/\/api.w.org\/{rel}","templated":true}]}}