{"id":8045,"date":"2020-12-01T10:43:47","date_gmt":"2020-12-01T09:43:47","guid":{"rendered":"http:\/\/cpl14.fr\/?page_id=8045"},"modified":"2020-12-01T10:43:47","modified_gmt":"2020-12-01T09:43:47","slug":"gare-divry","status":"publish","type":"page","link":"https:\/\/cpl14.fr\/?page_id=8045","title":{"rendered":"GARE D\u2019IVRY"},"content":{"rendered":"<p align=\"JUSTIFY\"><span style=\"font-family: Arial, sans-serif;\"><span style=\"font-size: medium;\">Le quartier de la Gare tient son nom de la gare fluviale construite un si\u00e8cle plus t\u00f4t et jamais termin\u00e9e. A partir de 1843 il se trouva s\u00e9par\u00e9 du reste de la commune d\u2019Ivry par les fortifications. C\u2019\u00e9tait un quartier tr\u00e8s pauvre. L&rsquo;apparition du chemin de fer initia le d\u00e9veloppement \u00e9conomique.\u00a0Des travaux furent entrepris \u00e0 partir de 1848. Le 1<\/span><\/span><sup><span style=\"font-family: Arial, sans-serif;\"><span style=\"font-size: medium;\">er<\/span><\/span><\/sup><span style=\"font-family: Arial, sans-serif;\"><span style=\"font-size: medium;\"> janvier 1860, le quartier de la Gare fut cr\u00e9\u00e9 au sein du 13<\/span><\/span><sup><span style=\"font-family: Arial, sans-serif;\"><span style=\"font-size: medium;\">e<\/span><\/span><\/sup><span style=\"font-family: Arial, sans-serif;\"><span style=\"font-size: medium;\"> arrondissement de Paris.<\/span><\/span><span style=\"font-family: Arial, sans-serif;\"><span style=\"font-size: medium;\"> Des industries s\u2019y implant\u00e8rent, attir\u00e9es par les prix bas des terrains. Le bureau de poste se situait au <\/span><\/span><span style=\"font-family: Arial, sans-serif;\"><span style=\"font-size: medium;\">29 rue du Chevaleret. Le num\u00e9ro 1564 BIS fut attribu\u00e9 au bureau du quartier Gare d\u2019Ivry \u00e0 Paris. Le losange oblit\u00e9rant petits chiffres fut utilis\u00e9 de janvier 1860 \u00e0 fin 1862.<\/span><\/span><\/p>\n<p align=\"JUSTIFY\"><img loading=\"lazy\" decoding=\"async\" class=\"size-full wp-image-8046 aligncenter\" src=\"http:\/\/cpl14.fr\/wp-content\/uploads\/2020\/12\/95.png\" alt=\"\" width=\"700\" height=\"355\" srcset=\"https:\/\/cpl14.fr\/wp-content\/uploads\/2020\/12\/95.png 700w, https:\/\/cpl14.fr\/wp-content\/uploads\/2020\/12\/95-300x152.png 300w\" sizes=\"auto, (max-width: 700px) 100vw, 700px\" \/><\/p>\n<p align=\"CENTER\"><span style=\"font-family: Arial, sans-serif;\"><span style=\"font-size: small;\">Losange petits chiffres 1564bis sur lettre pour l\u2019Yonne,<\/span><\/span><\/p>\n<p align=\"CENTER\"><span style=\"font-family: Arial, sans-serif;\"><span style=\"font-size: small;\">tmbre \u00e0 date GARE D\u2019IVRY (60) <i>16 JANV. 61<\/i><\/span><\/span><\/p>\n<p align=\"CENTER\">.<\/p>\n<p align=\"JUSTIFY\"><span style=\"font-family: Arial, sans-serif;\"><span style=\"font-size: medium;\">En d\u00e9cembre 1862 le losange gros chiffres 1625 rempla\u00e7a le losange petits chiffres.<\/span><\/span><\/p>\n<p align=\"JUSTIFY\"><img loading=\"lazy\" decoding=\"async\" class=\"size-full wp-image-8047 alignnone\" src=\"http:\/\/cpl14.fr\/wp-content\/uploads\/2020\/12\/96.png\" alt=\"\" width=\"700\" height=\"435\" srcset=\"https:\/\/cpl14.fr\/wp-content\/uploads\/2020\/12\/96.png 700w, https:\/\/cpl14.fr\/wp-content\/uploads\/2020\/12\/96-300x186.png 300w\" sizes=\"auto, (max-width: 700px) 100vw, 700px\" \/><\/p>\n<p align=\"CENTER\"><span style=\"font-family: Arial, sans-serif;\"><span style=\"font-size: small;\">Losange gros chiffres 1625 sur lettre pour Paris,<\/span><\/span><\/p>\n<p align=\"CENTER\"><span style=\"font-family: Arial, sans-serif;\"><span style=\"font-size: small;\">timbre \u00e0 date GARE D\u2019IVRY (60) <i>29 OCT. 64<\/i><\/span><\/span><\/p>\n<p align=\"CENTER\">.<\/p>\n<p align=\"CENTER\"><img loading=\"lazy\" decoding=\"async\" class=\"size-full wp-image-8048 aligncenter\" src=\"http:\/\/cpl14.fr\/wp-content\/uploads\/2020\/12\/97.png\" alt=\"\" width=\"700\" height=\"447\" srcset=\"https:\/\/cpl14.fr\/wp-content\/uploads\/2020\/12\/97.png 700w, https:\/\/cpl14.fr\/wp-content\/uploads\/2020\/12\/97-300x192.png 300w\" sizes=\"auto, (max-width: 700px) 100vw, 700px\" \/><\/p>\n<p align=\"CENTER\"><span style=\"color: #000000;\"><span style=\"font-family: Arial, sans-serif;\"><span style=\"font-size: small;\">Losange gros chiffres 1625 sur lettre pour le Cher,<\/span><\/span><\/span><\/p>\n<p align=\"CENTER\"><span style=\"font-family: Arial, sans-serif;\"><span style=\"font-size: small;\">timbre \u00e0 date avec lev\u00e9e PARIS LA GARE D\u2019IVRY <i>15 NOV. 68<\/i><\/span><\/span><\/p>\n<p align=\"CENTER\">.<\/p>\n<p align=\"CENTER\"><a href=\"http:\/\/cpl14.fr\/?p=7871&amp;preview=true\">retour \u00e0 l&rsquo;article Le Grand Paris de 1860<\/a><\/p>\n<p style=\"text-align: right;\" align=\"CENTER\">collection Patrick Caillot<\/p>\n","protected":false},"excerpt":{"rendered":"<div class=\"mh-excerpt\"><p>Le quartier de la Gare tient son nom de la gare fluviale construite un si\u00e8cle plus t\u00f4t et jamais termin\u00e9e. A partir de 1843 il <a class=\"mh-excerpt-more\" href=\"https:\/\/cpl14.fr\/?page_id=8045\" title=\"GARE D\u2019IVRY\">[&#8230;]<\/a><\/p>\n<\/div>","protected":false},"author":1,"featured_media":0,"parent":0,"menu_order":0,"comment_status":"closed","ping_status":"closed","template":"","meta":{"footnotes":""},"class_list":["post-8045","page","type-page","status-publish","hentry"],"_links":{"self":[{"href":"https:\/\/cpl14.fr\/index.php?rest_route=\/wp\/v2\/pages\/8045","targetHints":{"allow":["GET"]}}],"collection":[{"href":"https:\/\/cpl14.fr\/index.php?rest_route=\/wp\/v2\/pages"}],"about":[{"href":"https:\/\/cpl14.fr\/index.php?rest_route=\/wp\/v2\/types\/page"}],"author":[{"embeddable":true,"href":"https:\/\/cpl14.fr\/index.php?rest_route=\/wp\/v2\/users\/1"}],"replies":[{"embeddable":true,"href":"https:\/\/cpl14.fr\/index.php?rest_route=%2Fwp%2Fv2%2Fcomments&post=8045"}],"version-history":[{"count":1,"href":"https:\/\/cpl14.fr\/index.php?rest_route=\/wp\/v2\/pages\/8045\/revisions"}],"predecessor-version":[{"id":8049,"href":"https:\/\/cpl14.fr\/index.php?rest_route=\/wp\/v2\/pages\/8045\/revisions\/8049"}],"wp:attachment":[{"href":"https:\/\/cpl14.fr\/index.php?rest_route=%2Fwp%2Fv2%2Fmedia&parent=8045"}],"curies":[{"name":"wp","href":"https:\/\/api.w.org\/{rel}","templated":true}]}}