{"id":8057,"date":"2020-12-01T10:56:52","date_gmt":"2020-12-01T09:56:52","guid":{"rendered":"http:\/\/cpl14.fr\/?page_id=8057"},"modified":"2020-12-01T10:57:58","modified_gmt":"2020-12-01T09:57:58","slug":"petit-montrouge","status":"publish","type":"page","link":"https:\/\/cpl14.fr\/?page_id=8057","title":{"rendered":"MONTROUGE &#8211; PARIS (Le Petit Montrouge)"},"content":{"rendered":"<p align=\"JUSTIFY\"><span style=\"font-family: Arial, sans-serif;\"><span style=\"font-size: medium;\">Montrouge est situ\u00e9 sur la route qui joint Paris \u00e0 la Beauce. Les moulins de Montrouge alimentaient les boulangeries de la capitale. La population comptait alors de nombreux meuniers, des carriers et des horticulteurs. La construction des fortifications a partag\u00e9 la commune en deux. En 1860 le quartier du Petit Montrouge est int\u00e9gr\u00e9 au 14<sup>\u00e8me<\/sup> arrondissement de Paris, il est situ\u00e9 sur le plateau au dessus des coteaux de la rive gauche de la Bi\u00e8vre. <\/span><\/span><\/p>\n<p align=\"JUSTIFY\"><span style=\"font-family: Arial, sans-serif;\"><span style=\"font-size: medium;\">Le bureau de poste du quartier Petit Montrouge se situait au 4 rue Mouton-Duvernet. En 1860 lors de l\u2019annexion le bureau extra-muros conserve le losange petits chiffres 2147, le bureau intra-muros situ\u00e9 au 4 rue Mouton-Duvernet utilisa le losange petits chiffres 2147BIS de janvier 1860 \u00e0 la fin 1862.<\/span><\/span><\/p>\n<p align=\"JUSTIFY\"><img loading=\"lazy\" decoding=\"async\" class=\"size-full wp-image-8058 aligncenter\" src=\"http:\/\/cpl14.fr\/wp-content\/uploads\/2020\/12\/102.png\" alt=\"\" width=\"700\" height=\"281\" srcset=\"https:\/\/cpl14.fr\/wp-content\/uploads\/2020\/12\/102.png 700w, https:\/\/cpl14.fr\/wp-content\/uploads\/2020\/12\/102-300x120.png 300w\" sizes=\"auto, (max-width: 700px) 100vw, 700px\" \/><\/p>\n<p align=\"CENTER\"><span style=\"font-family: Arial, sans-serif;\"><span style=\"font-size: small;\">Losange petits chiffres 2147 BIS sur lettre pour l\u2019Eure et Loir,<\/span><\/span><\/p>\n<p align=\"CENTER\"><span style=\"font-family: Arial, sans-serif;\"><span style=\"font-size: small;\">timbre \u00e0 date MONTROUGE PARIS <i>10 OCT. 61<\/i><\/span><\/span><\/p>\n<p align=\"CENTER\">.<\/p>\n<p align=\"JUSTIFY\"><span style=\"font-family: Arial, sans-serif;\"><span style=\"font-size: medium;\">A partir de 1863 le losange 2523 remplace le losange oblit\u00e9rant petits chiffres.<\/span><\/span><\/p>\n<p align=\"JUSTIFY\"><img loading=\"lazy\" decoding=\"async\" class=\"size-full wp-image-8059 aligncenter\" src=\"http:\/\/cpl14.fr\/wp-content\/uploads\/2020\/12\/103.png\" alt=\"\" width=\"700\" height=\"321\" srcset=\"https:\/\/cpl14.fr\/wp-content\/uploads\/2020\/12\/103.png 700w, https:\/\/cpl14.fr\/wp-content\/uploads\/2020\/12\/103-300x138.png 300w\" sizes=\"auto, (max-width: 700px) 100vw, 700px\" \/><\/p>\n<p align=\"CENTER\"><span style=\"font-family: Arial, sans-serif;\"><span style=\"font-size: small;\">Losange gros chiffres 2523 sur lettre pour Marseille,<\/span><\/span><\/p>\n<p align=\"CENTER\"><span style=\"font-family: Arial, sans-serif;\"><span style=\"font-size: small;\">timbre \u00e0 date MONTROUGE PARIS <i>6 OCT. 66<\/i><\/span><\/span><\/p>\n<p align=\"CENTER\">.<\/p>\n<p align=\"JUSTIFY\"><span style=\"font-family: Arial, sans-serif;\"><span style=\"font-size: medium;\">A partir de juin 1866 le cachet \u00e0 date libell\u00e9 PARIS MONTROUGE-PARIS rempla\u00e7a le cachet type 15.<\/span><\/span><\/p>\n<p align=\"JUSTIFY\"><img loading=\"lazy\" decoding=\"async\" class=\"size-full wp-image-8060 aligncenter\" src=\"http:\/\/cpl14.fr\/wp-content\/uploads\/2020\/12\/104.png\" alt=\"\" width=\"700\" height=\"396\" srcset=\"https:\/\/cpl14.fr\/wp-content\/uploads\/2020\/12\/104.png 700w, https:\/\/cpl14.fr\/wp-content\/uploads\/2020\/12\/104-300x170.png 300w\" sizes=\"auto, (max-width: 700px) 100vw, 700px\" \/><\/p>\n<p align=\"CENTER\"><span style=\"font-family: Arial, sans-serif;\"><span style=\"font-size: small;\">Losange gros chiffres 2523 sur lettre pour Pont \u00e0 Mousson,<\/span><\/span><\/p>\n<p align=\"CENTER\"><span style=\"font-family: Arial, sans-serif;\"><span style=\"font-size: small;\">timbre \u00e0 date PARIS MONTROUGE-PARIS <i>16 AVRIL 72<\/i><\/span><\/span><\/p>\n<p align=\"CENTER\">.<\/p>\n<p align=\"JUSTIFY\"><span style=\"font-family: Arial, sans-serif;\"><span style=\"font-size: medium;\">La griffe petits chiffres 2523 pr\u00e9c\u00e9demment utilis\u00e9 par bureau de Pons en Charente-Inf\u00e9rieure fut \u00e9t\u00e9 utilis\u00e9e par le bureau de Montrouge-Paris durant la m\u00eame p\u00e9riode que la griffe Gros Chiffres.<\/span><\/span><\/p>\n<p align=\"JUSTIFY\"><img loading=\"lazy\" decoding=\"async\" class=\"size-full wp-image-8061 aligncenter\" src=\"http:\/\/cpl14.fr\/wp-content\/uploads\/2020\/12\/105.png\" alt=\"\" width=\"700\" height=\"280\" srcset=\"https:\/\/cpl14.fr\/wp-content\/uploads\/2020\/12\/105.png 700w, https:\/\/cpl14.fr\/wp-content\/uploads\/2020\/12\/105-300x120.png 300w\" sizes=\"auto, (max-width: 700px) 100vw, 700px\" \/><\/p>\n<p align=\"CENTER\"><span style=\"font-family: Arial, sans-serif;\"><span style=\"font-size: small;\">Losange petits chiffres 2523 sur lettre charg\u00e9e pour le Lot et Garonne,<\/span><\/span><\/p>\n<p align=\"CENTER\"><span style=\"font-family: Arial, sans-serif;\"><span style=\"font-size: small;\">timbre \u00e0 date PARIS MONTROUGE-PARIS 5 AVRIL 72,<\/span><\/span><\/p>\n<p align=\"CENTER\"><span style=\"font-family: Arial, sans-serif;\"><span style=\"font-size: small;\">au verso descriptif de chargement portant le num\u00e9ro 3581, attribu\u00e9 \u00e0 St Etienne.<\/span><\/span><\/p>\n<p align=\"CENTER\"><img loading=\"lazy\" decoding=\"async\" class=\"alignnone size-full wp-image-8062\" src=\"http:\/\/cpl14.fr\/wp-content\/uploads\/2020\/12\/106.png\" alt=\"\" width=\"700\" height=\"283\" srcset=\"https:\/\/cpl14.fr\/wp-content\/uploads\/2020\/12\/106.png 700w, https:\/\/cpl14.fr\/wp-content\/uploads\/2020\/12\/106-300x121.png 300w\" sizes=\"auto, (max-width: 700px) 100vw, 700px\" \/><\/p>\n<p align=\"CENTER\">.<\/p>\n<p align=\"CENTER\"><a href=\"http:\/\/cpl14.fr\/?p=7871&amp;preview=true\">retour \u00e0 l&rsquo;article Le Grand Paris de 1860<\/a><\/p>\n<p style=\"text-align: right;\" align=\"CENTER\">collection Patrick Caillot<\/p>\n","protected":false},"excerpt":{"rendered":"<div class=\"mh-excerpt\"><p>Montrouge est situ\u00e9 sur la route qui joint Paris \u00e0 la Beauce. Les moulins de Montrouge alimentaient les boulangeries de la capitale. La population comptait <a class=\"mh-excerpt-more\" href=\"https:\/\/cpl14.fr\/?page_id=8057\" title=\"MONTROUGE &#8211; PARIS (Le Petit Montrouge)\">[&#8230;]<\/a><\/p>\n<\/div>","protected":false},"author":1,"featured_media":0,"parent":0,"menu_order":0,"comment_status":"closed","ping_status":"closed","template":"","meta":{"footnotes":""},"class_list":["post-8057","page","type-page","status-publish","hentry"],"_links":{"self":[{"href":"https:\/\/cpl14.fr\/index.php?rest_route=\/wp\/v2\/pages\/8057","targetHints":{"allow":["GET"]}}],"collection":[{"href":"https:\/\/cpl14.fr\/index.php?rest_route=\/wp\/v2\/pages"}],"about":[{"href":"https:\/\/cpl14.fr\/index.php?rest_route=\/wp\/v2\/types\/page"}],"author":[{"embeddable":true,"href":"https:\/\/cpl14.fr\/index.php?rest_route=\/wp\/v2\/users\/1"}],"replies":[{"embeddable":true,"href":"https:\/\/cpl14.fr\/index.php?rest_route=%2Fwp%2Fv2%2Fcomments&post=8057"}],"version-history":[{"count":3,"href":"https:\/\/cpl14.fr\/index.php?rest_route=\/wp\/v2\/pages\/8057\/revisions"}],"predecessor-version":[{"id":8065,"href":"https:\/\/cpl14.fr\/index.php?rest_route=\/wp\/v2\/pages\/8057\/revisions\/8065"}],"wp:attachment":[{"href":"https:\/\/cpl14.fr\/index.php?rest_route=%2Fwp%2Fv2%2Fmedia&parent=8057"}],"curies":[{"name":"wp","href":"https:\/\/api.w.org\/{rel}","templated":true}]}}