{"id":8471,"date":"2024-02-23T13:19:21","date_gmt":"2024-02-23T12:19:21","guid":{"rendered":"https:\/\/cpl14.fr\/?page_id=8471"},"modified":"2024-02-24T13:13:54","modified_gmt":"2024-02-24T12:13:54","slug":"les-ceres-non-denteles-et-denteles","status":"publish","type":"page","link":"https:\/\/cpl14.fr\/?page_id=8471","title":{"rendered":"Les C\u00e9r\u00e8s (non dentel\u00e9s et dentel\u00e9s)"},"content":{"rendered":"\n<p class=\"has-text-align-center\"><strong>(sauf \u00e9mission de Bordeaux)<\/strong><\/p>\n\n\n\n<p>Le premier timbre-poste de France est le C\u00e9r\u00e8s 20c noir qui est \u00e9mis le 1er janvier 1849. <\/p>\n\n\n<div class=\"wp-block-image\">\n<figure class=\"aligncenter size-full is-resized\"><img loading=\"lazy\" decoding=\"async\" width=\"370\" height=\"448\" src=\"https:\/\/cpl14.fr\/wp-content\/uploads\/2024\/02\/3.jpg\" alt=\"\" class=\"wp-image-8474\" style=\"width:254px;height:auto\" srcset=\"https:\/\/cpl14.fr\/wp-content\/uploads\/2024\/02\/3.jpg 370w, https:\/\/cpl14.fr\/wp-content\/uploads\/2024\/02\/3-248x300.jpg 248w\" sizes=\"auto, (max-width: 370px) 100vw, 370px\" \/><\/figure>\n<\/div>\n\n\n<p>Le poin\u00e7on C\u00e9r\u00e8s, nomm\u00e9 \u00e9galement R\u00e9publique, a \u00e9t\u00e9 grav\u00e9 par Jacques-Jean Barre (p\u00e8re), graveur g\u00e9n\u00e9ral en titre de 1842 \u00e0 1855, il restera graveur g\u00e9n\u00e9ral adjoint \u00e0 la nomination de son fils D\u00e9sir\u00e9-Albert en 1855, qui \u00e9tait son adjoint depuis 1852. Ce poin\u00e7on est sans valeur faciale, la valeur figurant sur des petites plaquette s&rsquo;ins\u00e9rant sur le poin\u00e7on.<\/p>\n\n\n<div class=\"wp-block-image\">\n<figure class=\"aligncenter size-large is-resized\"><img loading=\"lazy\" decoding=\"async\" width=\"1024\" height=\"683\" src=\"https:\/\/cpl14.fr\/wp-content\/uploads\/2024\/02\/poincon-ceres-1024x683.jpg\" alt=\"\" class=\"wp-image-8477\" style=\"width:382px;height:auto\" srcset=\"https:\/\/cpl14.fr\/wp-content\/uploads\/2024\/02\/poincon-ceres-1024x683.jpg 1024w, https:\/\/cpl14.fr\/wp-content\/uploads\/2024\/02\/poincon-ceres-300x200.jpg 300w, https:\/\/cpl14.fr\/wp-content\/uploads\/2024\/02\/poincon-ceres-768x512.jpg 768w, https:\/\/cpl14.fr\/wp-content\/uploads\/2024\/02\/poincon-ceres-1536x1024.jpg 1536w, https:\/\/cpl14.fr\/wp-content\/uploads\/2024\/02\/poincon-ceres-2048x1366.jpg 2048w\" sizes=\"auto, (max-width: 1024px) 100vw, 1024px\" \/><\/figure>\n<\/div>\n\n\n<p class=\"has-text-align-center\">extrait de l&rsquo;Encyclop\u00e9die des Timbres-Poste de France, Vol.1<\/p>\n\n\n\n<p class=\"has-text-align-center\">.<\/p>\n\n\n\n<p>Tous les timbres C\u00e9r\u00e8s de 1849-1850 sont au m\u00eame type (10c bistre, 20c noir, 15c vert, 25c bleu, 40c orange, 1F carmin puis vermillon). Le poin\u00e7on sera r\u00e9utilis\u00e9 par Anatole Hulot en 1870 pour l&rsquo;\u00e9mission du si\u00e8ge de Paris (10c bistre, 20c bleu et 40c orange), puis \u00e0 partir de 1872 pour les C\u00e9r\u00e8s IIIe R\u00e9publique, mais on ne peut pas confondre les timbres car ces deux \u00e9missions sont dentel\u00e9es (Si\u00e8ge et IIIe R\u00e9publique). Ces timbres-poste sont imprim\u00e9s en utilisant la m\u00e9thode typographique (sur m\u00e9tal) et avec des matrices ind\u00e9pendantes (une matrice par timbre) assembl\u00e9es dans un cadre. On nomme cet assemblage \u00ab\u00a0mosa\u00efque\u00a0\u00bb, et c&rsquo;est la raison de la possibilit\u00e9 de timbres \u00ab\u00a0t\u00eate-b\u00eache\u00a0\u00bb. Les tirages mosa\u00efque seront employ\u00e9s jusqu&rsquo;au d\u00e9but de la p\u00e9riode \u00ab\u00a0Sage\u00a0\u00bb.<\/p>\n\n\n\n<p>Pendant la guerre de 1870, pour approvisionner les bureaux de province, les timbres-poste sont confectionn\u00e9s \u00e0 Bordeaux, en utilisant la m\u00e9thode d&rsquo;impression lithographique (sur pierre) et avec une gravure \u00ab\u00a0<strong>aussi semblable que possible aux timbres qu&rsquo;on a imprim\u00e9s \u00e0 Paris<\/strong>\u00a0\u00bb (du 1c olive au 80c rose), et ces timbres sont non dentel\u00e9s car il n&rsquo;y a pas les appareils n\u00e9cessaires \u00e0 Bordeaux.<\/p>\n\n\n\n<p>Parall\u00e8lement, en 1871, une s\u00e9rie de timbre est \u00e9mise pour les colonies fran\u00e7aises, avec le m\u00eame type que les C\u00e9r\u00e8s m\u00e9tropolitains mais non dentel\u00e9s&#8230; donc tr\u00e8s proche de l&rsquo;\u00e9mission de Bordeaux et avec les m\u00eames valeurs ! <strong>Il est donc important de savoir diff\u00e9rencier ces deux \u00e9missions (Bordeaux et Colonies)<\/strong>.<\/p>\n\n\n\n<p>Heureusement il existe un moyen rapide pour les diff\u00e9rencier, et ne n\u00e9cessitant qu&rsquo;une bonne vue ou une petite loupe. Il faut regarder le haut de la couronne d&rsquo;\u00e9pis de bl\u00e9 enserrant la t\u00eate de C\u00e9r\u00e8s, les \u00e9pis sont court dans l&rsquo;\u00e9mission de Bordeaux, et longs dans les \u00e9missions de Paris (1849, 1870 et 1872) ou des Colonies.<\/p>\n\n\n<div class=\"wp-block-image\">\n<figure class=\"aligncenter size-large\"><img loading=\"lazy\" decoding=\"async\" width=\"1024\" height=\"381\" src=\"https:\/\/cpl14.fr\/wp-content\/uploads\/2024\/02\/ceres-1-1024x381.jpg\" alt=\"\" class=\"wp-image-8487\" srcset=\"https:\/\/cpl14.fr\/wp-content\/uploads\/2024\/02\/ceres-1-1024x381.jpg 1024w, https:\/\/cpl14.fr\/wp-content\/uploads\/2024\/02\/ceres-1-300x112.jpg 300w, https:\/\/cpl14.fr\/wp-content\/uploads\/2024\/02\/ceres-1-768x286.jpg 768w, https:\/\/cpl14.fr\/wp-content\/uploads\/2024\/02\/ceres-1.jpg 1290w\" sizes=\"auto, (max-width: 1024px) 100vw, 1024px\" \/><\/figure>\n<\/div>\n\n\n<p class=\"has-text-align-center\">\u00e9pis longs des \u00e9mission de 1849, si\u00e8ge de Paris, IIIe R\u00e9publique et Colonies<\/p>\n\n\n\n<p class=\"has-text-align-center\">.<\/p>\n\n\n\n<figure class=\"wp-block-image size-large\"><img loading=\"lazy\" decoding=\"async\" width=\"1024\" height=\"377\" src=\"http:\/\/cpl14.fr\/wp-content\/uploads\/2024\/02\/bordeaux-1-1-1024x377.jpg\" alt=\"\" class=\"wp-image-8486\" srcset=\"https:\/\/cpl14.fr\/wp-content\/uploads\/2024\/02\/bordeaux-1-1-1024x377.jpg 1024w, https:\/\/cpl14.fr\/wp-content\/uploads\/2024\/02\/bordeaux-1-1-300x110.jpg 300w, https:\/\/cpl14.fr\/wp-content\/uploads\/2024\/02\/bordeaux-1-1-768x283.jpg 768w, https:\/\/cpl14.fr\/wp-content\/uploads\/2024\/02\/bordeaux-1-1.jpg 1298w\" sizes=\"auto, (max-width: 1024px) 100vw, 1024px\" \/><\/figure>\n\n\n\n<p class=\"has-text-align-center\">\u00e9pis courts de l&rsquo;\u00e9mission de Bordeaux<\/p>\n\n\n\n<p class=\"has-text-align-center\">.<\/p>\n\n\n\n<p>et les grains des \u00e9pis sont \u00ab\u00a0lourds\u00a0\u00bb dans l&rsquo;\u00e9mission de Bordeaux et plus l\u00e9gers dans les \u00e9missions de Paris et des colonies .<\/p>\n\n\n<div class=\"wp-block-image\">\n<figure class=\"aligncenter size-large\"><img loading=\"lazy\" decoding=\"async\" width=\"1024\" height=\"375\" src=\"https:\/\/cpl14.fr\/wp-content\/uploads\/2024\/02\/bordeaux-2-1024x375.jpg\" alt=\"\" class=\"wp-image-8491\" srcset=\"https:\/\/cpl14.fr\/wp-content\/uploads\/2024\/02\/bordeaux-2-1024x375.jpg 1024w, https:\/\/cpl14.fr\/wp-content\/uploads\/2024\/02\/bordeaux-2-300x110.jpg 300w, https:\/\/cpl14.fr\/wp-content\/uploads\/2024\/02\/bordeaux-2-768x282.jpg 768w, https:\/\/cpl14.fr\/wp-content\/uploads\/2024\/02\/bordeaux-2.jpg 1301w\" sizes=\"auto, (max-width: 1024px) 100vw, 1024px\" \/><\/figure>\n<\/div>\n\n\n<p class=\"has-text-align-center\">\u00e9mission de Bordeaux                         \/                         \u00e9missions de Paris<\/p>\n\n\n\n<p class=\"has-text-align-center\">.<\/p>\n\n\n\n<h2 class=\"wp-block-heading\">les 3 types du C\u00e9r\u00e8s 20c bleu IIIe R\u00e9publique<\/h2>\n\n\n\n<p>Seul le 20c bleu dentel\u00e9 n\u00b060 a \u00e9t\u00e9 \u00e9mis avec diff\u00e9rents types. Le n\u00b060A est \u00e9mis le 3 septembre 1871, c&rsquo;est le type I; puis le type II est \u00e9mis en novembre 1873, c&rsquo;est le n\u00b060B; enfin le 60C au type III est \u00e9mis en 1874.<\/p>\n\n\n\n<p>Pour les diff\u00e9rencier, il faut observer le fleuron dans l&rsquo;angle en haut \u00e0 droite du timbre. <\/p>\n\n\n\n<p>Le n\u00b060A, type I est sans accident.<\/p>\n\n\n<div class=\"wp-block-image\">\n<figure class=\"aligncenter size-full is-resized\"><img loading=\"lazy\" decoding=\"async\" width=\"640\" height=\"480\" src=\"https:\/\/cpl14.fr\/wp-content\/uploads\/2024\/02\/60-I.jpg\" alt=\"\" class=\"wp-image-8494\" style=\"width:432px;height:auto\" srcset=\"https:\/\/cpl14.fr\/wp-content\/uploads\/2024\/02\/60-I.jpg 640w, https:\/\/cpl14.fr\/wp-content\/uploads\/2024\/02\/60-I-300x225.jpg 300w, https:\/\/cpl14.fr\/wp-content\/uploads\/2024\/02\/60-I-326x245.jpg 326w, https:\/\/cpl14.fr\/wp-content\/uploads\/2024\/02\/60-I-80x60.jpg 80w\" sizes=\"auto, (max-width: 640px) 100vw, 640px\" \/><\/figure>\n<\/div>\n\n\n<p class=\"has-text-align-center\">.<\/p>\n\n\n\n<p>Le n\u00b060B, type II poss\u00e8de un accident entre le cartouche REPUB. FRANC. et le fleuron.<\/p>\n\n\n<div class=\"wp-block-image\">\n<figure class=\"aligncenter size-full is-resized\"><img loading=\"lazy\" decoding=\"async\" width=\"640\" height=\"480\" src=\"https:\/\/cpl14.fr\/wp-content\/uploads\/2024\/02\/60-II.jpg\" alt=\"\" class=\"wp-image-8495\" style=\"width:428px;height:auto\" srcset=\"https:\/\/cpl14.fr\/wp-content\/uploads\/2024\/02\/60-II.jpg 640w, https:\/\/cpl14.fr\/wp-content\/uploads\/2024\/02\/60-II-300x225.jpg 300w, https:\/\/cpl14.fr\/wp-content\/uploads\/2024\/02\/60-II-326x245.jpg 326w, https:\/\/cpl14.fr\/wp-content\/uploads\/2024\/02\/60-II-80x60.jpg 80w\" sizes=\"auto, (max-width: 640px) 100vw, 640px\" \/><\/figure>\n<\/div>\n\n\n<p class=\"has-text-align-center\">.<\/p>\n\n\n\n<p>Le n\u00b060C, type III poss\u00e8de des taches dans les ailes du fleuron.<\/p>\n\n\n<div class=\"wp-block-image\">\n<figure class=\"aligncenter size-full is-resized\"><img loading=\"lazy\" decoding=\"async\" width=\"640\" height=\"480\" src=\"https:\/\/cpl14.fr\/wp-content\/uploads\/2024\/02\/60-III.jpg\" alt=\"\" class=\"wp-image-8496\" style=\"width:426px;height:auto\" srcset=\"https:\/\/cpl14.fr\/wp-content\/uploads\/2024\/02\/60-III.jpg 640w, https:\/\/cpl14.fr\/wp-content\/uploads\/2024\/02\/60-III-300x225.jpg 300w, https:\/\/cpl14.fr\/wp-content\/uploads\/2024\/02\/60-III-326x245.jpg 326w, https:\/\/cpl14.fr\/wp-content\/uploads\/2024\/02\/60-III-80x60.jpg 80w\" sizes=\"auto, (max-width: 640px) 100vw, 640px\" \/><\/figure>\n<\/div>\n\n\n<p class=\"has-text-align-center\">.<\/p>\n\n\n\n<h2 class=\"wp-block-heading\">L&rsquo;identification des timbres \u00ab\u00a0proches\u00a0\u00bb<\/h2>\n\n\n\n<h2 class=\"wp-block-heading\">de l&rsquo;\u00e9mission IIIe R\u00e9publique<\/h2>\n\n\n\n<p>Dans l&rsquo;\u00e9mission de la IIIe R\u00e9publique, les timbres 10c brun sur rose, et 15c bistre existent en 2 versions portant chacune un num\u00e9ro plein au catalogue Yvert et Tellier. Pour le 10c, ce sont les timbres n\u00b054 et 58, et pour le 15c les n\u00b055 et 59.<\/p>\n\n\n\n<p>Il s&rsquo;agit bien de timbres diff\u00e9rents et non des types, et la num\u00e9rotation du catalogue est invers\u00e9e par rapport aux dates d&rsquo;\u00e9missions des timbres.<\/p>\n\n\n\n<p>Le premier timbre \u00e9mis est le n\u00b059, 15c bistre, en septembre 1871; vient ensuite le n\u00b058, 10c brun sur rose, \u00e9mis en janvier 1873. Ces deux timbres poss\u00e8dent des valeurs faciales \u00e0 petits chiffres, comme tous les timbres de l&rsquo;\u00e9mission de 1871\/1873.<\/p>\n\n\n<div class=\"wp-block-image\">\n<figure class=\"aligncenter size-full is-resized\"><img loading=\"lazy\" decoding=\"async\" width=\"774\" height=\"449\" src=\"https:\/\/cpl14.fr\/wp-content\/uploads\/2024\/02\/58.jpg\" alt=\"\" class=\"wp-image-8507\" style=\"width:558px;height:auto\" srcset=\"https:\/\/cpl14.fr\/wp-content\/uploads\/2024\/02\/58.jpg 774w, https:\/\/cpl14.fr\/wp-content\/uploads\/2024\/02\/58-300x174.jpg 300w, https:\/\/cpl14.fr\/wp-content\/uploads\/2024\/02\/58-768x446.jpg 768w\" sizes=\"auto, (max-width: 774px) 100vw, 774px\" \/><\/figure>\n<\/div>\n\n\n<p>En juin 1873, le n\u00b059 est remplac\u00e9 par le n\u00b055, 15c bistre \u00ab\u00a0gros chiffres\u00a0\u00bb; et en mars 1875, c&rsquo;est le tour du n\u00b054 de remplacer le n\u00b058. Cette modification a pour but de permettre aux usagers de mieux voir la valeur faciale, et a \u00e9t\u00e9 adopt\u00e9e en premier sur le 30c brun (n\u00b056) et le 80c rose (n\u00b057) en septembre 1872.<\/p>\n\n\n<div class=\"wp-block-image\">\n<figure class=\"aligncenter size-full is-resized\"><img loading=\"lazy\" decoding=\"async\" width=\"755\" height=\"437\" src=\"https:\/\/cpl14.fr\/wp-content\/uploads\/2024\/02\/54.jpg\" alt=\"\" class=\"wp-image-8508\" style=\"width:568px;height:auto\" srcset=\"https:\/\/cpl14.fr\/wp-content\/uploads\/2024\/02\/54.jpg 755w, https:\/\/cpl14.fr\/wp-content\/uploads\/2024\/02\/54-300x174.jpg 300w\" sizes=\"auto, (max-width: 755px) 100vw, 755px\" \/><\/figure>\n<\/div>\n\n\n<p class=\"has-text-align-center\">.<\/p>\n\n\n\n<h2 class=\"wp-block-heading\">l&rsquo; \u00ab\u00a0Erreur de France\u00a0\u00bb<\/h2>\n\n\n\n<p>En mars 1875, le jour de l&rsquo;\u00e9mission du 10c \u00ab\u00a0gros chiffre\u00a0\u00bb n\u00b054, un grand marchand de timbre se rend compte d&rsquo;une erreur dans une feuille qu&rsquo;il vient d&rsquo;acheter&#8230; une des figurines brun sur rose est \u00e0 15c et non \u00e0 10c ! Imm\u00e9diatement, il retourne acheter un maximum de feuilles ayant cette erreur d&rsquo;impression et fera un \u00e9norme b\u00e9n\u00e9fice \u00e0 la revente&#8230; Cette erreur porte le nom d&rsquo; \u00ab\u00a0Erreur de France\u00a0\u00bb et porte le n\u00b055b au catalogue YetT, la paire \u00ab\u00a0se tenant\u00a0\u00bb porte le n\u00b055c.<\/p>\n\n\n<div class=\"wp-block-image\">\n<figure class=\"aligncenter size-full is-resized\"><img loading=\"lazy\" decoding=\"async\" width=\"443\" height=\"278\" src=\"https:\/\/cpl14.fr\/wp-content\/uploads\/2024\/02\/france.jpg\" alt=\"\" class=\"wp-image-8512\" style=\"width:581px;height:auto\" srcset=\"https:\/\/cpl14.fr\/wp-content\/uploads\/2024\/02\/france.jpg 443w, https:\/\/cpl14.fr\/wp-content\/uploads\/2024\/02\/france-300x188.jpg 300w\" sizes=\"auto, (max-width: 443px) 100vw, 443px\" \/><\/figure>\n<\/div>\n\n\n<p class=\"has-text-align-center\">extrait de la VO du Timbre Classique n\u00b041, d\u00e9cembre 2022, lot 331<\/p>\n\n\n\n<p>Mais comment cela est-il possible ?  Comme pour les \u00ab\u00a0t\u00eate-b\u00eache\u00a0\u00bb,  c&rsquo;est une des cons\u00e9quences dans la composition des planches en tirage mosa\u00efque. C&rsquo;est un assemblage de 50 matrices (1 par timbre) maintenus dans un ch\u00e2ssis et cal\u00e9 par un bord en plomb.<\/p>\n\n\n<div class=\"wp-block-image\">\n<figure class=\"aligncenter size-large is-resized\"><img loading=\"lazy\" decoding=\"async\" width=\"1024\" height=\"614\" src=\"https:\/\/cpl14.fr\/wp-content\/uploads\/2024\/02\/matrice-1024x614.jpg\" alt=\"\" class=\"wp-image-8511\" style=\"width:533px;height:auto\" srcset=\"https:\/\/cpl14.fr\/wp-content\/uploads\/2024\/02\/matrice-1024x614.jpg 1024w, https:\/\/cpl14.fr\/wp-content\/uploads\/2024\/02\/matrice-300x180.jpg 300w, https:\/\/cpl14.fr\/wp-content\/uploads\/2024\/02\/matrice-768x460.jpg 768w, https:\/\/cpl14.fr\/wp-content\/uploads\/2024\/02\/matrice-1536x921.jpg 1536w, https:\/\/cpl14.fr\/wp-content\/uploads\/2024\/02\/matrice-2048x1227.jpg 2048w\" sizes=\"auto, (max-width: 1024px) 100vw, 1024px\" \/><\/figure>\n<\/div>\n\n\n<p class=\"has-text-align-center\">extrait de l&rsquo;Encyclop\u00e9die des Timbres-Poste de France, Vol.1<\/p>\n\n\n\n<p class=\"has-text-align-center\">.<\/p>\n\n\n\n<p>Lors de la composition, le c\u00f4t\u00e9 grav\u00e9 est contre la table et le typographe ne voit que le dos neutre de la matrice, il ne peut donc pas contr\u00f4ler s&rsquo;il a mis une matrice \u00e0 l&rsquo;envers (t\u00eate-b\u00eache) ou si il se trompe de matrice (15c tenant \u00e0 10c).<\/p>\n\n\n\n<p class=\"has-text-align-right\"><a href=\"https:\/\/cpl14.fr\/?p=1150\">retour vers Types et Etats&#8230;<\/a><\/p>\n","protected":false},"excerpt":{"rendered":"<div class=\"mh-excerpt\"><p>(sauf \u00e9mission de Bordeaux) Le premier timbre-poste de France est le C\u00e9r\u00e8s 20c noir qui est \u00e9mis le 1er janvier 1849. Le poin\u00e7on C\u00e9r\u00e8s, nomm\u00e9 <a class=\"mh-excerpt-more\" href=\"https:\/\/cpl14.fr\/?page_id=8471\" title=\"Les C\u00e9r\u00e8s (non dentel\u00e9s et dentel\u00e9s)\">[&#8230;]<\/a><\/p>\n<\/div>","protected":false},"author":1,"featured_media":0,"parent":0,"menu_order":0,"comment_status":"closed","ping_status":"closed","template":"","meta":{"footnotes":""},"class_list":["post-8471","page","type-page","status-publish","hentry"],"_links":{"self":[{"href":"https:\/\/cpl14.fr\/index.php?rest_route=\/wp\/v2\/pages\/8471","targetHints":{"allow":["GET"]}}],"collection":[{"href":"https:\/\/cpl14.fr\/index.php?rest_route=\/wp\/v2\/pages"}],"about":[{"href":"https:\/\/cpl14.fr\/index.php?rest_route=\/wp\/v2\/types\/page"}],"author":[{"embeddable":true,"href":"https:\/\/cpl14.fr\/index.php?rest_route=\/wp\/v2\/users\/1"}],"replies":[{"embeddable":true,"href":"https:\/\/cpl14.fr\/index.php?rest_route=%2Fwp%2Fv2%2Fcomments&post=8471"}],"version-history":[{"count":19,"href":"https:\/\/cpl14.fr\/index.php?rest_route=\/wp\/v2\/pages\/8471\/revisions"}],"predecessor-version":[{"id":8580,"href":"https:\/\/cpl14.fr\/index.php?rest_route=\/wp\/v2\/pages\/8471\/revisions\/8580"}],"wp:attachment":[{"href":"https:\/\/cpl14.fr\/index.php?rest_route=%2Fwp%2Fv2%2Fmedia&parent=8471"}],"curies":[{"name":"wp","href":"https:\/\/api.w.org\/{rel}","templated":true}]}}