{"id":8543,"date":"2024-02-24T09:14:45","date_gmt":"2024-02-24T08:14:45","guid":{"rendered":"https:\/\/cpl14.fr\/?page_id=8543"},"modified":"2024-02-24T09:20:15","modified_gmt":"2024-02-24T08:20:15","slug":"lisieux","status":"publish","type":"page","link":"https:\/\/cpl14.fr\/?page_id=8543","title":{"rendered":"LISIEUX"},"content":{"rendered":"\n<p><a href=\"https:\/\/cpl14.fr\/?p=343\">Le Chemin de Fer en Pays d\u2019Auge<\/a><\/p>\n\n\n\n<p><a href=\"https:\/\/cpl14.fr\/?p=603\">Des bateaux nomm\u00e9s Lisieux<\/a><\/p>\n\n\n\n<p><a href=\"https:\/\/cpl14.fr\/?p=67\">Catalogue des Marques Postales de Lisieux<\/a><\/p>\n\n\n\n<p><a href=\"https:\/\/cpl14.fr\/?p=3038\">Les petits ballons de COLSENET<\/a><\/p>\n\n\n\n<p><a href=\"https:\/\/cpl14.fr\/?p=259\">Sainte Th\u00e9r\u00e9se de Lisieux<\/a><\/p>\n\n\n\n<p><a href=\"https:\/\/cpl14.fr\/?p=2434\">Le Journal\u2026 presque du jour<\/a><\/p>\n\n\n\n<p><a href=\"https:\/\/cpl14.fr\/?p=2049\">LISIEUX 1911: Petit hold-up en a\u00e9roplane<\/a><\/p>\n\n\n\n<p><a href=\"https:\/\/cpl14.fr\/?p=558\">L\u2019Heure de Lisieux<\/a><\/p>\n\n\n\n<p><a href=\"https:\/\/cpl14.fr\/?p=301\">Lettres de Lisieux<\/a><\/p>\n\n\n\n<p class=\"has-text-align-right\"><a href=\"https:\/\/cpl14.fr\/?p=8446\">Retour vers Table des Mati\u00e8res<\/a><\/p>\n","protected":false},"excerpt":{"rendered":"<div class=\"mh-excerpt\"><p>Le Chemin de Fer en Pays d\u2019Auge Des bateaux nomm\u00e9s Lisieux Catalogue des Marques Postales de Lisieux Les petits ballons de COLSENET Sainte Th\u00e9r\u00e9se de <a class=\"mh-excerpt-more\" href=\"https:\/\/cpl14.fr\/?page_id=8543\" title=\"LISIEUX\">[&#8230;]<\/a><\/p>\n<\/div>","protected":false},"author":1,"featured_media":0,"parent":0,"menu_order":0,"comment_status":"closed","ping_status":"closed","template":"","meta":{"footnotes":""},"class_list":["post-8543","page","type-page","status-publish","hentry"],"_links":{"self":[{"href":"https:\/\/cpl14.fr\/index.php?rest_route=\/wp\/v2\/pages\/8543","targetHints":{"allow":["GET"]}}],"collection":[{"href":"https:\/\/cpl14.fr\/index.php?rest_route=\/wp\/v2\/pages"}],"about":[{"href":"https:\/\/cpl14.fr\/index.php?rest_route=\/wp\/v2\/types\/page"}],"author":[{"embeddable":true,"href":"https:\/\/cpl14.fr\/index.php?rest_route=\/wp\/v2\/users\/1"}],"replies":[{"embeddable":true,"href":"https:\/\/cpl14.fr\/index.php?rest_route=%2Fwp%2Fv2%2Fcomments&post=8543"}],"version-history":[{"count":2,"href":"https:\/\/cpl14.fr\/index.php?rest_route=\/wp\/v2\/pages\/8543\/revisions"}],"predecessor-version":[{"id":8548,"href":"https:\/\/cpl14.fr\/index.php?rest_route=\/wp\/v2\/pages\/8543\/revisions\/8548"}],"wp:attachment":[{"href":"https:\/\/cpl14.fr\/index.php?rest_route=%2Fwp%2Fv2%2Fmedia&parent=8543"}],"curies":[{"name":"wp","href":"https:\/\/api.w.org\/{rel}","templated":true}]}}