{"id":8552,"date":"2024-02-24T10:35:34","date_gmt":"2024-02-24T09:35:34","guid":{"rendered":"https:\/\/cpl14.fr\/?page_id=8552"},"modified":"2024-02-24T10:44:27","modified_gmt":"2024-02-24T09:44:27","slug":"les-napoleon-presidence","status":"publish","type":"page","link":"https:\/\/cpl14.fr\/?page_id=8552","title":{"rendered":"Les Napol\u00e9on Pr\u00e9sidence"},"content":{"rendered":"\n<p>Fin 1848, Charles Louis-Napol\u00e9on Bonaparte (dit Louis-Napol\u00e9on) est \u00e9lu Pr\u00e9sident de la R\u00e9publique. Mais la Constitution fran\u00e7aise d&rsquo;alors \u00e9tablie la non r\u00e9\u00e9ligibilit\u00e9 du Pr\u00e9sident, et Louis-Napol\u00e9on devra quitter le pouvoir de d\u00e9cembre 1852&#8230; Le Pr\u00e9sident ne voit pas cela ainsi, et ne pouvant obtenir une r\u00e9vision de la constitution \u00e0 son avantage, il prend la d\u00e9cision d&rsquo;effectuer un coup d&rsquo;\u00e9tat le 2 d\u00e9cembre 1851, date anniversaire du sacre de son oncle Napol\u00e9on Ier, et prend le titre de Prince-Pr\u00e9sident.<\/p>\n\n\n\n<p>La loi du 3 janvier 1852 prescrit le remplacement de C\u00e9r\u00e8s par le portrait du Prince-Pr\u00e9sident, et Jacques-Jean Barre est charg\u00e9 de l&rsquo;ex\u00e9cution de cette tache. Ce sera l&rsquo;\u00e9mission dite \u00ab\u00a0Pr\u00e9sidence\u00a0\u00bb qui devra comporter les m\u00eames valeurs que l&rsquo;\u00e9mission C\u00e9r\u00e8s donc du 10c bistre au 1F carmin, mais la proclamation du Second Empire* le 2 d\u00e9cembre 1852 bousculera ce programme.<\/p>\n\n\n\n<p>* : Second Empire est un terme adopt\u00e9 \u00e0 post\u00e9riori&#8230; en 1852, ce n&rsquo;est que le Deuxi\u00e8me Empire car la tradition du \u00ab\u00a0bon fran\u00e7ais\u00a0\u00bb veut que second ne soit employ\u00e9 que lorsqu&rsquo;il y a uniquement 2 sujets, le premier et le second. Lorsqu&rsquo;il y a plus de sujet on emploie le terme deuxi\u00e8me, puis troisi\u00e8me, etc. En 1852, Napol\u00e9on esp\u00e8re cr\u00e9er une nouvelle dynastie, il ne sait pas encore qu&rsquo;il est le premier et le dernier de son empire.<\/p>\n\n\n<div class=\"wp-block-image\">\n<figure class=\"aligncenter size-full is-resized\"><img loading=\"lazy\" decoding=\"async\" width=\"804\" height=\"466\" src=\"https:\/\/cpl14.fr\/wp-content\/uploads\/2024\/02\/9.jpg\" alt=\"\" class=\"wp-image-8553\" style=\"width:482px;height:auto\" srcset=\"https:\/\/cpl14.fr\/wp-content\/uploads\/2024\/02\/9.jpg 804w, https:\/\/cpl14.fr\/wp-content\/uploads\/2024\/02\/9-300x174.jpg 300w, https:\/\/cpl14.fr\/wp-content\/uploads\/2024\/02\/9-768x445.jpg 768w\" sizes=\"auto, (max-width: 804px) 100vw, 804px\" \/><\/figure>\n<\/div>\n\n\n<p class=\"has-text-align-center\">n\u00b09 Pr\u00e9sidence \/ n\u00b010 Pr\u00e9sidence<\/p>\n\n\n\n<p class=\"has-text-align-center\">.<\/p>\n\n\n\n<p>A l&rsquo;exception du portrait, la s\u00e9rie Pr\u00e9sidence est quasiment identique \u00e0 la s\u00e9rie C\u00e9r\u00e8s. La seule diff\u00e9rence est dans le nombre de perles entourant le centre qui passe de 88 \u00e0 87. Ce qui veut dire que le cartouche sup\u00e9rieur est toujours REPUB. FRANC. pour R\u00e9publique Fran\u00e7aise, puisque l&rsquo;Empire n&rsquo;est pas encore d\u00e9clar\u00e9.<\/p>\n\n\n<div class=\"wp-block-image\">\n<figure class=\"aligncenter size-full is-resized\"><img loading=\"lazy\" decoding=\"async\" width=\"560\" height=\"300\" src=\"https:\/\/cpl14.fr\/wp-content\/uploads\/2024\/02\/10.1.jpg\" alt=\"\" class=\"wp-image-8562\" style=\"width:492px;height:auto\" srcset=\"https:\/\/cpl14.fr\/wp-content\/uploads\/2024\/02\/10.1.jpg 560w, https:\/\/cpl14.fr\/wp-content\/uploads\/2024\/02\/10.1-300x161.jpg 300w\" sizes=\"auto, (max-width: 560px) 100vw, 560px\" \/><\/figure>\n<\/div>\n\n\n<p>Autre moyen pour diff\u00e9rencier les timbres Pr\u00e9sidence de 1852 des timbres Empire ND de 1853, les Pr\u00e9sidence comportent une lettre B (signature de Barre) sous l&rsquo;effigie du Prince-Pr\u00e9sident.<\/p>\n\n\n<div class=\"wp-block-image\">\n<figure class=\"aligncenter size-full is-resized\"><img loading=\"lazy\" decoding=\"async\" width=\"640\" height=\"480\" src=\"https:\/\/cpl14.fr\/wp-content\/uploads\/2024\/02\/presidence-1.jpg\" alt=\"\" class=\"wp-image-8555\" style=\"width:486px;height:auto\" srcset=\"https:\/\/cpl14.fr\/wp-content\/uploads\/2024\/02\/presidence-1.jpg 640w, https:\/\/cpl14.fr\/wp-content\/uploads\/2024\/02\/presidence-1-300x225.jpg 300w, https:\/\/cpl14.fr\/wp-content\/uploads\/2024\/02\/presidence-1-326x245.jpg 326w, https:\/\/cpl14.fr\/wp-content\/uploads\/2024\/02\/presidence-1-80x60.jpg 80w\" sizes=\"auto, (max-width: 640px) 100vw, 640px\" \/><\/figure>\n<\/div>\n\n\n<p class=\"has-text-align-right\"><a href=\"https:\/\/cpl14.fr\/?p=1150\">retour vers Types et Etats&#8230;<\/a><\/p>\n","protected":false},"excerpt":{"rendered":"<div class=\"mh-excerpt\"><p>Fin 1848, Charles Louis-Napol\u00e9on Bonaparte (dit Louis-Napol\u00e9on) est \u00e9lu Pr\u00e9sident de la R\u00e9publique. Mais la Constitution fran\u00e7aise d&rsquo;alors \u00e9tablie la non r\u00e9\u00e9ligibilit\u00e9 du Pr\u00e9sident, et <a class=\"mh-excerpt-more\" href=\"https:\/\/cpl14.fr\/?page_id=8552\" title=\"Les Napol\u00e9on Pr\u00e9sidence\">[&#8230;]<\/a><\/p>\n<\/div>","protected":false},"author":1,"featured_media":0,"parent":0,"menu_order":0,"comment_status":"closed","ping_status":"closed","template":"","meta":{"footnotes":""},"class_list":["post-8552","page","type-page","status-publish","hentry"],"_links":{"self":[{"href":"https:\/\/cpl14.fr\/index.php?rest_route=\/wp\/v2\/pages\/8552","targetHints":{"allow":["GET"]}}],"collection":[{"href":"https:\/\/cpl14.fr\/index.php?rest_route=\/wp\/v2\/pages"}],"about":[{"href":"https:\/\/cpl14.fr\/index.php?rest_route=\/wp\/v2\/types\/page"}],"author":[{"embeddable":true,"href":"https:\/\/cpl14.fr\/index.php?rest_route=\/wp\/v2\/users\/1"}],"replies":[{"embeddable":true,"href":"https:\/\/cpl14.fr\/index.php?rest_route=%2Fwp%2Fv2%2Fcomments&post=8552"}],"version-history":[{"count":5,"href":"https:\/\/cpl14.fr\/index.php?rest_route=\/wp\/v2\/pages\/8552\/revisions"}],"predecessor-version":[{"id":8563,"href":"https:\/\/cpl14.fr\/index.php?rest_route=\/wp\/v2\/pages\/8552\/revisions\/8563"}],"wp:attachment":[{"href":"https:\/\/cpl14.fr\/index.php?rest_route=%2Fwp%2Fv2%2Fmedia&parent=8552"}],"curies":[{"name":"wp","href":"https:\/\/api.w.org\/{rel}","templated":true}]}}

Les Napoléon Présidence

<p>Fin 1848, Charles Louis-Napoléon Bonaparte (dit Louis-Napoléon) est élu Président de la République. Mais la Constitution française d&rsquo;alors établie la non rééligibilité du Président, et Louis-Napoléon devra quitter le pouvoir de décembre 1852&#8230; Le Président ne voit pas cela ainsi, et ne pouvant obtenir une révision de la constitution à son avantage, il prend la décision d&rsquo;effectuer un coup d&rsquo;état le 2 décembre 1851, date anniversaire du sacre de son oncle Napoléon Ier, et prend le titre de Prince-Président.</p>



<p>La loi du 3 janvier 1852 prescrit le remplacement de Cérès par le portrait du Prince-Président, et Jacques-Jean Barre est chargé de l&rsquo;exécution de cette tache. Ce sera l&rsquo;émission dite « Présidence » qui devra comporter les mêmes valeurs que l&rsquo;émission Cérès donc du 10c bistre au 1F carmin, mais la proclamation du Second Empire* le 2 décembre 1852 bousculera ce programme.</p>



<p>* : Second Empire est un terme adopté à postériori&#8230; en 1852, ce n&rsquo;est que le Deuxième Empire car la tradition du « bon français » veut que second ne soit employé que lorsqu&rsquo;il y a uniquement 2 sujets, le premier et le second. Lorsqu&rsquo;il y a plus de sujet on emploie le terme deuxième, puis troisième, etc. En 1852, Napoléon espère créer une nouvelle dynastie, il ne sait pas encore qu&rsquo;il est le premier et le dernier de son empire.</p>


<div class="wp-block-image">
<figure class="aligncenter size-full is-resized"><img loading="lazy" decoding="async" width="804" height="466" src="https://cpl14.fr/wp-content/uploads/2024/02/9.jpg" alt="" class="wp-image-8553" style="width:482px;height:auto" srcset="https://cpl14.fr/wp-content/uploads/2024/02/9.jpg 804w, https://cpl14.fr/wp-content/uploads/2024/02/9-300x174.jpg 300w, https://cpl14.fr/wp-content/uploads/2024/02/9-768x445.jpg 768w" sizes="auto, (max-width: 804px) 100vw, 804px" /></figure>
</div>


<p class="has-text-align-center">n°9 Présidence / n°10 Présidence</p>



<p class="has-text-align-center">.</p>



<p>A l&rsquo;exception du portrait, la série Présidence est quasiment identique à la série Cérès. La seule différence est dans le nombre de perles entourant le centre qui passe de 88 à 87. Ce qui veut dire que le cartouche supérieur est toujours REPUB. FRANC. pour République Française, puisque l&rsquo;Empire n&rsquo;est pas encore déclaré.</p>


<div class="wp-block-image">
<figure class="aligncenter size-full is-resized"><img loading="lazy" decoding="async" width="560" height="300" src="https://cpl14.fr/wp-content/uploads/2024/02/10.1.jpg" alt="" class="wp-image-8562" style="width:492px;height:auto" srcset="https://cpl14.fr/wp-content/uploads/2024/02/10.1.jpg 560w, https://cpl14.fr/wp-content/uploads/2024/02/10.1-300x161.jpg 300w" sizes="auto, (max-width: 560px) 100vw, 560px" /></figure>
</div>


<p>Autre moyen pour différencier les timbres Présidence de 1852 des timbres Empire ND de 1853, les Présidence comportent une lettre B (signature de Barre) sous l&rsquo;effigie du Prince-Président.</p>


<div class="wp-block-image">
<figure class="aligncenter size-full is-resized"><img loading="lazy" decoding="async" width="640" height="480" src="https://cpl14.fr/wp-content/uploads/2024/02/presidence-1.jpg" alt="" class="wp-image-8555" style="width:486px;height:auto" srcset="https://cpl14.fr/wp-content/uploads/2024/02/presidence-1.jpg 640w, https://cpl14.fr/wp-content/uploads/2024/02/presidence-1-300x225.jpg 300w, https://cpl14.fr/wp-content/uploads/2024/02/presidence-1-326x245.jpg 326w, https://cpl14.fr/wp-content/uploads/2024/02/presidence-1-80x60.jpg 80w" sizes="auto, (max-width: 640px) 100vw, 640px" /></figure>
</div>


<p class="has-text-align-right"><a href="https://cpl14.fr/?p=1150">retour vers Types et Etats&#8230;</a></p>

<div class="mh-excerpt"><p>Fin 1848, Charles Louis-Napoléon Bonaparte (dit Louis-Napoléon) est élu Président de la République. Mais la Constitution française d&rsquo;alors établie la non rééligibilité du Président, et <a class="mh-excerpt-more" href="https://cpl14.fr/?page_id=8552" title="Les Napoléon Présidence">[&#8230;]</a></p>
</div>
