{"id":8559,"date":"2024-02-24T12:14:09","date_gmt":"2024-02-24T11:14:09","guid":{"rendered":"https:\/\/cpl14.fr\/?page_id=8559"},"modified":"2024-02-24T13:15:53","modified_gmt":"2024-02-24T12:15:53","slug":"les-empire-nd-non-denteles","status":"publish","type":"page","link":"https:\/\/cpl14.fr\/?page_id=8559","title":{"rendered":"Les Empire ND (non dentel\u00e9s)"},"content":{"rendered":"\n<p>Le Pr\u00e9sident a fait instaurer le suffrage universel (avec un id\u00e9e derri\u00e8re la t\u00eate&#8230;). Suite \u00e0 une \u00e9norme campagne de propagande populiste et beaucoup de \u00ab\u00a0cadeaux\u00a0\u00bb offert aux hauts fonctionnaires locaux, la dignit\u00e9 imp\u00e9riale est r\u00e9tablie le 7 novembre 1852, et le 2 d\u00e9cembre l&rsquo;Empire est proclam\u00e9. J.J. Barre se remet au travail pour modifier le poin\u00e7on Pr\u00e9sidence et le transformer en EMPIRE FRANC.<\/p>\n\n\n<div class=\"wp-block-image\">\n<figure class=\"aligncenter size-full is-resized\"><img loading=\"lazy\" decoding=\"async\" width=\"625\" height=\"445\" src=\"https:\/\/cpl14.fr\/wp-content\/uploads\/2024\/02\/empire-ND-0.jpg\" alt=\"\" class=\"wp-image-8564\" style=\"width:428px;height:auto\" srcset=\"https:\/\/cpl14.fr\/wp-content\/uploads\/2024\/02\/empire-ND-0.jpg 625w, https:\/\/cpl14.fr\/wp-content\/uploads\/2024\/02\/empire-ND-0-300x214.jpg 300w\" sizes=\"auto, (max-width: 625px) 100vw, 625px\" \/><\/figure>\n<\/div>\n\n\n<p class=\"has-text-align-center\"> .<\/p>\n\n\n\n<p>La lettre B sous le cou de l&rsquo;Empereur est supprim\u00e9e.<\/p>\n\n\n<div class=\"wp-block-image\">\n<figure class=\"aligncenter size-full is-resized\"><img loading=\"lazy\" decoding=\"async\" width=\"625\" height=\"317\" src=\"https:\/\/cpl14.fr\/wp-content\/uploads\/2024\/02\/empire-ND-00.jpg\" alt=\"\" class=\"wp-image-8565\" style=\"width:433px;height:auto\" srcset=\"https:\/\/cpl14.fr\/wp-content\/uploads\/2024\/02\/empire-ND-00.jpg 625w, https:\/\/cpl14.fr\/wp-content\/uploads\/2024\/02\/empire-ND-00-300x152.jpg 300w\" sizes=\"auto, (max-width: 625px) 100vw, 625px\" \/><\/figure>\n<\/div>\n\n\n<p class=\"has-text-align-center\">.<\/p>\n\n\n\n<p>Ces timbres couvrent la p\u00e9riode durant laquelle le gouvernement a incit\u00e9 la population \u00e0 affranchir le courrier au moyen des timbres-poste en instaurant \u00ab\u00a0la prime \u00e0 l&rsquo;affranchissement\u00a0\u00bb. Le 1er juillet 1853, la lettre locale de et pour Paris passe de 15c \u00e0 10c si elle est affranchie en timbre (port pay\u00e9), et reste \u00e0 15c si elle est en port-d\u00fb. Cette op\u00e9ration ayant eu un grand succ\u00e8s, elle est \u00e9tendue \u00e0 la France enti\u00e8re et le tarif de la lettre de bureau \u00e0 bureau affranchie passe \u00e0 20c, la lettre en port-d\u00fb passant elle \u00e0 30c. En juillet 1854, un nouveau timbre \u00e0 20c est \u00e9mis pour remplacer le timbre \u00e0 25c. Encore une fois la num\u00e9rotation du catalogue YetT est invers\u00e9e par rapport \u00e0 l&rsquo;ordre d&rsquo;\u00e9mission.<\/p>\n\n\n<div class=\"wp-block-image\">\n<figure class=\"aligncenter size-large is-resized\"><img loading=\"lazy\" decoding=\"async\" width=\"1024\" height=\"338\" src=\"https:\/\/cpl14.fr\/wp-content\/uploads\/2024\/02\/14.1-1024x338.jpg\" alt=\"\" class=\"wp-image-8566\" style=\"width:675px;height:auto\" srcset=\"https:\/\/cpl14.fr\/wp-content\/uploads\/2024\/02\/14.1-1024x338.jpg 1024w, https:\/\/cpl14.fr\/wp-content\/uploads\/2024\/02\/14.1-300x99.jpg 300w, https:\/\/cpl14.fr\/wp-content\/uploads\/2024\/02\/14.1-768x254.jpg 768w, https:\/\/cpl14.fr\/wp-content\/uploads\/2024\/02\/14.1.jpg 1289w\" sizes=\"auto, (max-width: 1024px) 100vw, 1024px\" \/><\/figure>\n<\/div>\n\n\n<p class=\"has-text-align-center\">n\u00b015 &#8211; 25 centimes de 1853 \/ n\u00b014 &#8211; 20 centimes de 1854<\/p>\n\n\n\n<p class=\"has-text-align-center\">.<\/p>\n\n\n\n<p>Il y a eu deux \u00e9missions pour ces timbres Empire ND. La premi\u00e8re \u00e9mission (timbres \u00e9mis entre 1853 et 1859) est au Type I et concerne les valeurs 5c, 10, 20c, 25c, 40c, 80c et 1F. La seconde \u00e9mission concerne les timbres \u00e9mis \u00e0 partir de 1860, et ne concerne donc que le 1c et les 10 et 20c qui couvrent les deux \u00e9missions compte tenu de l&rsquo;importance de leurs tirages. La diff\u00e9renciation des deux types porte sur 3 \u00e9l\u00e9ments :<\/p>\n\n\n\n<ul class=\"wp-block-list\">\n<li>une diff\u00e9rence dans les ombres du cou<\/li>\n<\/ul>\n\n\n\n<figure class=\"wp-block-image size-large\"><img loading=\"lazy\" decoding=\"async\" width=\"1024\" height=\"322\" src=\"https:\/\/cpl14.fr\/wp-content\/uploads\/2024\/02\/14.11-1024x322.jpg\" alt=\"\" class=\"wp-image-8569\" srcset=\"https:\/\/cpl14.fr\/wp-content\/uploads\/2024\/02\/14.11-1024x322.jpg 1024w, https:\/\/cpl14.fr\/wp-content\/uploads\/2024\/02\/14.11-300x94.jpg 300w, https:\/\/cpl14.fr\/wp-content\/uploads\/2024\/02\/14.11-768x241.jpg 768w, https:\/\/cpl14.fr\/wp-content\/uploads\/2024\/02\/14.11.jpg 1212w\" sizes=\"auto, (max-width: 1024px) 100vw, 1024px\" \/><\/figure>\n\n\n\n<p>Type I : lignes du cou bris\u00e9es en forme de triangle sous le lobe de l&rsquo;oreille<\/p>\n\n\n\n<p>Type II : lignes du cou continues sous le lobe de l&rsquo;oreille<\/p>\n\n\n\n<p class=\"has-text-align-center\">.<\/p>\n\n\n\n<ul class=\"wp-block-list\">\n<li>une diff\u00e9rence dans la m\u00e8che de cheveux au sommet du cr\u00e2ne<\/li>\n<\/ul>\n\n\n\n<figure class=\"wp-block-image size-large\"><img loading=\"lazy\" decoding=\"async\" width=\"1024\" height=\"378\" src=\"https:\/\/cpl14.fr\/wp-content\/uploads\/2024\/02\/14.10-1024x378.jpg\" alt=\"\" class=\"wp-image-8570\" srcset=\"https:\/\/cpl14.fr\/wp-content\/uploads\/2024\/02\/14.10-1024x378.jpg 1024w, https:\/\/cpl14.fr\/wp-content\/uploads\/2024\/02\/14.10-300x111.jpg 300w, https:\/\/cpl14.fr\/wp-content\/uploads\/2024\/02\/14.10-768x283.jpg 768w, https:\/\/cpl14.fr\/wp-content\/uploads\/2024\/02\/14.10.jpg 1288w\" sizes=\"auto, (max-width: 1024px) 100vw, 1024px\" \/><\/figure>\n\n\n\n<p>Type I : m\u00e8che form\u00e9e par deux traits coll\u00e9s formant un gros trait<\/p>\n\n\n\n<p>Type II : m\u00e8che form\u00e9e par deux traits s\u00e9par\u00e9s<\/p>\n\n\n\n<p class=\"has-text-align-center\">.<\/p>\n\n\n\n<ul class=\"wp-block-list\">\n<li>et surtout une diff\u00e9rence dans les boucles de la m\u00e8che de cheveux temporale<\/li>\n<\/ul>\n\n\n\n<figure class=\"wp-block-image size-large\"><img loading=\"lazy\" decoding=\"async\" width=\"1024\" height=\"371\" src=\"https:\/\/cpl14.fr\/wp-content\/uploads\/2024\/02\/14.31-1024x371.jpg\" alt=\"\" class=\"wp-image-8571\" srcset=\"https:\/\/cpl14.fr\/wp-content\/uploads\/2024\/02\/14.31-1024x371.jpg 1024w, https:\/\/cpl14.fr\/wp-content\/uploads\/2024\/02\/14.31-300x109.jpg 300w, https:\/\/cpl14.fr\/wp-content\/uploads\/2024\/02\/14.31-768x279.jpg 768w, https:\/\/cpl14.fr\/wp-content\/uploads\/2024\/02\/14.31.jpg 1285w\" sizes=\"auto, (max-width: 1024px) 100vw, 1024px\" \/><\/figure>\n\n\n\n<p>Type I : m\u00e8che temporale form\u00e9e de 4 traits in\u00e9gaux dont les deux du centre coll\u00e9s formant gros trait<\/p>\n\n\n\n<p>Type II : m\u00e8che form\u00e9e de 3 traits \u00e9gaux et un quatri\u00e8me plus petit entre le premier et le deuxi\u00e8me trait \u00e9gaux<\/p>\n\n\n\n<p class=\"has-text-align-center\">.<\/p>\n\n\n\n<p>Fin 1861, l&rsquo;administration impose \u00e0 Anatole Hulot de perforer les feuilles de timbres-poste pour permettre la s\u00e9paration facile des vignettes. Les premiers timbres dentel\u00e9s fran\u00e7ais apparaissent en ao\u00fbt 1862, et ce n&rsquo;est pas une nouvelle \u00e9mission mais une am\u00e9lioration de l&rsquo;\u00e9mission des timbres Empire ND. Cette technique \u00e9tait d\u00e9j\u00e0 employ\u00e9e en Angleterre depuis 1854 !<\/p>\n\n\n\n<p class=\"has-text-align-right\"><a href=\"https:\/\/cpl14.fr\/?p=1150\">retour vers Types et Etats&#8230;<\/a><\/p>\n","protected":false},"excerpt":{"rendered":"<div class=\"mh-excerpt\"><p>Le Pr\u00e9sident a fait instaurer le suffrage universel (avec un id\u00e9e derri\u00e8re la t\u00eate&#8230;). Suite \u00e0 une \u00e9norme campagne de propagande populiste et beaucoup de <a class=\"mh-excerpt-more\" href=\"https:\/\/cpl14.fr\/?page_id=8559\" title=\"Les Empire ND (non dentel\u00e9s)\">[&#8230;]<\/a><\/p>\n<\/div>","protected":false},"author":1,"featured_media":0,"parent":0,"menu_order":0,"comment_status":"closed","ping_status":"closed","template":"","meta":{"footnotes":""},"class_list":["post-8559","page","type-page","status-publish","hentry"],"_links":{"self":[{"href":"https:\/\/cpl14.fr\/index.php?rest_route=\/wp\/v2\/pages\/8559","targetHints":{"allow":["GET"]}}],"collection":[{"href":"https:\/\/cpl14.fr\/index.php?rest_route=\/wp\/v2\/pages"}],"about":[{"href":"https:\/\/cpl14.fr\/index.php?rest_route=\/wp\/v2\/types\/page"}],"author":[{"embeddable":true,"href":"https:\/\/cpl14.fr\/index.php?rest_route=\/wp\/v2\/users\/1"}],"replies":[{"embeddable":true,"href":"https:\/\/cpl14.fr\/index.php?rest_route=%2Fwp%2Fv2%2Fcomments&post=8559"}],"version-history":[{"count":4,"href":"https:\/\/cpl14.fr\/index.php?rest_route=\/wp\/v2\/pages\/8559\/revisions"}],"predecessor-version":[{"id":8581,"href":"https:\/\/cpl14.fr\/index.php?rest_route=\/wp\/v2\/pages\/8559\/revisions\/8581"}],"wp:attachment":[{"href":"https:\/\/cpl14.fr\/index.php?rest_route=%2Fwp%2Fv2%2Fmedia&parent=8559"}],"curies":[{"name":"wp","href":"https:\/\/api.w.org\/{rel}","templated":true}]}}