{"id":868,"date":"2017-06-01T15:55:19","date_gmt":"2017-06-01T13:55:19","guid":{"rendered":"http:\/\/cpl14.fr\/?page_id=868"},"modified":"2017-06-01T15:55:19","modified_gmt":"2017-06-01T13:55:19","slug":"1791-1","status":"publish","type":"page","link":"https:\/\/cpl14.fr\/?page_id=868","title":{"rendered":"1791.1"},"content":{"rendered":"<h4>La marque postale<\/h4>\n<p><img loading=\"lazy\" decoding=\"async\" class=\"aligncenter size-full wp-image-864\" src=\"http:\/\/cpl14.fr\/wp-content\/uploads\/2017\/06\/lettre-2.jpg\" alt=\"\" width=\"900\" height=\"595\" srcset=\"https:\/\/cpl14.fr\/wp-content\/uploads\/2017\/06\/lettre-2.jpg 900w, https:\/\/cpl14.fr\/wp-content\/uploads\/2017\/06\/lettre-2-300x198.jpg 300w, https:\/\/cpl14.fr\/wp-content\/uploads\/2017\/06\/lettre-2-768x508.jpg 768w\" sizes=\"auto, (max-width: 900px) 100vw, 900px\" \/><\/p>\n<p># \u00a0LISIEUX \u00a035mm. Lilas 1785-1791 (Lenain n\u00b06 et n\u00b06 de notre catalogue).<\/p>\n<p>\u00a5 \u00a05 juin 1791<\/p>\n<p>! \u00a0 \u00a0Taxe 9 pour Quintin<\/p>\n<p>T \u00a0 \u00a0Ce tarif de 9 est erron\u00e9:\u00a0\u00a0 A cette date s&rsquo;applique encore le tarif de 1759, le nouveau tarif de 1792 n&rsquo;\u00e9tant pas encore applicable (la loi \u00e9tant du 22 aout 1791).<\/p>\n<p>Le tarif \u00e0 appliquer \u00e9tait 8 ou 10 suivant la distance. \u00a09 n&rsquo;existe que pour Lettre avec enveloppe, qui n&rsquo;est pas le cas ici.<\/p>\n<p>\u2605 \u00a0photo du tarif de 1759<\/p>\n<p>(Tarifs postaux fran\u00e7ais= Alexandre, Desarnaud, Joanny etc.)<\/p>\n<p><img loading=\"lazy\" decoding=\"async\" class=\"aligncenter size-full wp-image-863\" src=\"http:\/\/cpl14.fr\/wp-content\/uploads\/2017\/06\/tarif.jpg\" alt=\"\" width=\"800\" height=\"611\" srcset=\"https:\/\/cpl14.fr\/wp-content\/uploads\/2017\/06\/tarif.jpg 800w, https:\/\/cpl14.fr\/wp-content\/uploads\/2017\/06\/tarif-300x229.jpg 300w, https:\/\/cpl14.fr\/wp-content\/uploads\/2017\/06\/tarif-768x587.jpg 768w, https:\/\/cpl14.fr\/wp-content\/uploads\/2017\/06\/tarif-80x60.jpg 80w\" sizes=\"auto, (max-width: 800px) 100vw, 800px\" \/><\/p>\n<p>&amp; \u00a0mention manuscrite \u00ab\u00a0aquitt\u00e9e \u00e0 Quintin\u00a0\u00bb. La taxe est pay\u00e9e par une tierce personne, le 9 est ray\u00e9, l&rsquo;adresse modifi\u00e9e et la lettre dirig\u00e9e vers Brest en port-pay\u00e9.<\/p>\n<p>Il s&rsquo;agit l\u00e0 de ce que nous avons vu dans une lettre d\u00e9j\u00e0 publi\u00e9e et que les marcophiles appellent \u00ab\u00a0d\u00e9bours\u00e9 \u00e9vit\u00e9\u00a0\u00bb. (Voir explications techniques dans la lettre 1821.1. Ici dans une variante diff\u00e9rente puisque la lettre vient de Lisieux, et l&rsquo;op\u00e9ration \u00ab\u00a0astucieuse\u00a0\u00bb a lieu en Bretagne).<\/p>\n<p>\u2605 \u00a0photo de la marque manuscrite.<\/p>\n<p><img loading=\"lazy\" decoding=\"async\" class=\"aligncenter size-full wp-image-862\" src=\"http:\/\/cpl14.fr\/wp-content\/uploads\/2017\/06\/Manuscrit-dit-d\u00e9bours\u00e9-\u00e9vit\u00e9.-.jpg\" alt=\"\" width=\"700\" height=\"96\" srcset=\"https:\/\/cpl14.fr\/wp-content\/uploads\/2017\/06\/Manuscrit-dit-d\u00e9bours\u00e9-\u00e9vit\u00e9.-.jpg 700w, https:\/\/cpl14.fr\/wp-content\/uploads\/2017\/06\/Manuscrit-dit-d\u00e9bours\u00e9-\u00e9vit\u00e9.--300x41.jpg 300w\" sizes=\"auto, (max-width: 700px) 100vw, 700px\" \/><\/p>\n<h4>La Lettre<\/h4>\n<p>\u2661 \u00a0expediteur non connu.<\/p>\n<p>[ ] \u00a0 La marque est de Lisieux.<\/p>\n<p>\u2665 \u00a0M. Le Chevalier de Cuverville (ici le nom est d\u00e9form\u00e9, c&rsquo;est Cavelier: voir @ en fin de texte).\u00a0\u00a0Capitaine des vaisseaux du Roi en son h\u00f4tel \u00e0 Quintin.<\/p>\n<p>= \u00a0 Probl\u00e8mes financiers, d\u00e9mission\u00a0d&rsquo;officiers, r\u00e9tractation de jureurs.<\/p>\n<p>&gt; \u00a0 M. De Carrouges, M. de L.Estang,\u00a0M.de la Bastide, M.des Longchamps, M de Victot.<\/p>\n<p>\u25cb \u00a0en page 3, d&rsquo;une autre \u00e9criture, un texte qui n&rsquo;a pas lien avec cette correspondance, semble-t-il?<\/p>\n<p>\u2605 photos du texte (2 photos).<\/p>\n<p><img loading=\"lazy\" decoding=\"async\" class=\"aligncenter size-large wp-image-860\" src=\"http:\/\/cpl14.fr\/wp-content\/uploads\/2017\/06\/texte-1-2-826x1024.jpg\" alt=\"\" width=\"826\" height=\"1024\" srcset=\"https:\/\/cpl14.fr\/wp-content\/uploads\/2017\/06\/texte-1-2-826x1024.jpg 826w, https:\/\/cpl14.fr\/wp-content\/uploads\/2017\/06\/texte-1-2-242x300.jpg 242w, https:\/\/cpl14.fr\/wp-content\/uploads\/2017\/06\/texte-1-2-768x952.jpg 768w, https:\/\/cpl14.fr\/wp-content\/uploads\/2017\/06\/texte-1-2.jpg 900w\" sizes=\"auto, (max-width: 826px) 100vw, 826px\" \/><\/p>\n<p><img loading=\"lazy\" decoding=\"async\" class=\"aligncenter size-full wp-image-861\" src=\"http:\/\/cpl14.fr\/wp-content\/uploads\/2017\/06\/texte-2-2.jpg\" alt=\"\" width=\"900\" height=\"598\" srcset=\"https:\/\/cpl14.fr\/wp-content\/uploads\/2017\/06\/texte-2-2.jpg 900w, https:\/\/cpl14.fr\/wp-content\/uploads\/2017\/06\/texte-2-2-300x199.jpg 300w, https:\/\/cpl14.fr\/wp-content\/uploads\/2017\/06\/texte-2-2-768x510.jpg 768w\" sizes=\"auto, (max-width: 900px) 100vw, 900px\" \/><\/p>\n<h4>Le Papier<\/h4>\n<p>\u25a1 \u00a0feuille pli\u00e9e, \u00a034&#215;21,5mm<\/p>\n<p>\u2606 filigrane d&rsquo;un nom de papetier au centre: incomplet, n&rsquo;a pas \u00e9t\u00e9 identifi\u00e9.<\/p>\n<p>\u2605 \u00a0voir toutefois la photo du filigrane?<\/p>\n<p><img loading=\"lazy\" decoding=\"async\" class=\"aligncenter size-full wp-image-865\" src=\"http:\/\/cpl14.fr\/wp-content\/uploads\/2017\/06\/filigrane-1.jpg\" alt=\"\" width=\"900\" height=\"304\" srcset=\"https:\/\/cpl14.fr\/wp-content\/uploads\/2017\/06\/filigrane-1.jpg 900w, https:\/\/cpl14.fr\/wp-content\/uploads\/2017\/06\/filigrane-1-300x101.jpg 300w, https:\/\/cpl14.fr\/wp-content\/uploads\/2017\/06\/filigrane-1-768x259.jpg 768w\" sizes=\"auto, (max-width: 900px) 100vw, 900px\" \/><\/p>\n<p>@ Cuverville,\u00a0Il s&rsquo;agit de Louis Hyacinthe Cavelier de Cuverville n\u00e9 en 1740 et d\u00e9c\u00e9d\u00e9 en 1819. (Voir Geneanet).\u00a0Grande famille de Seine Maritime, proche du Havre. A donn\u00e9 de grands marins dont un Amiral remarquable au XIXe siecle.<\/p>\n<p>Vous pouvez aussi consulter sur internet les sujets:<\/p>\n<p>\u25c7 Cuverville et ch\u00e2teau de Montgeon<\/p>\n<p>\u25c7 Officiers de Marine<\/p>\n<p>\u25c7 Guerre de 1870.71<\/p>\n<p>\u25c7 Crim\u00e9e<\/p>\n<p>\u25c7 Campagne du Dahomey<\/p>\n","protected":false},"excerpt":{"rendered":"<div class=\"mh-excerpt\"><p>La marque postale # \u00a0LISIEUX \u00a035mm. Lilas 1785-1791 (Lenain n\u00b06 et n\u00b06 de notre catalogue). \u00a5 \u00a05 juin 1791 ! \u00a0 \u00a0Taxe 9 pour Quintin <a class=\"mh-excerpt-more\" href=\"https:\/\/cpl14.fr\/?page_id=868\" title=\"1791.1\">[&#8230;]<\/a><\/p>\n<\/div>","protected":false},"author":1,"featured_media":859,"parent":0,"menu_order":0,"comment_status":"closed","ping_status":"closed","template":"","meta":{"footnotes":""},"class_list":["post-868","page","type-page","status-publish","has-post-thumbnail","hentry"],"_links":{"self":[{"href":"https:\/\/cpl14.fr\/index.php?rest_route=\/wp\/v2\/pages\/868","targetHints":{"allow":["GET"]}}],"collection":[{"href":"https:\/\/cpl14.fr\/index.php?rest_route=\/wp\/v2\/pages"}],"about":[{"href":"https:\/\/cpl14.fr\/index.php?rest_route=\/wp\/v2\/types\/page"}],"author":[{"embeddable":true,"href":"https:\/\/cpl14.fr\/index.php?rest_route=\/wp\/v2\/users\/1"}],"replies":[{"embeddable":true,"href":"https:\/\/cpl14.fr\/index.php?rest_route=%2Fwp%2Fv2%2Fcomments&post=868"}],"version-history":[{"count":1,"href":"https:\/\/cpl14.fr\/index.php?rest_route=\/wp\/v2\/pages\/868\/revisions"}],"predecessor-version":[{"id":869,"href":"https:\/\/cpl14.fr\/index.php?rest_route=\/wp\/v2\/pages\/868\/revisions\/869"}],"wp:featuredmedia":[{"embeddable":true,"href":"https:\/\/cpl14.fr\/index.php?rest_route=\/wp\/v2\/media\/859"}],"wp:attachment":[{"href":"https:\/\/cpl14.fr\/index.php?rest_route=%2Fwp%2Fv2%2Fmedia&parent=868"}],"curies":[{"name":"wp","href":"https:\/\/api.w.org\/{rel}","templated":true}]}}