{"id":874,"date":"2017-06-01T16:05:12","date_gmt":"2017-06-01T14:05:12","guid":{"rendered":"http:\/\/cpl14.fr\/?page_id=874"},"modified":"2017-06-01T16:10:08","modified_gmt":"2017-06-01T14:10:08","slug":"1786-1","status":"publish","type":"page","link":"https:\/\/cpl14.fr\/?page_id=874","title":{"rendered":"1786.1"},"content":{"rendered":"<h4><strong>La Marque Postale<\/strong><\/h4>\n<p><img loading=\"lazy\" decoding=\"async\" class=\"size-full wp-image-837 aligncenter\" src=\"http:\/\/cpl14.fr\/wp-content\/uploads\/2017\/06\/marque-3.jpg\" alt=\"\" width=\"326\" height=\"75\" srcset=\"https:\/\/cpl14.fr\/wp-content\/uploads\/2017\/06\/marque-3.jpg 326w, https:\/\/cpl14.fr\/wp-content\/uploads\/2017\/06\/marque-3-300x69.jpg 300w\" sizes=\"auto, (max-width: 326px) 100vw, 326px\" \/><\/p>\n<p><u><img loading=\"lazy\" decoding=\"async\" class=\"size-full wp-image-838 aligncenter\" src=\"http:\/\/cpl14.fr\/wp-content\/uploads\/2017\/06\/marque-2.jpg\" alt=\"\" width=\"191\" height=\"68\" \/><\/u><\/p>\n<p><img loading=\"lazy\" decoding=\"async\" class=\"aligncenter size-full wp-image-839\" src=\"http:\/\/cpl14.fr\/wp-content\/uploads\/2017\/06\/lettre.jpg\" alt=\"\" width=\"723\" height=\"494\" srcset=\"https:\/\/cpl14.fr\/wp-content\/uploads\/2017\/06\/lettre.jpg 723w, https:\/\/cpl14.fr\/wp-content\/uploads\/2017\/06\/lettre-300x205.jpg 300w\" sizes=\"auto, (max-width: 723px) 100vw, 723px\" \/><\/p>\n<p><u>#\u00a0\u00a0\u00a0\u00a0\u00a0\u00a0\u00a0\u00a0\u00a0\u00a0\u00a0\u00a0\u00a0\u00a0\u00a0\u00a0\u00a0\u00a0\u00a0\u00a0\u00a0\u00a0\u00a0 <\/u>\u00a0P.P.A LISIEUX rouge en haut \u00e0 gauche (Lenain n\u00b09) + \u00ab\u00a0franc\u00a0\u00bb manuscrit\u00a0et P.P.P.P. (Port Pay\u00e9 Passe Paris). 1786.<\/p>\n<p><u>\u00a5\u00a0\u00a0\u00a0\u00a0\u00a0\u00a0\u00a0\u00a0\u00a0\u00a0\u00a0\u00a0\u00a0\u00a0\u00a0\u00a0\u00a0\u00a0\u00a0\u00a0\u00a0\u00a0\u00a0 <\/u>12 Avril 1786 de Lisieux<\/p>\n<p><u>!\u00a0\u00a0\u00a0\u00a0\u00a0\u00a0\u00a0\u00a0\u00a0\u00a0\u00a0\u00a0 <\/u>14 sous pour Clermont Ferrand, la lettre \u00e9tant en port pay\u00e9 la taxe est au verso<\/p>\n<p><u>T \u00a0 \u00a0\u00a0\u00a0\u00a0\u00a0\u00a0\u00a0\u00a0 <\/u>tarif de juillet 1759, 14s pour + de 150 lieues.<\/p>\n<p><u>&amp; \u00a0 \u00a0\u00a0\u00a0\u00a0\u00a0\u00a0\u00a0 <\/u>n\u00e9ant<\/p>\n<p><u>~ \u00a0 \u00a0\u00a0\u00a0\u00a0\u00a0\u00a0\u00a0\u00a0 <\/u>verso cachet bleu LL de Louis Lenain<\/p>\n<p><u>\u25cb\u00a0\u00a0\u00a0\u00a0\u00a0\u00a0\u00a0\u00a0\u00a0\u00a0\u00a0 <\/u>seule ann\u00e9e r\u00e9pertori\u00e9e par Lenain, probable pi\u00e8ce du catalogue.<\/p>\n<p><strong>La Lettre<\/strong><\/p>\n<p><img loading=\"lazy\" decoding=\"async\" class=\"aligncenter size-full wp-image-840\" src=\"http:\/\/cpl14.fr\/wp-content\/uploads\/2017\/06\/texte-1.jpg\" alt=\"\" width=\"711\" height=\"903\" srcset=\"https:\/\/cpl14.fr\/wp-content\/uploads\/2017\/06\/texte-1.jpg 711w, https:\/\/cpl14.fr\/wp-content\/uploads\/2017\/06\/texte-1-236x300.jpg 236w\" sizes=\"auto, (max-width: 711px) 100vw, 711px\" \/><\/p>\n<p><img loading=\"lazy\" decoding=\"async\" class=\"aligncenter size-full wp-image-841\" src=\"http:\/\/cpl14.fr\/wp-content\/uploads\/2017\/06\/texte-2.jpg\" alt=\"\" width=\"694\" height=\"915\" srcset=\"https:\/\/cpl14.fr\/wp-content\/uploads\/2017\/06\/texte-2.jpg 694w, https:\/\/cpl14.fr\/wp-content\/uploads\/2017\/06\/texte-2-228x300.jpg 228w\" sizes=\"auto, (max-width: 694px) 100vw, 694px\" \/><\/p>\n<p><u>\u2661<\/u><u> \u00a0\u00a0\u00a0\u00a0\u00a0\u00a0\u00a0\u00a0\u00a0\u00a0 <\/u>lettre sign\u00e9e Foucques<\/p>\n<p><u>[ ] \u00a0 \u00a0\u00a0\u00a0\u00a0\u00a0\u00a0\u00a0 <\/u>adresse non renseign\u00e9e \u00ab\u00a0\u00e0 Lisieux\u00a0\u00bb.<\/p>\n<p><u>\u2665 \u00a0 \u00a0\u00a0\u00a0\u00a0\u00a0\u00a0\u00a0\u00a0 <\/u>M.de Solaginat receveur des d\u00e9cimes du dioceze de Clermont<\/p>\n<p><u>= \u00a0 \u00a0\u00a0\u00a0\u00a0\u00a0\u00a0\u00a0\u00a0 <\/u>question juridique o\u00f9 est cit\u00e9 l&rsquo;\u00e9v\u00each\u00e9.<\/p>\n<p><u>&gt; \u00a0\u00a0\u00a0\u00a0\u00a0\u00a0\u00a0\u00a0\u00a0\u00a0 <\/u>Bayle, l&rsquo;Ev\u00eaque (d\u00e9funt n&rsquo;est pas l&rsquo;Eveque mais semble \u00eatre le nom de la personne), M. le cur\u00e9<\/p>\n<p>d&rsquo;Augerolles, M.de Gauville vicaire g\u00e9n\u00e9ral de Clermont, M.Boudard , M.de Solaginat.<\/p>\n<p><u>&lt; \u00a0 \u00a0 \u00a0\u00a0\u00a0\u00a0\u00a0\u00a0 <\/u>Lisieux, \u00a0Clermont Ferrand, Augerolles.<\/p>\n<p><u>\u20a9 \u00a0\u00a0\u00a0\u00a0\u00a0\u00a0\u00a0\u00a0 <\/u>n\u00e9ant.<\/p>\n<p><u>\u00a4 \u00a0 \u00a0 \u00a0\u00a0\u00a0\u00a0\u00a0\u00a0 <\/u>sceau de fermeture cire rouge d&rsquo;une armoirie couronn\u00e9e<\/p>\n<p><u>\u2605<\/u><u> \u00a0 \u00a0\u00a0\u00a0\u00a0\u00a0\u00a0 <\/u>voir photo pour identification<\/p>\n<p><img loading=\"lazy\" decoding=\"async\" class=\"aligncenter size-large wp-image-842\" src=\"http:\/\/cpl14.fr\/wp-content\/uploads\/2017\/06\/sceau-1024x576.jpg\" alt=\"\" width=\"1024\" height=\"576\" srcset=\"https:\/\/cpl14.fr\/wp-content\/uploads\/2017\/06\/sceau-1024x576.jpg 1024w, https:\/\/cpl14.fr\/wp-content\/uploads\/2017\/06\/sceau-300x169.jpg 300w, https:\/\/cpl14.fr\/wp-content\/uploads\/2017\/06\/sceau-768x432.jpg 768w, https:\/\/cpl14.fr\/wp-content\/uploads\/2017\/06\/sceau-678x381.jpg 678w, https:\/\/cpl14.fr\/wp-content\/uploads\/2017\/06\/sceau.jpg 1642w\" sizes=\"auto, (max-width: 1024px) 100vw, 1024px\" \/><\/p>\n<h4><strong>Le Papier<\/strong><\/h4>\n<p><u>\u25a1 \u00a0 \u00a0\u00a0\u00a0\u00a0\u00a0\u00a0\u00a0\u00a0 <\/u>36&#215;22.5cm<\/p>\n<p><u>\u2606<\/u><u> \u00a0\u00a0\u00a0\u00a0\u00a0\u00a0\u00a0\u00a0 <\/u>filigrane d&rsquo;une armoirie couronn\u00e9e, dite \u00a0au cor, ou cornet, \u00a0avec en bas<\/p>\n<p>D &amp; C BLAUW<\/p>\n<p><u>\u2605<\/u><u> \u00a0\u00a0\u00a0\u00a0\u00a0\u00a0\u00a0\u00a0 <\/u>voir photo du filigrane et autres exemples de cornets.<\/p>\n<p><img loading=\"lazy\" decoding=\"async\" class=\"aligncenter size-large wp-image-843\" src=\"http:\/\/cpl14.fr\/wp-content\/uploads\/2017\/06\/filigrane-1024x610.jpg\" alt=\"\" width=\"1024\" height=\"610\" srcset=\"https:\/\/cpl14.fr\/wp-content\/uploads\/2017\/06\/filigrane-1024x610.jpg 1024w, https:\/\/cpl14.fr\/wp-content\/uploads\/2017\/06\/filigrane-300x179.jpg 300w, https:\/\/cpl14.fr\/wp-content\/uploads\/2017\/06\/filigrane-768x458.jpg 768w, https:\/\/cpl14.fr\/wp-content\/uploads\/2017\/06\/filigrane.jpg 1253w\" sizes=\"auto, (max-width: 1024px) 100vw, 1024px\" \/><\/p>\n<p><u>\u25cb \u00a0\u00a0\u00a0\u00a0\u00a0\u00a0\u00a0\u00a0\u00a0\u00a0 <\/u>le cornet se trouve dans plusieurs pays, et r\u00e9gions de France.<\/p>\n<p>BLAUW, \u00a0probable hollandais, \u00a0mais ne pas confondre avec Blaue dynastie d&rsquo;imprimeurs d&rsquo;Amsterdam!<\/p>\n<p>(Voir Gaudriault pl.51 \u00e0 54 et p.111.112)<\/p>\n<p><img loading=\"lazy\" decoding=\"async\" class=\"aligncenter size-large wp-image-844\" src=\"http:\/\/cpl14.fr\/wp-content\/uploads\/2017\/06\/catalogue-716x1024.jpg\" alt=\"\" width=\"716\" height=\"1024\" srcset=\"https:\/\/cpl14.fr\/wp-content\/uploads\/2017\/06\/catalogue-716x1024.jpg 716w, https:\/\/cpl14.fr\/wp-content\/uploads\/2017\/06\/catalogue-210x300.jpg 210w, https:\/\/cpl14.fr\/wp-content\/uploads\/2017\/06\/catalogue-768x1099.jpg 768w, https:\/\/cpl14.fr\/wp-content\/uploads\/2017\/06\/catalogue.jpg 901w\" sizes=\"auto, (max-width: 716px) 100vw, 716px\" \/><\/p>\n","protected":false},"excerpt":{"rendered":"<div class=\"mh-excerpt\"><p>La Marque Postale #\u00a0\u00a0\u00a0\u00a0\u00a0\u00a0\u00a0\u00a0\u00a0\u00a0\u00a0\u00a0\u00a0\u00a0\u00a0\u00a0\u00a0\u00a0\u00a0\u00a0\u00a0\u00a0\u00a0 \u00a0P.P.A LISIEUX rouge en haut \u00e0 gauche (Lenain n\u00b09) + \u00ab\u00a0franc\u00a0\u00bb manuscrit\u00a0et P.P.P.P. (Port Pay\u00e9 Passe Paris). 1786. \u00a5\u00a0\u00a0\u00a0\u00a0\u00a0\u00a0\u00a0\u00a0\u00a0\u00a0\u00a0\u00a0\u00a0\u00a0\u00a0\u00a0\u00a0\u00a0\u00a0\u00a0\u00a0\u00a0\u00a0 12 Avril <a class=\"mh-excerpt-more\" href=\"https:\/\/cpl14.fr\/?page_id=874\" title=\"1786.1\">[&#8230;]<\/a><\/p>\n<\/div>","protected":false},"author":1,"featured_media":836,"parent":0,"menu_order":0,"comment_status":"closed","ping_status":"closed","template":"","meta":{"footnotes":""},"class_list":["post-874","page","type-page","status-publish","has-post-thumbnail","hentry"],"_links":{"self":[{"href":"https:\/\/cpl14.fr\/index.php?rest_route=\/wp\/v2\/pages\/874","targetHints":{"allow":["GET"]}}],"collection":[{"href":"https:\/\/cpl14.fr\/index.php?rest_route=\/wp\/v2\/pages"}],"about":[{"href":"https:\/\/cpl14.fr\/index.php?rest_route=\/wp\/v2\/types\/page"}],"author":[{"embeddable":true,"href":"https:\/\/cpl14.fr\/index.php?rest_route=\/wp\/v2\/users\/1"}],"replies":[{"embeddable":true,"href":"https:\/\/cpl14.fr\/index.php?rest_route=%2Fwp%2Fv2%2Fcomments&post=874"}],"version-history":[{"count":1,"href":"https:\/\/cpl14.fr\/index.php?rest_route=\/wp\/v2\/pages\/874\/revisions"}],"predecessor-version":[{"id":875,"href":"https:\/\/cpl14.fr\/index.php?rest_route=\/wp\/v2\/pages\/874\/revisions\/875"}],"wp:featuredmedia":[{"embeddable":true,"href":"https:\/\/cpl14.fr\/index.php?rest_route=\/wp\/v2\/media\/836"}],"wp:attachment":[{"href":"https:\/\/cpl14.fr\/index.php?rest_route=%2Fwp%2Fv2%2Fmedia&parent=874"}],"curies":[{"name":"wp","href":"https:\/\/api.w.org\/{rel}","templated":true}]}}