{"id":905,"date":"2017-06-01T16:35:30","date_gmt":"2017-06-01T14:35:30","guid":{"rendered":"http:\/\/cpl14.fr\/?page_id=905"},"modified":"2017-06-01T16:35:30","modified_gmt":"2017-06-01T14:35:30","slug":"1742-1","status":"publish","type":"page","link":"https:\/\/cpl14.fr\/?page_id=905","title":{"rendered":"1742.1"},"content":{"rendered":"<h5>La marque postale<\/h5>\n<p><img loading=\"lazy\" decoding=\"async\" class=\"aligncenter size-large wp-image-157\" src=\"http:\/\/cpl14.fr\/wp-content\/uploads\/2017\/05\/20150128_155053-1-1-1024x669.jpg\" alt=\"\" width=\"1024\" height=\"669\" srcset=\"https:\/\/cpl14.fr\/wp-content\/uploads\/2017\/05\/20150128_155053-1-1-1024x669.jpg 1024w, https:\/\/cpl14.fr\/wp-content\/uploads\/2017\/05\/20150128_155053-1-1-300x196.jpg 300w, https:\/\/cpl14.fr\/wp-content\/uploads\/2017\/05\/20150128_155053-1-1-768x502.jpg 768w\" sizes=\"auto, (max-width: 1024px) 100vw, 1024px\" \/><\/p>\n<p># \u00a0 de lisieux, manuscrite (Lenain n\u00b01- 1725.1748)<\/p>\n<p>\u00a5 \u00a0 10 avril 1742<\/p>\n<p>! \u00a0 \u00a0 Taxe 4 pour Paris<\/p>\n<p>T \u00a0 \u00a0Tarif de 1704. Lettre simple de 20 \u00e0 40 lieues<\/p>\n<h5>La Lettre<\/h5>\n<p>\u2661 \u00a0 Duc de Valentinois (Jacques de GOYON-MATIGNON).<\/p>\n<p>[ ] \u00a0 Lisieux (son adresse est aussi celle du destinataire).<\/p>\n<p>\u2665 \u00a0M.CHABROL intendant des affaires \u00e0 l&rsquo;h\u00f4tel de Matignon, rue de Varenne faubourg St Germain \u00e0 Paris.<\/p>\n<p>= \u00a0 Achat de la liti\u00e8re de M. le Cardinal (de Polignac).<\/p>\n<p>&gt; \u00a0 le Cardinal de Polignac<\/p>\n<p>&lt; \u00a0 Caen<\/p>\n<p>\u00a4 \u00a0 Sceau de fermeture cire rouge ovale: une gr\u00e2ce<\/p>\n<p>\u2605 \u00a0photos: texte et sceau.<\/p>\n<p><img loading=\"lazy\" decoding=\"async\" class=\"aligncenter size-large wp-image-165\" src=\"http:\/\/cpl14.fr\/wp-content\/uploads\/2017\/05\/20150128_155244-1-673x1024.jpg\" alt=\"\" width=\"673\" height=\"1024\" srcset=\"https:\/\/cpl14.fr\/wp-content\/uploads\/2017\/05\/20150128_155244-1-673x1024.jpg 673w, https:\/\/cpl14.fr\/wp-content\/uploads\/2017\/05\/20150128_155244-1-197x300.jpg 197w, https:\/\/cpl14.fr\/wp-content\/uploads\/2017\/05\/20150128_155244-1-768x1168.jpg 768w, https:\/\/cpl14.fr\/wp-content\/uploads\/2017\/05\/20150128_155244-1.jpg 1813w\" sizes=\"auto, (max-width: 673px) 100vw, 673px\" \/><\/p>\n<p><img loading=\"lazy\" decoding=\"async\" class=\"aligncenter size-full wp-image-159\" src=\"http:\/\/cpl14.fr\/wp-content\/uploads\/2017\/05\/20150128_155134-1-1.jpg\" alt=\"\" width=\"477\" height=\"529\" srcset=\"https:\/\/cpl14.fr\/wp-content\/uploads\/2017\/05\/20150128_155134-1-1.jpg 477w, https:\/\/cpl14.fr\/wp-content\/uploads\/2017\/05\/20150128_155134-1-1-271x300.jpg 271w\" sizes=\"auto, (max-width: 477px) 100vw, 477px\" \/><\/p>\n<p>\u25cb \u00a0 Le Duc de Valentinois est Jacques de GOYON-MATIGNON (1689-1751). Il \u00e9pousa en 1715 Louise-Hippolyte, fille du Prince de Monaco, couronn\u00e9e Princesse de Monaco en f\u00e9vrier 1731, mais qui mourut en d\u00e9cembre 1731. Son \u00e9poux fut reconnu Prince souverain de Monaco sous le nom de Jacques 1er. Il abdiqua en 1733 et acheva son existence dans son H\u00f4tel de Paris connu sous le nom d&rsquo;H\u00f4tel Matignon.<\/p>\n<p>Il \u00e9tait aussi le petit neveu de L\u00e9onor 1er Comte \u00c9v\u00eaque de Lisieux et neveu de L\u00e9onor II, lui aussi Comte \u00c9v\u00eaque de Lisieux.<\/p>\n<p>\u2605 \u00a0voir 2 photos avec g\u00e9n\u00e9alogie succinte.<\/p>\n<p><img loading=\"lazy\" decoding=\"async\" class=\"aligncenter size-large wp-image-162\" src=\"http:\/\/cpl14.fr\/wp-content\/uploads\/2017\/05\/20150128_155549-1-637x1024.jpg\" alt=\"\" width=\"637\" height=\"1024\" srcset=\"https:\/\/cpl14.fr\/wp-content\/uploads\/2017\/05\/20150128_155549-1-637x1024.jpg 637w, https:\/\/cpl14.fr\/wp-content\/uploads\/2017\/05\/20150128_155549-1-187x300.jpg 187w, https:\/\/cpl14.fr\/wp-content\/uploads\/2017\/05\/20150128_155549-1-768x1234.jpg 768w, https:\/\/cpl14.fr\/wp-content\/uploads\/2017\/05\/20150128_155549-1.jpg 1764w\" sizes=\"auto, (max-width: 637px) 100vw, 637px\" \/><\/p>\n<p><img loading=\"lazy\" decoding=\"async\" class=\"aligncenter size-large wp-image-161\" src=\"http:\/\/cpl14.fr\/wp-content\/uploads\/2017\/05\/20150130_102840-1-823x1024.jpg\" alt=\"\" width=\"823\" height=\"1024\" srcset=\"https:\/\/cpl14.fr\/wp-content\/uploads\/2017\/05\/20150130_102840-1-823x1024.jpg 823w, https:\/\/cpl14.fr\/wp-content\/uploads\/2017\/05\/20150130_102840-1-241x300.jpg 241w, https:\/\/cpl14.fr\/wp-content\/uploads\/2017\/05\/20150130_102840-1-768x955.jpg 768w, https:\/\/cpl14.fr\/wp-content\/uploads\/2017\/05\/20150130_102840-1.jpg 2005w\" sizes=\"auto, (max-width: 823px) 100vw, 823px\" \/><\/p>\n<p>@ \u00a0 Liti\u00e8re: lit couvert et de voyage, avec brancard, port\u00e9 par des hommes, ou de b\u00eates de somme.<\/p>\n<p>\u2605 \u00a0Voir aussi image liti\u00e8re<\/p>\n<p><img loading=\"lazy\" decoding=\"async\" class=\"aligncenter size-large wp-image-163\" src=\"http:\/\/cpl14.fr\/wp-content\/uploads\/2017\/05\/20150130_102900-1-1024x788.jpg\" alt=\"\" width=\"1024\" height=\"788\" srcset=\"https:\/\/cpl14.fr\/wp-content\/uploads\/2017\/05\/20150130_102900-1-1024x788.jpg 1024w, https:\/\/cpl14.fr\/wp-content\/uploads\/2017\/05\/20150130_102900-1-300x231.jpg 300w, https:\/\/cpl14.fr\/wp-content\/uploads\/2017\/05\/20150130_102900-1-768x591.jpg 768w\" sizes=\"auto, (max-width: 1024px) 100vw, 1024px\" \/><\/p>\n<h5>Le Papier<\/h5>\n<p>\u25a1 \u00a0 22,5 \u00d7 17 cm (1\/4 feuille)<\/p>\n<p>\u2606 \u00a0filigrane d&rsquo;un griffon dress\u00e9, et couronn\u00e9. Moiti\u00e9 haute visible, au centre d&rsquo;une feuille coup\u00e9e en 4.<\/p>\n<p>\u2605 \u00a0voir photos pour le filigrane<\/p>\n<p><img loading=\"lazy\" decoding=\"async\" class=\"aligncenter size-large wp-image-160\" src=\"http:\/\/cpl14.fr\/wp-content\/uploads\/2017\/05\/20150129_062000-1-685x1024.jpg\" alt=\"\" width=\"685\" height=\"1024\" srcset=\"https:\/\/cpl14.fr\/wp-content\/uploads\/2017\/05\/20150129_062000-1-685x1024.jpg 685w, https:\/\/cpl14.fr\/wp-content\/uploads\/2017\/05\/20150129_062000-1-201x300.jpg 201w, https:\/\/cpl14.fr\/wp-content\/uploads\/2017\/05\/20150129_062000-1-768x1148.jpg 768w, https:\/\/cpl14.fr\/wp-content\/uploads\/2017\/05\/20150129_062000-1.jpg 1829w\" sizes=\"auto, (max-width: 685px) 100vw, 685px\" \/><\/p>\n<p>\u25cb \u00a0Griffon: selon Gaudriault<\/p>\n<p>Des quatres animaux fabuleux, la chim\u00e8re, le dragon, le basilic et le griffon, seul ce dernier qui tient de l&rsquo;aigle par la t\u00eate et les ailes et du lion par les pattes et la queue, para\u00eet avoir pris place dans les marques des papetiers fran\u00e7ais aux XVIIe et XVIIIe si\u00e8cles.<\/p>\n<p>Le Griffon est inscrit au projet de tarif pour la G\u00e9n\u00e9ralit\u00e9 de Rouen en 1731 (sous le nom de \u00ab\u00a0Champi au Griffon\u00a0\u00bb), puis au tarif g\u00e9n\u00e9ral de 1739 o\u00f9 il appara\u00eet sur la m\u00eame ligne que la Couronne avec un format de 462\u00d7351mm.<\/p>\n<p>Notre feuillet ici est donc une feuille coup\u00e9e en 4. Le griffon d&rsquo;un c\u00f4t\u00e9 et le nom du papetier probablement de l&rsquo;autre (parfois avec date ou nom de G\u00e9n\u00e9ralit\u00e9)<\/p>\n<p>ref. Gaudriault p.135 et pl. 78-79<\/p>\n","protected":false},"excerpt":{"rendered":"<div class=\"mh-excerpt\"><p>La marque postale # \u00a0 de lisieux, manuscrite (Lenain n\u00b01- 1725.1748) \u00a5 \u00a0 10 avril 1742 ! \u00a0 \u00a0 Taxe 4 pour Paris T \u00a0 <a class=\"mh-excerpt-more\" href=\"https:\/\/cpl14.fr\/?page_id=905\" title=\"1742.1\">[&#8230;]<\/a><\/p>\n<\/div>","protected":false},"author":1,"featured_media":176,"parent":0,"menu_order":0,"comment_status":"closed","ping_status":"closed","template":"","meta":{"footnotes":""},"class_list":["post-905","page","type-page","status-publish","has-post-thumbnail","hentry"],"_links":{"self":[{"href":"https:\/\/cpl14.fr\/index.php?rest_route=\/wp\/v2\/pages\/905","targetHints":{"allow":["GET"]}}],"collection":[{"href":"https:\/\/cpl14.fr\/index.php?rest_route=\/wp\/v2\/pages"}],"about":[{"href":"https:\/\/cpl14.fr\/index.php?rest_route=\/wp\/v2\/types\/page"}],"author":[{"embeddable":true,"href":"https:\/\/cpl14.fr\/index.php?rest_route=\/wp\/v2\/users\/1"}],"replies":[{"embeddable":true,"href":"https:\/\/cpl14.fr\/index.php?rest_route=%2Fwp%2Fv2%2Fcomments&post=905"}],"version-history":[{"count":1,"href":"https:\/\/cpl14.fr\/index.php?rest_route=\/wp\/v2\/pages\/905\/revisions"}],"predecessor-version":[{"id":906,"href":"https:\/\/cpl14.fr\/index.php?rest_route=\/wp\/v2\/pages\/905\/revisions\/906"}],"wp:featuredmedia":[{"embeddable":true,"href":"https:\/\/cpl14.fr\/index.php?rest_route=\/wp\/v2\/media\/176"}],"wp:attachment":[{"href":"https:\/\/cpl14.fr\/index.php?rest_route=%2Fwp%2Fv2%2Fmedia&parent=905"}],"curies":[{"name":"wp","href":"https:\/\/api.w.org\/{rel}","templated":true}]}}