{"id":950,"date":"2017-06-08T07:13:24","date_gmt":"2017-06-08T05:13:24","guid":{"rendered":"http:\/\/cpl14.fr\/?page_id=950"},"modified":"2017-06-08T07:13:24","modified_gmt":"2017-06-08T05:13:24","slug":"1792-1","status":"publish","type":"page","link":"https:\/\/cpl14.fr\/?page_id=950","title":{"rendered":"1792.1"},"content":{"rendered":"<h5><strong>La Marque Postale<\/strong><\/h5>\n<p><img loading=\"lazy\" decoding=\"async\" class=\"aligncenter size-full wp-image-1220\" src=\"http:\/\/cpl14.fr\/wp-content\/uploads\/2017\/06\/lettre-4.jpg\" alt=\"\" width=\"814\" height=\"792\" srcset=\"https:\/\/cpl14.fr\/wp-content\/uploads\/2017\/06\/lettre-4.jpg 814w, https:\/\/cpl14.fr\/wp-content\/uploads\/2017\/06\/lettre-4-300x292.jpg 300w, https:\/\/cpl14.fr\/wp-content\/uploads\/2017\/06\/lettre-4-768x747.jpg 768w\" sizes=\"auto, (max-width: 814px) 100vw, 814px\" \/><\/p>\n<p><u>#\u00a0\u00a0\u00a0\u00a0\u00a0\u00a0\u00a0\u00a0\u00a0\u00a0\u00a0\u00a0\u00a0\u00a0\u00a0\u00a0\u00a0\u00a0\u00a0\u00a0\u00a0\u00a0\u00a0 <\/u>P.13.P. \/ LISIEUX \u00a025x8mm , lilas ( n\u00b026 . 1792-1793)\u00a0\u00a0+ franc , manuscrit en haut \u00e0 gauche (n\u00b032)<\/p>\n<p><u>\u00a5\u00a0\u00a0\u00a0\u00a0\u00a0\u00a0\u00a0\u00a0\u00a0\u00a0\u00a0\u00a0\u00a0\u00a0\u00a0\u00a0\u00a0\u00a0\u00a0\u00a0\u00a0\u00a0\u00a0 <\/u>Bien que\u00a0compl\u00e8te, la lettre n&rsquo;est pas dat\u00e9e.<\/p>\n<p><u>!\u00a0\u00a0\u00a0\u00a0\u00a0\u00a0\u00a0\u00a0\u00a0\u00a0\u00a0\u00a0 <\/u>Taxe 6 , au verso, pour Le Lude pr\u00e8s La Fl\u00e8che.<\/p>\n<p><u>T \u00a0 \u00a0\u00a0\u00a0\u00a0\u00a0\u00a0\u00a0\u00a0 <\/u>le tarif de 6 \u00a0n&rsquo;est pas celui de 1792! Vu la distance il s&rsquo;agit du tarif pr\u00e9c\u00e9dent (1759) soit 6 sous pour 40 \u00e0 60 lieues. Ceci laisserait supposer que la lettre serait de fin 1791= ainsi une premi\u00e8re date d&rsquo;utilisation?\u00a0Cette marque n&rsquo;\u00e9tant connue\u00a0jusqu&rsquo;\u00e0 pr\u00e9sent qu&rsquo;en 1792.93.<\/p>\n<p><u>&amp; \u00a0 \u00a0\u00a0\u00a0\u00a0\u00a0\u00a0\u00a0 <\/u>la taxe au verso est normale puisque port pay\u00e9.<\/p>\n<p><u>~ \u00a0 \u00a0\u00a0\u00a0\u00a0\u00a0\u00a0\u00a0\u00a0 <\/u>au verso notre paraphe MC<\/p>\n<p><img loading=\"lazy\" decoding=\"async\" class=\"aligncenter size-full wp-image-1221\" src=\"http:\/\/cpl14.fr\/wp-content\/uploads\/2017\/06\/dos-lettre.jpg\" alt=\"\" width=\"700\" height=\"706\" srcset=\"https:\/\/cpl14.fr\/wp-content\/uploads\/2017\/06\/dos-lettre.jpg 700w, https:\/\/cpl14.fr\/wp-content\/uploads\/2017\/06\/dos-lettre-150x150.jpg 150w, https:\/\/cpl14.fr\/wp-content\/uploads\/2017\/06\/dos-lettre-297x300.jpg 297w\" sizes=\"auto, (max-width: 700px) 100vw, 700px\" \/><\/p>\n<p><u>\u25cb\u00a0\u00a0\u00a0\u00a0\u00a0\u00a0\u00a0\u00a0\u00a0\u00a0\u00a0 <\/u>Pour la date, il sera bon de v\u00e9rifier par d&rsquo;autres pi\u00e8ces. (En attendant nous conservons comme r\u00e9f\u00e9rence de la pi\u00e8ce la premi\u00e8re date certaine qui \u00e9tait 1792). C&rsquo;est ici l&rsquo;occasion de confirmer l&rsquo;importance des tarifs dans la description des lettres.<\/p>\n<p>&nbsp;<\/p>\n<p><strong>La Lettre<\/strong><br \/>\n<img loading=\"lazy\" decoding=\"async\" class=\"aligncenter size-large wp-image-1223\" src=\"http:\/\/cpl14.fr\/wp-content\/uploads\/2017\/06\/texte-2-4-782x1024.jpg\" alt=\"\" width=\"782\" height=\"1024\" srcset=\"https:\/\/cpl14.fr\/wp-content\/uploads\/2017\/06\/texte-2-4-782x1024.jpg 782w, https:\/\/cpl14.fr\/wp-content\/uploads\/2017\/06\/texte-2-4-229x300.jpg 229w, https:\/\/cpl14.fr\/wp-content\/uploads\/2017\/06\/texte-2-4-768x1006.jpg 768w, https:\/\/cpl14.fr\/wp-content\/uploads\/2017\/06\/texte-2-4.jpg 900w\" sizes=\"auto, (max-width: 782px) 100vw, 782px\" \/><\/p>\n<p><img loading=\"lazy\" decoding=\"async\" class=\"aligncenter size-full wp-image-1222\" src=\"http:\/\/cpl14.fr\/wp-content\/uploads\/2017\/06\/texte-1-4.jpg\" alt=\"\" width=\"900\" height=\"737\" srcset=\"https:\/\/cpl14.fr\/wp-content\/uploads\/2017\/06\/texte-1-4.jpg 900w, https:\/\/cpl14.fr\/wp-content\/uploads\/2017\/06\/texte-1-4-300x246.jpg 300w, https:\/\/cpl14.fr\/wp-content\/uploads\/2017\/06\/texte-1-4-768x629.jpg 768w\" sizes=\"auto, (max-width: 900px) 100vw, 900px\" \/><\/p>\n<p><u>\u2661<\/u><u> \u00a0\u00a0\u00a0\u00a0\u00a0\u00a0\u00a0\u00a0\u00a0\u00a0 <\/u>Lettre sign\u00e9e de L.Lachey<\/p>\n<p><u>[ ] \u00a0 \u00a0\u00a0\u00a0\u00a0\u00a0\u00a0\u00a0 <\/u>Fauguernon \u00ab\u00a0officier municipalle paroisse de fauguernon (district= ray\u00e9) canton de Lisieux\u00a0\u00bb (photo texte).<\/p>\n<p><u>\u2665 \u00a0 \u00a0\u00a0\u00a0\u00a0\u00a0\u00a0\u00a0\u00a0 <\/u>Messieurs officiers municipaux du lude pres la fleche aux lude.<\/p>\n<p><u>= \u00a0 \u00a0\u00a0\u00a0\u00a0\u00a0\u00a0\u00a0\u00a0 <\/u>Il recherche 2 chevaux perdus (sous-entendu possible vol\u00e9s!) Bonne description pr\u00e9cise des animaux.<\/p>\n<p><u>&gt; \u00a0\u00a0\u00a0\u00a0\u00a0\u00a0\u00a0\u00a0\u00a0\u00a0 <\/u>\u00a0Lachey<\/p>\n<p><u>&lt; \u00a0 \u00a0 \u00a0\u00a0\u00a0\u00a0\u00a0\u00a0 <\/u>Fauguernon, Lisieux, Le Lude, La Fl\u00e8che<\/p>\n<p><u>\u00a4 \u00a0 \u00a0 \u00a0\u00a0\u00a0\u00a0\u00a0\u00a0 <\/u>Joli sceau de cire rouge, couronne et initiales M C\u00a0Pourrait \u00eatre sceau du ch\u00e2telain ou du Maire?<\/p>\n<p><u>\u2605<\/u><u> \u00a0 \u00a0\u00a0\u00a0\u00a0\u00a0\u00a0 <\/u>Photo du sceau<\/p>\n<p><img loading=\"lazy\" decoding=\"async\" class=\"aligncenter size-large wp-image-1225\" src=\"http:\/\/cpl14.fr\/wp-content\/uploads\/2017\/06\/sceau-2.jpg\" alt=\"\" width=\"595\" height=\"510\" srcset=\"https:\/\/cpl14.fr\/wp-content\/uploads\/2017\/06\/sceau-2.jpg 595w, https:\/\/cpl14.fr\/wp-content\/uploads\/2017\/06\/sceau-2-300x257.jpg 300w\" sizes=\"auto, (max-width: 595px) 100vw, 595px\" \/><\/p>\n<p>&nbsp;<\/p>\n<p><strong>Le Papier<\/strong><\/p>\n<p><u>\u25a1 \u00a0 \u00a0\u00a0\u00a0\u00a0\u00a0\u00a0\u00a0\u00a0 <\/u>feuille 34&#215;21,5cm , papier verg\u00e9, l\u00e9g\u00e8rement vert.<\/p>\n<p><u>\u2606<\/u><u> \u00a0\u00a0\u00a0\u00a0\u00a0\u00a0\u00a0\u00a0 <\/u>une trace de petit filigrane au centre. Juste sur le trou d&rsquo;ouverture, n&rsquo;est pas lisible.<\/p>\n","protected":false},"excerpt":{"rendered":"<div class=\"mh-excerpt\"><p>La Marque Postale #\u00a0\u00a0\u00a0\u00a0\u00a0\u00a0\u00a0\u00a0\u00a0\u00a0\u00a0\u00a0\u00a0\u00a0\u00a0\u00a0\u00a0\u00a0\u00a0\u00a0\u00a0\u00a0\u00a0 P.13.P. \/ LISIEUX \u00a025x8mm , lilas ( n\u00b026 . 1792-1793)\u00a0\u00a0+ franc , manuscrit en haut \u00e0 gauche (n\u00b032) \u00a5\u00a0\u00a0\u00a0\u00a0\u00a0\u00a0\u00a0\u00a0\u00a0\u00a0\u00a0\u00a0\u00a0\u00a0\u00a0\u00a0\u00a0\u00a0\u00a0\u00a0\u00a0\u00a0\u00a0 Bien que\u00a0compl\u00e8te, <a class=\"mh-excerpt-more\" href=\"https:\/\/cpl14.fr\/?page_id=950\" title=\"1792.1\">[&#8230;]<\/a><\/p>\n<\/div>","protected":false},"author":1,"featured_media":1219,"parent":0,"menu_order":0,"comment_status":"closed","ping_status":"closed","template":"","meta":{"footnotes":""},"class_list":["post-950","page","type-page","status-publish","has-post-thumbnail","hentry"],"_links":{"self":[{"href":"https:\/\/cpl14.fr\/index.php?rest_route=\/wp\/v2\/pages\/950","targetHints":{"allow":["GET"]}}],"collection":[{"href":"https:\/\/cpl14.fr\/index.php?rest_route=\/wp\/v2\/pages"}],"about":[{"href":"https:\/\/cpl14.fr\/index.php?rest_route=\/wp\/v2\/types\/page"}],"author":[{"embeddable":true,"href":"https:\/\/cpl14.fr\/index.php?rest_route=\/wp\/v2\/users\/1"}],"replies":[{"embeddable":true,"href":"https:\/\/cpl14.fr\/index.php?rest_route=%2Fwp%2Fv2%2Fcomments&post=950"}],"version-history":[{"count":2,"href":"https:\/\/cpl14.fr\/index.php?rest_route=\/wp\/v2\/pages\/950\/revisions"}],"predecessor-version":[{"id":1226,"href":"https:\/\/cpl14.fr\/index.php?rest_route=\/wp\/v2\/pages\/950\/revisions\/1226"}],"wp:featuredmedia":[{"embeddable":true,"href":"https:\/\/cpl14.fr\/index.php?rest_route=\/wp\/v2\/media\/1219"}],"wp:attachment":[{"href":"https:\/\/cpl14.fr\/index.php?rest_route=%2Fwp%2Fv2%2Fmedia&parent=950"}],"curies":[{"name":"wp","href":"https:\/\/api.w.org\/{rel}","templated":true}]}}